{"text_format":"1","workbook":"xlsx","n_sheets":14,"sheets":["Main","Template","InTrn","InFund","InIntRec","InHolding","Descriptions","1) List of Reclassed Securities","2) ITM Reclassed Securities","3) OTM Reclassed Securities","4) Reclassed Sec Not Disposed","5) Cash Account Interest","BNYM_NAV_HistCost_RCdate","BNYM_NAV_HistCost_MonthEnd"],"not_rendered":{"charts":0,"images":8,"macros":1,"external_links":0,"defined_names":75,"comments":0,"pivot_tables":5},"unopened":[],"bounds":{"document_bytes":16777216,"sheet_cells":100000,"rows_first":2000,"rows_last":500,"rows_between":2000,"halvings":0,"cell_chars":16384,"cell_head_chars":4096},"cells_cut":0,"cells_raw":0,"read":"whole","date_system":"1900"}

{"sheet":"Main","index":0,"n_rows":16,"n_cols":9,"rows_kept":16,"cut":false,"hidden":false,"merged":[[1,0,1,2]]}
[]
["EFM NCI Reporting"]
[]
[null,null,null,null,null,"* Please sheet(s) to print",null,"* For pivot table listing control"]
[null,null,null,null,null,"Sheet","YES/NO","Start Row","Last Col"]
[null,"Company :","NOMURA ASSET MANAGEMENT MALAYSIA SDN BHD",{"$f":"VLOOKUP(FundCode,InFund!A2:G75,7,0)","v":"NI"},null,"Descriptions","YES"]
[null,"Fund :","EPF-SHWORLD",{"$f":"VLOOKUP(FundCode,InFund!A2:G76,6,0)","v":"2020-12-31"},null,"1) List of Reclassed Securities","YES",42,12]
[null,"Fund Name :",{"$f":"VLOOKUP(FundCode,InFund!A2:G75,2,0)","v":"EPF SHARIAH WORLD NOMURA ISLAMIC"},null,null,"2) ITM Reclassed Securities","YES",10,40]
[null,"End Date:","2022-05-20",null,null,"3) OTM Reclassed Securities","YES",289,35]
[null,"Email Address :",null,null,null,"4) Reclassed Sec Not Disposed","YES",42,14]
[null,null,null,null,null,"5) Cash Account Interest","YES",75,11]
[]
[null,null,null,"http://192.168.82.6:8099/RiskkSvc"]
[null,null,null,{"$f":"VLOOKUP(FundCode,InFund!A2:H75,8,0)","v":1}]
[]
[null,null,null,{"$f":"VLOOKUP(FundCode,InFund!A:I,9)","v":"USD"}]

{"sheet":"Template","index":1,"n_rows":93,"n_cols":10,"rows_kept":93,"cut":false,"hidden":false,"merged":[[85,0,85,7]]}
["1) List of Reclassed Securities"]
["Note :"]
[]
["All transactions are in USD unless stated otherwise."]
[]
["1. Total no. of shares are as at ending of the Reclass Date."]
[]
["2. Reclass Date = Effective date of reclassification (MMYYYY) based on the periodic review by the shariah index used as performance benchmark as stated in the mandate (i.e. FTSE and MSCI)."]
[]
["3. Reclass Price = Closing market price on Reclass Date."]
[]
["4. Investment Cost = Original investment cost excluding impairment."]
[]
["2) ITM Reclassed Securities"]
["Important: "]
["When the reclassed securities are \"in-the-money\" on the Reclass Date, all holdings need to be disposed immediately. "]
["Disposal in stages is allowed only if there is no liquidity in the market or any other reasons that could prevent the Portfolio Manager from trading on the Reclass Date and any entitlement of shares resulting from corporate action must be disposed immediately."]
[]
["Note :"]
[]
["All transactions are in USD unless stated otherwise."]
[]
["1. Except for corporate action involving dividend, exchange rate is based on the rate on the transaction date. For dividend, exchange rate is based on the payment date."]
[]
["2. Average Investment Cost Per Share should reflect the latest (adjusted, if any) average investment cost excluding impairment."]
[]
["3. Any capital gain up to Reclass Price is deemed shariah-compliant."]
[]
["4. Dividend income (net of withholding tax) are deemed shariah-compliant if the ex-date is before/on the Reclass Date"]
[]
["5. Any excess capital gain above Reclass Price is considered as NCI."]
[]
["6. Dividend income (net of withholding tax) is deemed as NCI when the Ex-Date is after the Reclass Date"]
[]
["3) OTM Reclassed Securities"]
["Note :"]
["All transactions are in USD unless stated otherwise."]
[]
["1. Except for corporate action involving dividend, exchange rate is based on the rate on the transaction date. For dividend, exchange rate is based on the payment date."]
[]
["2. Current Average Investment Cost Per Share should reflect the latest (adjusted, if any) average investment cost excluding impairment."]
[]
["3. Dividend income (net of withholding tax) are deemed shariah-compliant until the total investment cost is fully recovered."]
[]
["4. Any capital gain is considered as NCI."]
[]
["5. Dividend income (net of withholding tax) are deemed as NCI if it is received when the total investment cost has been fully recovered."]
[]
["4) Reclassed Sec Not Disposed"]
["Note :"]
["All transactions are in USD unless stated otherwise."]
[]
["1. Current Average Investment Cost Per Share should reflect the latest (adjusted, if any) average investment cost excluding impairment."]
[]
["5) Cash Account Interest"]
[null,"Cash Sweep Service Fees (If applicable)",null,null,null,null,null,null,"Cash Sweep Fees2"]
[null,null,null,null,null,null,null,null,"USD","RM"]
[1,212401,"EPF-SHWORLD-USD (Jan 2018)","2018-04-30",null,3.9205000000000001,null,null,350,1372.175]
[2,212401,"EPF-SHWORLD-USD (Feb 2018)","2018-04-30",null,3.9205000000000001,null,null,500,1960.25]
[3,212401,"EPF-SHWORLD-USD (Mar 2018)","2018-04-30",null,3.9205000000000001,null,null,500,1960.25]
[4,212401,"EPF-SHWORLD-USD (Apr 2018)","2018-05-29",null,3.9834999999999998,null,null,500,1991.75]
[5,212401,"EPF-SHWORLD-USD (May 2018)","2018-06-28",null,4.0445000000000002,null,null,500,2022.25]
[6,212401,"EPF-SHWORLD-USD (Jun 2018)","2018-07-30",null,4.0644999999999998,null,null,500,2032.25]
[7,212401,"EPF-SHWORLD-USD (Jul 2018)","2018-08-28",null,4.0955000000000004,null,null,500,2047.7500000000002]
[8,212401,"EPF-SHWORLD-USD (Aug 2018)","2018-09-28",null,4.1364999999999998,null,null,500,2068.25]
[9,212401,"EPF-SHWORLD-USD (Sep 2018)","2018-10-29",null,4.18,null,null,500,2090]
[10,212401,"EPF-SHWORLD-USD (Oct 2018)","2018-11-28",null,4.1974999999999998,null,null,500,2098.75]
[11,212401,"EPF-SHWORLD-USD (Nov 2018)","2018-12-28",null,4.1574999999999998,null,null,500,2078.75]
[12,212401,"EPF-SHWORLD-USD (Dec 2018)","2019-01-28",null,4.1105,null,null,166.67,685.09703500000001]
[13,212401,"EPF-SHWORLD-USD (Jan 2019)","2019-03-28",null,4.0789999999999997,null,null,833.33,3399.1530699999998]
[14,212401,"EPF-SHWORLD-USD (Feb 2019)","2019-03-28",null,4.0789999999999997,null,null,500,2039.4999999999998]
[15,212401,"EPF-SHWORLD-USD (Mar 2019)","2019-04-29",null,4.133,null,null,500,2066.5]
[16,212401,"EPF-SHWORLD-USD (Apr 2019)","2019-05-28",null,4.1870000000000003,null,null,500,2093.5]
[17,212401,"EPF-SHWORLD-USD (May 2019)","2019-06-28",null,4.1334999999999997,null,null,500,2066.75]
[18,212401,"EPF-SHWORLD-USD (Jun 2019)","2019-07-29",null,4.1260000000000003,null,null,500,2063]
[19,212401,"EPF-SHWORLD-USD (Jul 2019)","2019-08-28",null,4.2130000000000001,null,null,500,2106.5]
[20,212401,"EPF-SHWORLD-USD (Aug 2019)","2019-09-30",null,4.1900000000000004,null,null,500,2095]
[21,212401,"EPF-SHWORLD-USD (Sep 2019)","2019-10-28",null,4.1859999999999999,null,null,500,2093]
[22,212401,"EPF-SHWORLD-USD (Oct 2019)","2019-11-29",null,4.1760000000000002,null,null,500,2088]
[23,212401,"EPF-SHWORLD-USD (Nov 2019)","2019-12-30",null,4.1100000000000003,null,null,500,2055]
[24,212401,"EPF-SHWORLD-USD (Dec 2019)","2020-01-28",null,4.0839999999999996,null,null,500,2041.9999999999998]
[25,212401,"EPF-SHWORLD-USD (Jan 2020)","2020-02-28",null,4.2169999999999996,null,null,500,2108.5]
[26,212401,"EPF-SHWORLD-USD (Feb 2020)","2020-03-30",null,4.335,null,null,500,2167.5]
[27,212401,"EPF-SHWORLD-USD (Mar 2020)","2020-04-28",null,4.367,null,null,500,2183.5]
[28,212401,"EPF-SHWORLD-USD (Apr 2020)","2020-05-28",null,4.3570000000000002,null,null,500,2178.5]
["Total NCI ",null,null,null,null,null,null,null,239396.39195133955,988502.08374309249]
[]
[]
["Note :"]
[]
["1. Exchange rate is based on the rate on the payment date. "]
["2. Cash sweep service fees will be deducted from total interest income on cash account."]
["3. Local currency type as per the interest income received to be filled by EFM. (e.g GBP, CAD, AUD )"]

{"sheet":"InTrn","index":2,"n_rows":12,"n_cols":27,"rows_kept":12,"cut":false,"hidden":true,"merged":[]}
["CustNo","qStockCode","StockName","TranType","ExRate","BeginUFV","BeginCostPrice","BeginCostFC","TradeDate","UnitFaceValue","TranPrice","FCNetProceed","FCGrossProceed","PayDate","MVPrice","ReclassDt","ReclassPrice","ReClassMV","qTrnCode","TranDesc","MarketValueFC","OutMoney","SeqName","row_num","ImportCost","ImportCostPrice","FilterInOut"]
[212401,"BYP20B9","BAYCURRENT CONSULTING INC","SELL",4.1985000000000001,7200,425.58068611111111,3055905.74,"2022-02-28",400,396.3533783783767,158382.81,158541.35140000001,"2022-02-28",394.96452638888888,"2021-12-20",388.02416388888889,2793773.98,"SS","Share Sale",2843744.59,1,"202112_BYP20B9",1,{"$f":"IF(X2<>1,0,ROUND(SUMIFS(BNYM_NAV_HistCost_RCdate!$AA:$AA,BNYM_NAV_HistCost_RCdate!C:C,P2,BNYM_NAV_HistCost_RCdate!I:I,B2),2))","v":3063971.51},{"$f":"SUMIFS(BNYM_NAV_HistCost_RCdate!$AA:$AA,BNYM_NAV_HistCost_RCdate!C:C,P2,BNYM_NAV_HistCost_RCdate!I:I,B2)/SUMIFS(BNYM_NAV_HistCost_RCdate!$W:$W,BNYM_NAV_HistCost_RCdate!C:C,P2,BNYM_NAV_HistCost_RCdate!I:I,B2)","v":425.5515986111111},{"$f":"IF(ISERROR(IF(Z2>Q2,1,0)),V1,IF(Z2>Q2,1,0))","v":1}]
[212401,"BYP20B9","BAYCURRENT CONSULTING INC","SELL",4.1929999999999996,6800,425.58068676470589,2885673.47,"2022-03-01",800,424.79639639639822,339497.28,339837.11709999997,"2022-03-01",393.74864264705883,"2021-12-20",388.02416388888889,2793773.98,"SS","Share Sale",2677490.77,1,"202112_BYP20B9",2,{"$f":"IF(X3<>1,0,ROUND(SUMIFS(BNYM_NAV_HistCost_RCdate!$AA:$AA,BNYM_NAV_HistCost_RCdate!C:C,P3,BNYM_NAV_HistCost_RCdate!I:I,B3),2))","v":0},{"$f":"SUMIFS(BNYM_NAV_HistCost_RCdate!$AA:$AA,BNYM_NAV_HistCost_RCdate!C:C,P3,BNYM_NAV_HistCost_RCdate!I:I,B3)/SUMIFS(BNYM_NAV_HistCost_RCdate!$W:$W,BNYM_NAV_HistCost_RCdate!C:C,P3,BNYM_NAV_HistCost_RCdate!I:I,B3)","v":425.5515986111111},{"$f":"IF(ISERROR(IF(Z3>Q3,1,0)),V2,IF(Z3>Q3,1,0))","v":1}]
[212401,"BYP20B9","BAYCURRENT CONSULTING INC","SELL",4.194,6000,425.58918499999999,2545259.91,"2022-03-02",1500,410.45163830497125,615061.78,615677.45750000002,"2022-03-02",424.6330733333333,"2021-12-20",388.02416388888889,2793773.98,"SS","Share Sale",2547798.44,1,"202112_BYP20B9",3,{"$f":"IF(X4<>1,0,ROUND(SUMIFS(BNYM_NAV_HistCost_RCdate!$AA:$AA,BNYM_NAV_HistCost_RCdate!C:C,P4,BNYM_NAV_HistCost_RCdate!I:I,B4),2))","v":0},{"$f":"SUMIFS(BNYM_NAV_HistCost_RCdate!$AA:$AA,BNYM_NAV_HistCost_RCdate!C:C,P4,BNYM_NAV_HistCost_RCdate!I:I,B4)/SUMIFS(BNYM_NAV_HistCost_RCdate!$W:$W,BNYM_NAV_HistCost_RCdate!C:C,P4,BNYM_NAV_HistCost_RCdate!I:I,B4)","v":425.5515986111111},1]
[212401,"BYP20B9","BAYCURRENT CONSULTING INC","SELL",4.1775000000000002,4500,425.58918444444447,1906876.13,"2022-03-07",700,357.9940515654788,250345.24,250595.8358,"2022-03-07",388.01550222222221,"2021-12-20",388.02416388888889,2793773.98,"SS","Share Sale",1746069.76,1,"202112_BYP20B9",4,{"$f":"IF(X5<>1,0,ROUND(SUMIFS(BNYM_NAV_HistCost_RCdate!$AA:$AA,BNYM_NAV_HistCost_RCdate!C:C,P5,BNYM_NAV_HistCost_RCdate!I:I,B5),2))","v":0},{"$f":"SUMIFS(BNYM_NAV_HistCost_RCdate!$AA:$AA,BNYM_NAV_HistCost_RCdate!C:C,P5,BNYM_NAV_HistCost_RCdate!I:I,B5)/SUMIFS(BNYM_NAV_HistCost_RCdate!$W:$W,BNYM_NAV_HistCost_RCdate!C:C,P5,BNYM_NAV_HistCost_RCdate!I:I,B5)","v":425.5515986111111},1]
[212401,"BYP20B9","BAYCURRENT CONSULTING INC","SELL",4.1822999999999997,3800,425.5891842105263,1608963.7,"2022-03-08",400,349.4593381452558,139671.91,139783.7353,"2022-03-08",354.46548421052631,"2021-12-20",388.02416388888889,2793773.98,"SS","Share Sale",1346968.84,1,"202112_BYP20B9",5,{"$f":"IF(X6<>1,0,ROUND(SUMIFS(BNYM_NAV_HistCost_RCdate!$AA:$AA,BNYM_NAV_HistCost_RCdate!C:C,P6,BNYM_NAV_HistCost_RCdate!I:I,B6),2))","v":0},{"$f":"SUMIFS(BNYM_NAV_HistCost_RCdate!$AA:$AA,BNYM_NAV_HistCost_RCdate!C:C,P6,BNYM_NAV_HistCost_RCdate!I:I,B6)/SUMIFS(BNYM_NAV_HistCost_RCdate!$W:$W,BNYM_NAV_HistCost_RCdate!C:C,P6,BNYM_NAV_HistCost_RCdate!I:I,B6)","v":425.5515986111111},1]
[212401,"BYP20B9","BAYCURRENT CONSULTING INC","SELL",4.1875,3400,425.58918529411767,1438728.03,"2022-03-10",400,348.48876376376256,139256.10999999999,139395.5055,"2022-03-10",333.29016176470589,"2021-12-20",388.02416388888889,2793773.98,"SS","Share Sale",1133186.55,1,"202112_BYP20B9",6,{"$f":"IF(X7<>1,0,ROUND(SUMIFS(BNYM_NAV_HistCost_RCdate!$AA:$AA,BNYM_NAV_HistCost_RCdate!C:C,P7,BNYM_NAV_HistCost_RCdate!I:I,B7),2))","v":0},{"$f":"SUMIFS(BNYM_NAV_HistCost_RCdate!$AA:$AA,BNYM_NAV_HistCost_RCdate!C:C,P7,BNYM_NAV_HistCost_RCdate!I:I,B7)/SUMIFS(BNYM_NAV_HistCost_RCdate!$W:$W,BNYM_NAV_HistCost_RCdate!C:C,P7,BNYM_NAV_HistCost_RCdate!I:I,B7)","v":425.5515986111111},1]
[212401,"BYP20B9","BAYCURRENT CONSULTING INC","SELL",4.2175000000000002,3000,425.58918666666671,1268492.3600000001,"2022-03-29",500,383.58732732732688,191601.87,191793.6637,"2022-03-29",356.5502433333333,"2021-12-20",388.02416388888889,2793773.98,"SS","Share Sale",1069650.73,1,"202112_BYP20B9",7,{"$f":"IF(X8<>1,0,ROUND(SUMIFS(BNYM_NAV_HistCost_RCdate!$AA:$AA,BNYM_NAV_HistCost_RCdate!C:C,P8,BNYM_NAV_HistCost_RCdate!I:I,B8),2))","v":0},{"$f":"SUMIFS(BNYM_NAV_HistCost_RCdate!$AA:$AA,BNYM_NAV_HistCost_RCdate!C:C,P8,BNYM_NAV_HistCost_RCdate!I:I,B8)/SUMIFS(BNYM_NAV_HistCost_RCdate!$W:$W,BNYM_NAV_HistCost_RCdate!C:C,P8,BNYM_NAV_HistCost_RCdate!I:I,B8)","v":425.5515986111111},1]
[212401,2459020,"INTUIT INC","Dividend",4.2545000000000002,7242,541.57364954432478,3922076.37,"2022-04-08",0,0.68,3447.19,4924.5600000000004,"2022-04-18",495.01,"2022-03-21",466.5,3378393,"SI","Share Income-Dividend",3584862.42,1,"202203_2459020",1,{"$f":"IF(X9<>1,0,ROUND(SUMIFS(BNYM_NAV_HistCost_RCdate!$AA:$AA,BNYM_NAV_HistCost_RCdate!C:C,P9,BNYM_NAV_HistCost_RCdate!I:I,B9),2))","v":3922076.37},{"$f":"SUMIFS(BNYM_NAV_HistCost_RCdate!$AA:$AA,BNYM_NAV_HistCost_RCdate!C:C,P9,BNYM_NAV_HistCost_RCdate!I:I,B9)/SUMIFS(BNYM_NAV_HistCost_RCdate!$W:$W,BNYM_NAV_HistCost_RCdate!C:C,P9,BNYM_NAV_HistCost_RCdate!I:I,B9)","v":541.57364954432478},1]
[212401,"BLDBN85","ATLAS COPCO AB-B RDS","Corporate Action",0,162879,0,0,"2022-05-13",162879,0.10034367709404711,0,0,"2022-05-17",0,"2022-05-13",0.79400524315596244,129326.78,"SB","Bonus Issue",0,0,"202205_BLDBN85",1,{"$f":"IF(X10<>1,0,ROUND(SUMIFS(BNYM_NAV_HistCost_RCdate!$AA:$AA,BNYM_NAV_HistCost_RCdate!C:C,P10,BNYM_NAV_HistCost_RCdate!I:I,B10),2))","v":174044.25},{"$f":"SUMIFS(BNYM_NAV_HistCost_RCdate!$AA:$AA,BNYM_NAV_HistCost_RCdate!C:C,P10,BNYM_NAV_HistCost_RCdate!I:I,B10)/SUMIFS(BNYM_NAV_HistCost_RCdate!$W:$W,BNYM_NAV_HistCost_RCdate!C:C,P10,BNYM_NAV_HistCost_RCdate!I:I,B10)","v":1.0685493525868897},1]
[212401,"BLDBN85","ATLAS COPCO AB-B RDS","SELL",4.3955000000000002,162879,0,0,"2022-05-18",162879,0.80125429478733146,130376.99,130507.49800000001,"2022-05-18",0,"2022-05-13",0.79400524315596244,129326.78,"SS","Share Sale",0,0,"202205_BLDBN85",2,{"$f":"IF(X11<>1,0,ROUND(SUMIFS(BNYM_NAV_HistCost_RCdate!$AA:$AA,BNYM_NAV_HistCost_RCdate!C:C,P11,BNYM_NAV_HistCost_RCdate!I:I,B11),2))","v":0},{"$f":"SUMIFS(BNYM_NAV_HistCost_RCdate!$AA:$AA,BNYM_NAV_HistCost_RCdate!C:C,P11,BNYM_NAV_HistCost_RCdate!I:I,B11)/SUMIFS(BNYM_NAV_HistCost_RCdate!$W:$W,BNYM_NAV_HistCost_RCdate!C:C,P11,BNYM_NAV_HistCost_RCdate!I:I,B11)","v":1.0685493525868897},1]
[212401,"BQ7ZVF1","EUROAPI SASU","SELL",4.3765000000000001,2740,11.764474452554744,32234.66,"2022-05-11",2740,14.691486819349659,40214.42,40254.675999999999,"2022-05-11",15.287350364963503,"2022-05-10",15.287350364963503,41887.339999999997,"SS","Share Sale",41887.339999999997,0,"202205_BQ7ZVF1",1,{"$f":"IF(X12<>1,0,ROUND(SUMIFS(BNYM_NAV_HistCost_RCdate!$AA:$AA,BNYM_NAV_HistCost_RCdate!C:C,P12,BNYM_NAV_HistCost_RCdate!I:I,B12),2))","v":34956.93},{"$f":"SUMIFS(BNYM_NAV_HistCost_RCdate!$AA:$AA,BNYM_NAV_HistCost_RCdate!C:C,P12,BNYM_NAV_HistCost_RCdate!I:I,B12)/SUMIFS(BNYM_NAV_HistCost_RCdate!$W:$W,BNYM_NAV_HistCost_RCdate!C:C,P12,BNYM_NAV_HistCost_RCdate!I:I,B12)","v":12.758003649635036},0]

{"sheet":"InFund","index":3,"n_rows":7284,"n_cols":9,"rows_kept":7284,"cut":false,"hidden":true,"merged":[]}
["qFundCode","FundName","qFundType","Islamic","FinanceYrStart","FinanceYrEnd","qCompanyID","RollEOYFlag","Fundcurrency"]
["AJC-MASHAREQ","ALJAZIRA JAPANESE EQUITY FUND",1,1,"2013-03-01","2020-12-31","NI",1,"USD"]
["BNM-ICLIF","IFM ICLIF SHARIAH EQUITY NOMURA-I",1,1,"2013-08-26","2020-12-31","NI",1,"MYR"]
["BNM-ICLIF-FI2","IFM ICLIF CORP BOND NOMURA",2,0,"2021-01-04","2020-12-31","NM",1,"MYR"]
["BNM-INCEIF","IFM INCEIF SHARIAH EQUITY NOMURA-I",1,1,"2013-08-26","2020-12-31","NI",1,"MYR"]
["BNM-INCEIF-FI","IFM INCEIF SUKUK NOMURA-I",2,1,"2016-11-28","2020-12-31","NI",1,"MYR"]
["BNM-MEDF-FI","IFM MEDF CORP BOND NOMURA",2,0,"2016-11-28","2020-12-31","NM",1,"MYR"]
["BNMMF","IFM MEDF CONV EQUITY NOMURA",1,0,"2011-08-08","2020-12-31","NM",1,"MYR"]
["BNM-NTF","IFM NTF CONV EQUITY NOMURA",1,0,"2020-09-17","2020-12-31","NM",1,"MYR"]
["BNM-NTF-FI","IFM NTF CORP BOND NOMURA",2,0,"2016-11-28","2020-12-31","NM",1,"MYR"]
["CGC","CREDIT GUARANTEE CORPORATION MALAYSIA BERHAD",2,0,"2017-03-16","2020-12-31","NM",1,"MYR"]
["EPF","EMPLOYEES PROVIDENT FUND BOARD",1,0,"1994-07-05","2020-12-31","NM",1,"MYR"]
["EPF-ASEAN","EPF ASEAN 40 EX MALAYSIA EQUITY",1,0,"2007-01-23","2020-12-31","NM",1,"USD"]
["EPF-ASIA","EPF-ASIA EX JAPAN EX MALAYSIA EQUITY",1,0,"2007-05-24","2020-12-31","NM",1,"USD"]
["EPF-DMSUKUK","EMPLOYEES PROVIDENT FUND BOARD (NIAM-FI RR) - IC",2,1,"2013-07-16","2020-12-31","NI",1,"MYR"]
["EPF-GLOBAL","NOMURA FOR EPF GLOBAL EQUITY FUND",1,0,"2007-12-10","2020-12-31","NM",1,"USD"]
["EPFMSIANFI","EMPLOYEES PROVIDENT FUND BOARD (NAM-FI RR)",3,0,"2010-04-23","2020-12-31","NM",1,"MYR"]
["EPF-NIAMEQ","EMPLOYEES PROVIDENT FUND BOARD (NIAM EQ)",1,1,"2018-11-01","2020-12-31","NI",1,"MYR"]
["EPF-SHASIA","EPF SHARIAH ASIA NOMURA ISLAMIC",1,1,"2010-09-20","2020-12-31","NI",1,"USD"]
["EPF-SHWORLD","EPF SHARIAH WORLD NOMURA ISLAMIC",1,1,"2010-09-15","2020-12-31","NI",1,"USD"]
["i-CASH","NOMURA i-CASH FUND",4,1,"2012-11-07","2020-04-30","NI",1,"MYR"]
["i-INCOME2","NOMURA I-INCOME FUND 2",2,1,"2021-06-30","2022-10-31","NM",0,"MYR"]
["i-INCOME2H","NOMURA I-INCOME FUND 2 - CLASS H",2,1,"2021-06-30","2022-10-31","NM",0,"MYR"]
["i-INCOME2I","NOMURA I-INCOME FUND 2 - CLASS I",2,1,"2021-06-30","2022-10-31","NM",0,"MYR"]
["i-INCOME2S","NOMURA I-INCOME FUND 2 - CLASS S",2,1,"2021-06-30","2022-10-31","NM",0,"MYR"]
["i-MONEY","NOMURA i-INCOME FUND",2,1,"2012-11-07","2020-12-31","NI",1,"MYR"]
["KWAP","KUMPULAN WANG PERSARAAN",1,0,"2007-09-10","2020-12-31","NM",1,"MYR"]
["KWAP-NIAM","KWAP (NOMURA ISLAMIC AM)",2,1,"2014-07-23","2020-12-31","NI",1,"MYR"]
["LAB-NGBF","LABUAN RE - NOMURA-GLOBAL BALANCED FUND",3,0,"2015-06-08","2020-12-31","NM",1,"USD"]
["MHILJP-EQ","BHT05 (MT HATTON INVT LTD JP PORTFOLIO)",1,0,"2020-08-04","2020-12-31","NM",1,"JPY"]
["MSIG-EQ","NOMURA FOR MSIG INSURANCE (MALAYSIA)BHD (EQ)",1,0,"2021-05-03","2021-12-31","NM",1,"MYR"]
["NAM-CO(CIMB)","NOMURA ASSET MANAGEMENT MALAYSIA SDN BHD – COLLECT",1,0,"1994-07-05","2020-12-31","NM",1,"MYR"]
["NAM-CO(DEUT)","NOMURA ASSET MGMT MY SDN BHD – CTA (COLLECTION)",1,0,"1994-07-05","2020-12-31","NM",1,"MYR"]
["NGAWAF","NOMURA GLOBAL ALL WEATHER (ACCUMULATION) FUND",1,0,"2021-12-28","2021-10-31","NM",1,"MYR"]
["NGAWDF","NOMURA GLOBAL ALL WEATHER (DECUMULATION) FUND",1,0,"2021-12-28","2021-10-31","NM",1,"MYR"]
["NGDBF","NOMURA GLOBAL DYNAMIC BOND FUND",2,0,"2021-02-02","2020-01-31","NM",1,"USD"]
["NGDBFM","NOMURA GLOBAL DYNAMIC BOND FUND - CLASS MYR",2,0,"2021-02-02","2020-01-31","NM",1,"USD"]
["NGDBFU","NOMURA GLOBAL DYNAMIC BOND FUND - CLASS USD",2,0,"2021-02-02","2020-01-31","NM",1,"USD"]
["NGHC","NOMURA GLOBAL HIGH CONVICTION FUND",1,0,"2016-12-13","2020-08-31","NM",1,"USD"]
["NGHM","NOMURA GLOBAL HIGH CONVICTION FUND - CLASS MYR",1,0,"2016-12-13","2020-08-31","NM",1,"USD"]
["NGHU","NOMURA GLOBAL HIGH CONVICTION FUND - CLASS USD",1,0,"2016-12-13","2020-08-31","NM",1,"USD"]
["NGSEF","NOMURA GLOBAL SUSTAINABLE EQUITY FUND",1,0,"2021-06-18","2021-07-31","NM",0,"USD"]
["NGSEFA","NOMURA GLOBAL SUSTAINABLE EQUITY FUND-MYR CLASS A",1,0,"2021-06-18","2021-07-31","NM",0,"USD"]
["NGSEFB","NOMURA GLOBAL SUSTAINABLE EQUITY FUND-MYR CLASS B",1,0,"2021-06-18","2021-07-31","NM",0,"USD"]
["NGSEFU","NOMURA GLOBAL SUSTAINABLE EQUITY FUND-USD CLASS ",1,0,"2021-06-18","2021-07-31","NM",0,"USD"]
["NGSSEF","NOMURA GLOBAL SHARIAH SUSTAINABLE EQUITY ",1,1,"2022-05-23","2023-05-31","NM",1,"USD"]
["NGSSEFMA","NOMURA GLOBAL SHARIAH SUSTAINABLE EQUITY FUND",1,1,"2022-05-23","2023-05-31","NM",1,"USD"]
["NGSSEFUA","NOMURA GLOBAL SHARIAH SUSTAINABLE EQUITY FUND",1,1,"2022-05-23","2023-05-31","NM",1,"USD"]
["NGSSGF","NOMURA GLOBAL SHARIAH STRATEGIC GROWTH FUND",1,1,"2020-05-22","2020-09-30","NM",1,"MYR"]
["NGSSGFA","NOMURA GLOBAL SHARIAH STRATEGIC GROWTH FUND A",1,1,"2020-05-22","2020-09-30","NM",1,"MYR"]
["NGSSGFB","NOMURA GLOBAL SHARIAH STRATEGIC GROWTH FUND B",1,1,"2020-05-22","2020-09-30","NM",1,"MYR"]
["NIAM-CO(DEUT)","NOMURA ISLAMIC ASSET MANAGEMENT SDN BHD – CLIENT T",1,0,"1994-07-05","2020-12-31","NM",1,"MYR"]
["NRBF1","NOMURA RINGGIT BOND FUND 1",2,0,"2019-07-01","2020-12-31","NM",1,"MYR"]
["NRBF2","NOMURA RINGGIT BOND FUND 2",2,0,"2020-07-28","2020-03-31","NM",1,"MYR"]
["PET-ACF","PETRONAS EFM (ACF-NOMURA-FI)",2,0,"3000-01-01","2020-12-31","NM",1,"MYR"]
["PET-FI","PETRONAS EFM (NOMURA-FI) ",2,0,"2019-04-15","2020-12-31","NM",1,"MYR"]
["RHBI-GDMF","RHB ISLAMIC GLOBAL DEVELOPED MARKETS FUND",1,1,"2015-05-28","2020-12-31","NI",1,"MYR"]
["SLMAB-LFNP","SUN LIFE (LIFE FUND NON PAR-NA)",1,0,"2016-04-01","2020-12-31","NM",1,"MYR"]
["SLMAB-LNUL","SUN LIFE (LNUL-NA)",1,0,"3000-01-01","2020-12-31","NM",1,"MYR"]
["SLMTB-FTFPA","SUN LIFE TAKAFUL(FTFPA)",1,1,"2016-04-01","2020-12-31","NI",1,"MYR"]
["SOCSO","PERTUBUHAN KESELAMATAN SOSIAL(SOCSO)",1,0,"2009-11-16","2020-12-31","NM",1,"MYR"]
["TNB-RBTF","TNB RETIREMENT BENEFIT TRUST FUND",1,0,"2010-12-15","2020-12-31","NM",1,"MYR"]
["TNB-RBTFI","MTRUSTEE BHD FOR NOMURA TNB RBTF (EQ)",1,1,"2021-09-15","2021-04-30","NI",1,"MYR"]
["UJSB-EQ1","URUSHARTA JAMAAH SDN BHD (NOMURA 1)",1,1,"2020-03-26","2020-12-31","NI",1,"MYR"]
["UJSB-EQ2","URUSHARTA JAMAAH SDN BHD (NOMURA 2)",1,1,"2020-03-26","2020-12-31","NI",1,"MYR"]
["WB-EQ","WARBA BANK K.S.C",1,1,"2020-02-13","2020-12-31","NM",1,"USD"]
[]
[]
[]
[]
[]
[]
[]
[]
[]
[]
[]
[]
[]
[]
[]
[]
[]
[]
[]
[]
[]
[]
[]
[]
[]
[]
[]
[]
[]
[]
[]
[]
[]
[]
[]
[]
[]
[]
[]
[]
[]
[]
[]
[]
[]
[]
[]
[]
[]
[]
[]
[]
[]
[]
[]
[]
[]
[]
[]
[]
[]
[]
[]
[]
[]
[]
[]
[]
[]
[]
[]
[]
[]
[]
[]
[]
[]
[]
[]
[]
[]
[]
[]
[]
[]
[]
[]
[]
[]
[]
[]
[]
[]
[]
[]
[]
[]
[]
[]
[]
[]
[]
[]
[]
[]
[]
[]
[]
[]
[]
[]
[]
[]
[]
[]
[]
[]
[]
[]
[]
[]
[]
[]
[]
[]
[]
[]
[]
[]
[]
[]
[]
[]
[]
[]
[]
[]
[]
[]
[]
[]
[]
[]
[]
[]
[]
[]
[]
[]
[]
[]
[]
[]
[]
[]
[]
[]
[]
[]
[]
[]
[]
[]
[]
[]
[]
[]
[]
[]
[]
[]
[]
[]
[]
[]
[]
[]
[]
[]
[]
[]
[]
[]
[]
[]
[]
[]
[]
[]
[]
[]
[]
[]
[]
[]
[]
[]
[]
[]
[]
[]
[]
[]
[]
[]
[]
[]
[]
[]
[]
[]
[]
[]
[]
[]
[]
[]
[]
[]
[]
[]
[]
[]
[]
[]
[]
[]
[]
[]
[]
[]
[]
[]
[]
[]
[]
[]
[]
[]
[]
[]
[]
[]
[]
[]
[]
[]
[]
[]
[]
[]
[]
[]
[]
[]
[]
[]
[]
[]
[]
[]
[]
[]
[]
[]
[]
[]
[]
[]
[]
[]
[]
[]
[]
[]
[]
[]
[]
[]
[]
[]
[]
[]
[]
[]
[]
[]
[]
[]
[]
[]
[]
[]
[]
[]
[]
[]
[]
[]
[]
[]
[]
[]
[]
[]
[]
[]
[]
[]
[]
[]
[]
[]
[]
[]
[]
[]
[]
[]
[]
[]
[]
[]
[]
[]
[]
[]
[]
[]
[]
[]
[]
[]
[]
[]
[]
[]
[]
[]
[]
[]
[]
[]
[]
[]
[]
[]
[]
[]
[]
[]
[]
[]
[]
[]
[]
[]
[]
[]
[]
[]
[]
[]
[]
[]
[]
[]
[]
[]
[]
[]
[]
[]
[]
[]
[]
[]
[]
[]
[]
[]
[]
[]
[]
[]
[]
[]
[]
[]
[]
[]
[]
[]
[]
[]
[]
[]
[]
[]
[]
[]
[]
[]
[]
[]
[]
[]
[]
[]
[]
[]
[]
[]
[]
[]
[]
[]
[]
[]
[]
[]
[]
[]
[]
[]
[]
[]
[]
[]
[]
[]
[]
[]
[]
[]
[]
[]
[]
[]
[]
[]
[]
[]
[]
[]
[]
[]
[]
[]
[]
[]
[]
[]
[]
[]
[]
[]
[]
[]
[]
[]
[]
[]
[]
[]
[]
[]
[]
[]
[]
[]
[]
[]
[]
[]
[]
[]
[]
[]
[]
[]
[]
[]
[]
[]
[]
[]
[]
[]
[]
[]
[]
[]
[]
[]
[]
[]
[]
[]
[]
[]
[]
[]
[]
[]
[]
[]
[]
[]
[]
[]
[]
[]
[]
[]
[]
[]
[]
[]
[]
[]
[]
[]
[]
[]
[]
[]
[]
[]
[]
[]
[]
[]
[]
[]
[]
[]
[]
[]
[]
[]
[]
[]
[]
[]
[]
[]
[]
[]
[]
[]
[]
[]
[]
[]
[]
[]
[]
[]
[]
[]
[]
[]
[]
[]
[]
[]
[]
[]
[]
[]
[]
[]
[]
[]
[]
[]
[]
[]
[]
[]
[]
[]
[]
[]
[]
[]
[]
[]
[]
[]
[]
[]
[]
[]
[]
[]
[]
[]
[]
[]
[]
[]
[]
[]
[]
[]
[]
[]
[]
[]
[]
[]
[]
[]
[]
[]
[]
[]
[]
[]
[]
[]
[]
[]
[]
[]
[]
[]
[]
[]
[]
[]
[]
[]
[]
[]
[]
[]
[]
[]
[]
[]
[]
[]
[]
[]
[]
[]
[]
[]
[]
[]
[]
[]
[]
[]
[]
[]
[]
[]
[]
[]
[]
[]
[]
[]
[]
[]
[]
[]
[]
[]
[]
[]
[]
[]
[]
[]
[]
[]
[]
[]
[]
[]
[]
[]
[]
[]
[]
[]
[]
[]
[]
[]
[]
[]
[]
[]
[]
[]
[]
[]
[]
[]
[]
[]
[]
[]
[]
[]
[]
[]
[]
[]
[]
[]
[]
[]
[]
[]
[]
[]
[]
[]
[]
[]
[]
[]
[]
[]
[]
[]
[]
[]
[]
[]
[]
[]
[]
[]
[]
[]
[]
[]
[]
[]
[]
[]
[]
[]
[]
[]
[]
[]
[]
[]
[]
[]
[]
[]
[]
[]
[]
[]
[]
[]
[]
[]
[]
[]
[]
[]
[]
[]
[]
[]
[]
[]
[]
[]
[]
[]
[]
[]
[]
[]
[]
[]
[]
[]
[]
[]
[]
[]
[]
[]
[]
[]
[]
[]
[]
[]
[]
[]
[]
[]
[]
[]
[]
[]
[]
[]
[]
[]
[]
[]
[]
[]
[]
[]
[]
[]
[]
[]
[]
[]
[]
[]
[]
[]
[]
[]
[]
[]
[]
[]
[]
[]
[]
[]
[]
[]
[]
[]
[]
[]
[]
[]
[]
[]
[]
[]
[]
[]
[]
[]
[]
[]
[]
[]
[]
[]
[]
[]
[]
[]
[]
[]
[]
[]
[]
[]
[]
[]
[]
[]
[]
[]
[]
[]
[]
[]
[]
[]
[]
[]
[]
[]
[]
[]
[]
[]
[]
[]
[]
[]
[]
[]
[]
[]
[]
[]
[]
[]
[]
[]
[]
[]
[]
[]
[]
[]
[]
[]
[]
[]
[]
[]
[]
[]
[]
[]
[]
[]
[]
[]
[]
[]
[]
[]
[]
[]
[]
[]
[]
[]
[]
[]
[]
[]
[]
[]
[]
[]
[]
[]
[]
[]
[]
[]
[]
[]
[]
[]
[]
[]
[]
[]
[]
[]
[]
[]
[]
[]
[]
[]
[]
[]
[]
[]
[]
[]
[]
[]
[]
[]
[]
[]
[]
[]
[]
[]
[]
[]
[]
[]
[]
[]
[]
[]
[]
[]
[]
[]
[]
[]
[]
[]
[]
[]
[]
[]
[]
[]
[]
[]
[]
[]
[]
[]
[]
[]
[]
[]
[]
[]
[]
[]
[]
[]
[]
[]
[]
[]
[]
[]
[]
[]
[]
[]
[]
[]
[]
[]
[]
[]
[]
[]
[]
[]
[]
[]
[]
[]
[]
[]
[]
[]
[]
[]
[]
[]
[]
[]
[]
[]
[]
[]
[]
[]
[]
[]
[]
[]
[]
[]
[]
[]
[]
[]
[]
[]
[]
[]
[]
[]
[]
[]
[]
[]
[]
[]
[]
[]
[]
[]
[]
[]
[]
[]
[]
[]
[]
[]
[]
[]
[]
[]
[]
[]
[]
[]
[]
[]
[]
[]
[]
[]
[]
[]
[]
[]
[]
[]
[]
[]
[]
[]
[]
[]
[]
[]
[]
[]
[]
[]
[]
[]
[]
[]
[]
[]
[]
[]
[]
[]
[]
[]
[]
[]
[]
[]
[]
[]
[]
[]
[]
[]
[]
[]
[]
[]
[]
[]
[]
[]
[]
[]
[]
[]
[]
[]
[]
[]
[]
[]
[]
[]
[]
[]
[]
[]
[]
[]
[]
[]
[]
[]
[]
[]
[]
[]
[]
[]
[]
[]
[]
[]
[]
[]
[]
[]
[]
[]
[]
[]
[]
[]
[]
[]
[]
[]
[]
[]
[]
[]
[]
[]
[]
[]
[]
[]
[]
[]
[]
[]
[]
[]
[]
[]
[]
[]
[]
[]
[]
[]
[]
[]
[]
[]
[]
[]
[]
[]
[]
[]
[]
[]
[]
[]
[]
[]
[]
[]
[]
[]
[]
[]
[]
[]
[]
[]
[]
[]
[]
[]
[]
[]
[]
[]
[]
[]
[]
[]
[]
[]
[]
[]
[]
[]
[]
[]
[]
[]
[]
[]
[]
[]
[]
[]
[]
[]
[]
[]
[]
[]
[]
[]
[]
[]
[]
[]
[]
[]
[]
[]
[]
[]
[]
[]
[]
[]
[]
[]
[]
[]
[]
[]
[]
[]
[]
[]
[]
[]
[]
[]
[]
[]
[]
[]
[]
[]
[]
[]
[]
[]
[]
[]
[]
[]
[]
[]
[]
[]
[]
[]
[]
[]
[]
[]
[]
[]
[]
[]
[]
[]
[]
[]
[]
[]
[]
[]
[]
[]
[]
[]
[]
[]
[]
[]
[]
[]
[]
[]
[]
[]
[]
[]
[]
[]
[]
[]
[]
[]
[]
[]
[]
[]
[]
[]
[]
[]
[]
[]
[]
[]
[]
[]
[]
[]
[]
[]
[]
[]
[]
[]
[]
[]
[]
[]
[]
[]
[]
[]
[]
[]
[]
[]
[]
[]
[]
[]
[]
[]
[]
[]
[]
[]
[]
[]
[]
[]
[]
[]
[]
[]
[]
[]
[]
[]
[]
[]
[]
[]
[]
[]
[]
[]
[]
[]
[]
[]
[]
[]
[]
[]
[]
[]
[]
[]
[]
[]
[]
[]
[]
[]
[]
[]
[]
[]
[]
[]
[]
[]
[]
[]
[]
[]
[]
[]
[]
[]
[]
[]
[]
[]
[]
[]
[]
[]
[]
[]
[]
[]
[]
[]
[]
[]
[]
[]
[]
[]
[]
[]
[]
[]
[]
[]
[]
[]
[]
[]
[]
[]
[]
[]
[]
[]
[]
[]
[]
[]
[]
[]
[]
[]
[]
[]
[]
[]
[]
[]
[]
[]
[]
[]
[]
[]
[]
[]
[]
[]
[]
[]
[]
[]
[]
[]
[]
[]
[]
[]
[]
[]
[]
[]
[]
[]
[]
[]
[]
[]
[]
[]
[]
[]
[]
[]
[]
[]
[]
[]
[]
[]
[]
[]
[]
[]
[]
[]
[]
[]
[]
[]
[]
[]
[]
[]
[]
[]
[]
[]
[]
[]
[]
[]
[]
[]
[]
[]
[]
[]
[]
[]
[]
[]
[]
[]
[]
[]
[]
[]
[]
[]
[]
[]
[]
[]
[]
[]
[]
[]
[]
[]
[]
[]
[]
[]
[]
[]
[]
[]
[]
[]
[]
[]
[]
[]
[]
[]
[]
[]
[]
[]
[]
[]
[]
[]
[]
[]
[]
[]
[]
[]
[]
[]
[]
[]
[]
[]
[]
[]
[]
[]
[]
[]
[]
[]
[]
[]
[]
[]
[]
[]
[]
[]
[]
[]
[]
[]
[]
[]
[]
[]
[]
[]
[]
[]
[]
[]
[]
[]
[]
[]
[]
[]
[]
[]
[]
[]
[]
[]
[]
[]
[]
[]
[]
[]
[]
[]
[]
[]
[]
[]
[]
[]
[]
[]
[]
[]
[]
[]
[]
[]
[]
[]
[]
[]
[]
[]
[]
[]
[]
[]
[]
[]
[]
[]
[]
[]
[]
[]
[]
[]
[]
[]
[]
[]
[]
[]
[]
[]
[]
[]
[]
[]
[]
[]
[]
[]
[]
[]
[]
[]
[]
[]
[]
[]
[]
[]
[]
[]
[]
[]
[]
[]
[]
[]
[]
[]
[]
[]
[]
[]
[]
[]
[]
[]
[]
[]
[]
[]
[]
[]
[]
[]
[]
[]
[]
[]
[]
[]
[]
[]
[]
[]
[]
[]
[]
[]
[]
[]
[]
[]
[]
[]
[]
[]
[]
[]
[]
[]
[]
[]
[]
[]
[]
[]
[]
[]
[]
[]
[]
[]
[]
[]
[]
[]
[]
[]
[]
[]
[]
[]
[]
[]
[]
[]
[]
[]
[]
[]
[]
[]
[]
[]
[]
[]
[]
[]
[]
[]
[]
[]
[]
[]
[]
[]
[]
[]
[]
[]
[]
[]
[]
[]
[]
[]
[]
[]
[]
[]
[]
[]
[]
[]
[]
[]
[]
[]
[]
[]
[]
[]
[]
[]
[]
[]
[]
[]
[]
[]
[]
[]
[]
[]
[]
[]
[]
[]
[]
[]
[]
[]
[]
[]
[]
[]
[]
[]
[]
[]
[]
[]
[]
[]
[]
[]
[]
[]
[]
[]
[]
[]
[]
[]
[]
[]
[]
[]
[]
[]
[]
[]
[]
[]
[]
[]
[]
[]
[]
[]
[]
[]
[]
[]
[]
[]
[]
[]
[]
[]
[]
[]
[]
[]
[]
[]
[]
[]
[]
[]
[]
[]
[]
[]
[]
[]
[]
[]
[]
[]
[]
[]
[]
[]
[]
[]
[]
[]
[]
[]
[]
[]
[]
[]
[]
[]
[]
[]
[]
[]
[]
[]
[]
[]
[]
[]
[]
[]
[]
[]
[]
[]
[]
[]
[]
[]
[]
[]
[]
[]
[]
[]
[]
[]
[]
[]
[]
[]
[]
[]
[]
[]
[]
[]
[]
[]
[]
[]
[]
[]
[]
[]
[]
[]
[]
[]
[]
[]
[]
[]
[]
[]
[]
[]
[]
[]
[]
[]
[]
[]
[]
[]
[]
[]
[]
[]
[]
[]
[]
[]
[]
[]
[]
[]
[]
[]
[]
[]
[]
[]
[]
[]
[]
[]
[]
[]
[]
[]
[]
[]
[]
[]
[]
[]
[]
[]
[]
[]
[]
[]
[]
[]
[]
[]
[]
[]
[]
[]
[]
[]
[]
[]
[]
[]
[]
[]
[]
[]
[]
[]
[]
[]
[]
[]
[]
[]
[]
[]
[]
[]
[]
[]
[]
[]
[]
[]
[]
[]
[]
[]
[]
[]
[]
[]
[]
[]
[]
[]
[]
[]
[]
[]
[]
[]
[]
[]
[]
[]
[]
[]
[]
[]
[]
[]
[]
[]
[]
[]
[]
[]
[]
[]
[]
[]
[]
[]
[]
[]
[]
[]
[]
[]
[]
[]
[]
[]
[]
[]
[]
[]
[]
[]
[]
[]
[]
[]
[]
[]
[]
[]
[]
[]
[]
[]
[]
[]
[]
[]
[]
[]
[]
[]
[]
[]
[]
[]
[]
[]
[]
[]
[]
[]
[]
[]
[]
[]
[]
[]
[]
[]
[]
[]
[]
[]
[]
[]
[]
[]
[]
[]
[]
[]
[]
[]
[]
[]
[]
[]
[]
[]
[]
[]
[]
[]
[]
[]
[]
[]
[]
[]
[]
[]
[]
[]
[]
[]
[]
[]
[]
[]
[]
[]
[]
[]
[]
[]
[]
[]
[]
[]
[]
[]
[]
[]
[]
[]
[]
[]
[]
[]
[]
[]
[]
[]
[]
[]
[]
[]
[]
[]
[]
[]
[]
[]
[]
[]
[]
[]
[]
[]
[]
[]
[]
[]
[]
[]
[]
[]
[]
[]
[]
[]
[]
[]
[]
[]
[]
[]
[]
[]
[]
[]
[]
[]
[]
[]
[]
[]
[]
[]
[]
[]
[]
[]
[]
[]
[]
[]
[]
[]
[]
[]
[]
[]
[]
[]
[]
[]
[]
[]
[]
[]
[]
[]
[]
[]
[]
[]
[]
[]
[]
[]
[]
[]
[]
[]
[]
[]
[]
[]
[]
[]
[]
[]
[]
[]
[]
[]
[]
[]
[]
[]
[]
[]
[]
[]
[]
[]
[]
[]
[]
[]
[]
[]
[]
[]
[]
[]
[]
[]
[]
[]
[]
[]
[]
[]
[]
[]
[]
[]
[]
[]
[]
[]
[]
[]
[]
[]
[]
[]
[]
[]
[]
[]
[]
[]
[]
[]
[]
[]
[]
[]
[]
[]
[]
[]
[]
[]
[]
[]
[]
[]
[]
[]
[]
[]
[]
[]
[]
[]
[]
[]
[]
[]
[]
[]
[]
[]
[]
[]
[]
[]
[]
[]
[]
[]
[]
[]
[]
[]
[]
[]
[]
[]
[]
[]
[]
[]
[]
[]
[]
[]
[]
[]
[]
[]
[]
[]
[]
[]
[]
[]
[]
[]
[]
[]
[]
[]
[]
[]
[]
[]
[]
[]
[]
[]
[]
[]
[]
[]
[]
[]
[]
[]
[]
[]
[]
[]
[]
[]
[]
[]
[]
[]
[]
[]
[]
[]
[]
[]
[]
[]
[]
[]
[]
[]
[]
[]
[]
[]
[]
[]
[]
[]
[]
[]
[]
[]
[]
[]
[]
[]
[]
[]
[]
[]
[]
[]
[]
[]
[]
[]
[]
[]
[]
[]
[]
[]
[]
[]
[]
[]
[]
[]
[]
[]
[]
[]
[]
[]
[]
[]
[]
[]
[]
[]
[]
[]
[]
[]
[]
[]
[]
[]
[]
[]
[]
[]
[]
[]
[]
[]
[]
[]
[]
[]
[]
[]
[]
[]
[]
[]
[]
[]
[]
[]
[]
[]
[]
[]
[]
[]
[]
[]
[]
[]
[]
[]
[]
[]
[]
[]
[]
[]
[]
[]
[]
[]
[]
[]
[]
[]
[]
[]
[]
[]
[]
[]
[]
[]
[]
[]
[]
[]
[]
[]
[]
[]
[]
[]
[]
[]
[]
[]
[]
[]
[]
[]
[]
[]
[]
[]
[]
[]
[]
[]
[]
[]
[]
[]
[]
[]
[]
[]
[]
[]
[]
[]
[]
[]
[]
[]
[]
[]
[]
[]
[]
[]
[]
[]
[]
[]
[]
[]
[]
[]
[]
[]
[]
[]
[]
[]
[]
[]
[]
[]
[]
[]
[]
[]
[]
[]
[]
[]
[]
[]
[]
[]
[]
[]
[]
[]
[]
[]
[]
[]
[]
[]
[]
[]
[]
[]
[]
[]
[]
[]
[]
[]
[]
[]
[]
[]
[]
[]
[]
[]
[]
[]
[]
[]
[]
[]
[]
[]
[]
[]
[]
[]
[]
[]
[]
[]
[]
[]
[]
[]
[]
[]
[]
[]
[]
[]
[]
[]
[]
[]
[]
[]
[]
[]
[]
[]
[]
[]
[]
[]
[]
[]
[]
[]
[]
[]
[]
[]
[]
[]
[]
[]
[]
[]
[]
[]
[]
[]
[]
[]
[]
[]
[]
[]
[]
[]
[]
[]
[]
[]
[]
[]
[]
[]
[]
[]
[]
[]
[]
[]
[]
[]
[]
[]
[]
[]
[]
[]
[]
[]
[]
[]
[]
[]
[]
[]
[]
[]
[]
[]
[]
[]
[]
[]
[]
[]
[]
[]
[]
[]
[]
[]
[]
[]
[]
[]
[]
[]
[]
[]
[]
[]
[]
[]
[]
[]
[]
[]
[]
[]
[]
[]
[]
[]
[]
[]
[]
[]
[]
[]
[]
[]
[]
[]
[]
[]
[]
[]
[]
[]
[]
[]
[]
[]
[]
[]
[]
[]
[]
[]
[]
[]
[]
[]
[]
[]
[]
[]
[]
[]
[]
[]
[]
[]
[]
[]
[]
[]
[]
[]
[]
[]
[]
[]
[]
[]
[]
[]
[]
[]
[]
[]
[]
[]
[]
[]
[]
[]
[]
[]
[]
[]
[]
[]
[]
[]
[]
[]
[]
[]
[]
[]
[]
[]
[]
[]
[]
[]
[]
[]
[]
[]
[]
[]
[]
[]
[]
[]
[]
[]
[]
[]
[]
[]
[]
[]
[]
[]
[]
[]
[]
[]
[]
[]
[]
[]
[]
[]
[]
[]
[]
[]
[]
[]
[]
[]
[]
[]
[]
[]
[]
[]
[]
[]
[]
[]
[]
[]
[]
[]
[]
[]
[]
[]
[]
[]
[]
[]
[]
[]
[]
[]
[]
[]
[]
[]
[]
[]
[]
[]
[]
[]
[]
[]
[]
[]
[]
[]
[]
[]
[]
[]
[]
[]
[]
[]
[]
[]
[]
[]
[]
[]
[]
[]
[]
[]
[]
[]
[]
[]
[]
[]
[]
[]
[]
[]
[]
[]
[]
[]
[]
[]
[]
[]
[]
[]
[]
[]
[]
[]
[]
[]
[]
[]
[]
[]
[]
[]
[]
[]
[]
[]
[]
[]
[]
[]
[]
[]
[]
[]
[]
[]
[]
[]
[]
[]
[]
[]
[]
[]
[]
[]
[]
[]
[]
[]
[]
[]
[]
[]
[]
[]
[]
[]
[]
[]
[]
[]
[]
[]
[]
[]
[]
[]
[]
[]
[]
[]
[]
[]
[]
[]
[]
[]
[]
[]
[]
[]
[]
[]
[]
[]
[]
[]
[]
[]
[]
[]
[]
[]
[]
[]
[]
[]
[]
[]
[]
[]
[]
[]
[]
[]
[]
[]
[]
[]
[]
[]
[]
[]
[]
[]
[]
[]
[]
[]
[]
[]
[]
[]
[]
[]
[]
[]
[]
[]
[]
[]
[]
[]
[]
[]
[]
[]
[]
[]
[]
[]
[]
[]
[]
[]
[]
[]
[]
[]
[]
[]
[]
[]
[]
[]
[]
[]
[]
[]
[]
[]
[]
[]
[]
[]
[]
[]
[]
[]
[]
[]
[]
[]
[]
[]
[]
[]
[]
[]
[]
[]
[]
[]
[]
[]
[]
[]
[]
[]
[]
[]
[]
[]
[]
[]
[]
[]
[]
[]
[]
[]
[]
[]
[]
[]
[]
[]
[]
[]
[]
[]
[]
[]
[]
[]
[]
[]
[]
[]
[]
[]
[]
[]
[]
[]
[]
[]
[]
[]
[]
[]
[]
[]
[]
[]
[]
[]
[]
[]
[]
[]
[]
[]
[]
[]
[]
[]
[]
[]
[]
[]
[]
[]
[]
[]
[]
[]
[]
[]
[]
[]
[]
[]
[]
[]
[]
[]
[]
[]
[]
[]
[]
[]
[]
[]
[]
[]
[]
[]
[]
[]
[]
[]
[]
[]
[]
[]
[]
[]
[]
[]
[]
[]
[]
[]
[]
[]
[]
[]
[]
[]
[]
[]
[]
[]
[]
[]
[]
[]
[]
[]
[]
[]
[]
[]
[]
[]
[]
[]
[]
[]
[]
[]
[]
[]
[]
[]
[]
[]
[]
[]
[]
[]
[]
[]
[]
[]
[]
[]
[]
[]
[]
[]
[]
[]
[]
[]
[]
[]
[]
[]
[]
[]
[]
[]
[]
[]
[]
[]
[]
[]
[]
[]
[]
[]
[]
[]
[]
[]
[]
[]
[]
[]
[]
[]
[]
[]
[]
[]
[]
[]
[]
[]
[]
[]
[]
[]
[]
[]
[]
[]
[]
[]
[]
[]
[]
[]
[]
[]
[]
[]
[]
[]
[]
[]
[]
[]
[]
[]
[]
[]
[]
[]
[]
[]
[]
[]
[]
[]
[]
[]
[]
[]
[]
[]
[]
[]
[]
[]
[]
[]
[]
[]
[]
[]
[]
[]
[]
[]
[]
[]
[]
[]
[]
[]
[]
[]
[]
[]
[]
[]
[]
[]
[]
[]
[]
[]
[]
[]
[]
[]
[]
[]
[]
[]
[]
[]
[]
[]
[]
[]
[]
[]
[]
[]
[]
[]
[]
[]
[]
[]
[]
[]
[]
[]
[]
[]
[]
[]
[]
[]
[]
[]
[]
[]
[]
[]
[]
[]
[]
[]
[]
[]
[]
[]
[]
[]
[]
[]
[]
[]
[]
[]
[]
[]
[]
[]
[]
[]
[]
[]
[]
[]
[]
[]
[]
[]
[]
[]
[]
[]
[]
[]
[]
[]
[]
[]
[]
[]
[]
[]
[]
[]
[]
[]
[]
[]
[]
[]
[]
[]
[]
[]
[]
[]
[]
[]
[]
[]
[]
[]
[]
[]
[]
[]
[]
[]
[]
[]
[]
[]
[]
[]
[]
[]
[]
[]
[]
[]
[]
[]
[]
[]
[]
[]
[]
[]
[]
[]
[]
[]
[]
[]
[]
[]
[]
[]
[]
[]
[]
[]
[]
[]
[]
[]
[]
[]
[]
[]
[]
[]
[]
[]
[]
[]
[]
[]
[]
[]
[]
[]
[]
[]
[]
[]
[]
[]
[]
[]
[]
[]
[]
[]
[]
[]
[]
[]
[]
[]
[]
[]
[]
[]
[]
[]
[]
[]
[]
[]
[]
[]
[]
[]
[]
[]
[]
[]
[]
[]
[]
[]
[]
[]
[]
[]
[]
[]
[]
[]
[]
[]
[]
[]
[]
[]
[]
[]
[]
[]
[]
[]
[]
[]
[]
[]
[]
[]
[]
[]
[]
[]
[]
[]
[]
[]
[]
[]
[]
[]
[]
[]
[]
[]
[]
[]
[]
[]
[]
[]
[]
[]
[]
[]
[]
[]
[]
[]
[]
[]
[]
[]
[]
[]
[]
[]
[]
[]
[]
[]
[]
[]
[]
[]
[]
[]
[]
[]
[]
[]
[]
[]
[]
[]
[]
[]
[]
[]
[]
[]
[]
[]
[]
[]
[]
[]
[]
[]
[]
[]
[]
[]
[]
[]
[]
[]
[]
[]
[]
[]
[]
[]
[]
[]
[]
[]
[]
[]
[]
[]
[]
[]
[]
[]
[]
[]
[]
[]
[]
[]
[]
[]
[]
[]
[]
[]
[]
[]
[]
[]
[]
[]
[]
[]
[]
[]
[]
[]
[]
[]
[]
[]
[]
[]
[]
[]
[]
[]
[]
[]
[]
[]
[]
[]
[]
[]
[]
[]
[]
[]
[]
[]
[]
[]
[]
[]
[]
[]
[]
[]
[]
[]
[]
[]
[]
[]
[]
[]
[]
[]
[]
[]
[]
[]
[]
[]
[]
[]
[]
[]
[]
[]
[]
[]
[]
[]
[]
[]
[]
[]
[]
[]
[]
[]
[]
[]
[]
[]
[]
[]
[]
[]
[]
[]
[]
[]
[]
[]
[]
[]
[]
[]
[]
[]
[]
[]
[]
[]
[]
[]
[]
[]
[]
[]
[]
[]
[]
[]
[]
[]
[]
[]
[]
[]
[]
[]
[]
[]
[]
[]
[]
[]
[]
[]
[]
[]
[]
[]
[]
[]
[]
[]
[]
[]
[]
[]
[]
[]
[]
[]
[]
[]
[]
[]
[]
[]
[]
[]
[]
[]
[]
[]
[]
[]
[]
[]
[]
[]
[]
[]
[]
[]
[]
[]
[]
[]
[]
[]
[]
[]
[]
[]
[]
[]
[]
[]
[]
[]
[]
[]
[]
[]
[]
[]
[]
[]
[]
[]
[]
[]
[]
[]
[]
[]
[]
[]
[]
[]
[]
[]
[]
[]
[]
[]
[]
[]
[]
[]
[]
[]
[]
[]
[]
[]
[]
[]
[]
[]
[]
[]
[]
[]
[]
[]
[]
[]
[]
[]
[]
[]
[]
[]
[]
[]
[]
[]
[]
[]
[]
[]
[]
[]
[]
[]
[]
[]
[]
[]
[]
[]
[]
[]
[]
[]
[]
[]
[]
[]
[]
[]
[]
[]
[]
[]
[]
[]
[]
[]
[]
[]
[]
[]
[]
[]
[]
[]
[]
[]
[]
[]
[]
[]
[]
[]
[]
[]
[]
[]
[]
[]
[]
[]
[]
[]
[]
[]
[]
[]
[]
[]
[]
[]
[]
[]
[]
[]
[]
[]
[]
[]
[]
[]
[]
[]
[]
[]
[]
[]
[]
[]
[]
[]
[]
[]
[]
[]
[]
[]
[]
[]
[]
[]
[]
[]
[]
[]
[]
[]
[]
[]
[]
[]
[]
[]
[]
[]
[]
[]
[]
[]
[]
[]
[]
[]
[]
[]
[]
[]
[]
[]
[]
[]
[]
[]
[]
[]
[]
[]
[]
[]
[]
[]
[]
[]
[]
[]
[]
[]
[]
[]
[]
[]
[]
[]
[]
[]
[]
[]
[]
[]
[]
[]
[]
[]
[]
[]
[]
[]
[]
[]
[]
[]
[]
[]
[]
[]
[]
[]
[]
[]
[]
[]
[]
[]
[]
[]
[]
[]
[]
[]
[]
[]
[]
[]
[]
[]
[]
[]
[]
[]
[]
[]
[]
[]
[]
[]
[]
[]
[]
[]
[]
[]
[]
[]
[]
[]
[]
[]
[]
[]
[]
[]
[]
[]
[]
[]
[]
[]
[]
[]
[]
[]
[]
[]
[]
[]
[]
[]
[]
[]
[]
[]
[]
[]
[]
[]
[]
[]
[]
[]
[]
[]
[]
[]
[]
[]
[]
[]
[]
[]
[]
[]
[]
[]
[]
[]
[]
[]
[]
[]
[]
[]
[]
[]
[]
[]
[]
[]
[]
[]
[]
[]
[]
[]
[]
[]
[]
[]
[]
[]
[]
[]
[]
[]
[]
[]
[]
[]
[]
[]
[]
[]
[]
[]
[]
[]
[]
[]
[]
[]
[]
[]
[]
[]
[]
[]
[]
[]
[]
[]
[]
[]
[]
[]
[]
[]
[]
[]
[]
[]
[]
[]
[]
[]
[]
[]
[]
[]
[]
[]
[]
[]
[]
[]
[]
[]
[]
[]
[]
[]
[]
[]
[]
[]
[]
[]
[]
[]
[]
[]
[]
[]
[]
[]
[]
[]
[]
[]
[]
[]
[]
[]
[]
[]
[]
[]
[]
[]
[]
[]
[]
[]
[]
[]
[]
[]
[]
[]
[]
[]
[]
[]
[]
[]
[]
[]
[]
[]
[]
[]
[]
[]
[]
[]
[]
[]
[]
[]
[]
[]
[]
[]
[]
[]
[]
[]
[]
[]
[]
[]
[]
[]
[]
[]
[]
[]
[]
[]
[]
[]
[]
[]
[]
[]
[]
[]
[]
[]
[]
[]
[]
[]
[]
[]
[]
[]
[]
[]
[]
[]
[]
[]
[]
[]
[]
[]
[]
[]
[]
[]
[]
[]
[]
[]
[]
[]
[]
[]
[]
[]
[]
[]
[]
[]
[]
[]
[]
[]
[]
[]
[]
[]
[]
[]
[]
[]
[]
[]
[]
[]
[]
[]
[]
[]
[]
[]
[]
[]
[]
[]
[]
[]
[]
[]
[]
[]
[]
[]
[]
[]
[]
[]
[]
[]
[]
[]
[]
[]
[]
[]
[]
[]
[]
[]
[]
[]
[]
[]
[]
[]
[]
[]
[]
[]
[]
[]
[]
[]
[]
[]
[]
[]
[]
[]
[]
[]
[]
[]
[]
[]
[]
[]
[]
[]
[]
[]
[]
[]
[]
[]
[]
[]
[]
[]
[]
[]
[]
[]
[]
[]
[]
[]
[]
[]
[]
[]
[]
[]
[]
[]
[]
[]
[]
[]
[]
[]
[]
[]
[]
[]
[]
[]
[]
[]
[]
[]
[]
[]
[]
[]
[]
[]
[]
[]
[]
[]
[]
[]
[]
[]
[]
[]
[]
[]
[]
[]
[]
[]
[]
[]
[]
[]
[]
[]
[]
[]
[]
[]
[]
[]
[]
[]
[]
[]
[]
[]
[]
[]
[]
[]
[]
[]
[]
[]
[]
[]
[]
[]
[]
[]
[]
[]
[]
[]
[]
[]
[]
[]
[]
[]
[]
[]
[]
[]
[]
[]
[]
[]
[]
[]
[]
[]
[]
[]
[]
[]
[]
[]
[]
[]
[]
[]
[]
[]
[]
[]
[]
[]
[]
[]
[]
[]
[]
[]
[]
[]
[]
[]
[]
[]
[]
[]
[]
[]
[]
[]
[]
[]
[]
[]
[]
[]
[]
[]
[]
[]
[]
[]
[]
[]
[]
[]
[]
[]
[]
[]
[]
[]
[]
[]
[]
[]
[]
[]
[]
[]
[]
[]
[]
[]
[]
[]
[]
[]
[]
[]
[]
[]
[]
[]
[]
[]
[]
[]
[]
[]
[]
[]
[]
[]
[]
[]
[]
[]
[]
[]
[]
[]
[]
[]
[]
[]
[]
[]
[]
[]
[]
[]
[]
[]
[]
[]
[]
[]
[]
[]
[]
[]
[]
[]
[]
[]
[]
[]
[]
[]
[]
[]
[]
[]
[]
[]
[]
[]
[]
[]
[]
[]
[]
[]
[]
[]
[]
[]
[]
[]
[]
[]
[]
["PS4733","Ahmad Wasfi bin Saian",10,0,"3000-01-01","2020-12-31","IP",0,"USD"]
["PS4734","Nor Amin bin Md Zaini",10,0,"3000-01-01","2020-12-31","IP",0,"USD"]
["PS4735","Mohd Nazri Bin Md Noor & Zuraihan Selina Binti Suh",10,0,"3000-01-01","2020-12-31","IP",0,"USD"]
["PS4736","Nur Liyana Binti Aziz",10,0,"3000-01-01","2020-12-31","IP",0,"USD"]
["PS4737","Nik Ahmad Zulfahmi Bin Zakaria",10,0,"3000-01-01","2020-12-31","IP",0,"USD"]
["PS4738","Ong Siew Lee",10,0,"3000-01-01","2020-12-31","IP",0,"USD"]
["PS4739","Salina Binti Syed Hassan Aljaffri & Siti Marzairin",10,0,"3000-01-01","2020-12-31","IP",0,"USD"]
["PS4740","Zainal Bin Abu Hassan",10,0,"3000-01-01","2020-12-31","IP",0,"USD"]
["PS4741","Khirani Binti Abdul Hamid",10,0,"3000-01-01","2020-12-31","IP",0,"USD"]
["PS4742","Norilah Binti Abd Ghani",10,0,"3000-01-01","2020-12-31","IP",0,"USD"]
["PS4743","Mohd Norizan Bin Ambak  & Zulbakri Hadi Bin Mohd N",10,0,"3000-01-01","2020-12-31","IP",0,"USD"]
["PS4744","Noraini Binti Rahmat",10,0,"3000-01-01","2020-12-31","IP",0,"USD"]
["PS4745","Abdul Halim Bin Abdullah",10,0,"3000-01-01","2020-12-31","IP",0,"USD"]
["PS4746","Azahara@Azhar Bin Abdul Kadir Endang Werdiningsih",10,0,"3000-01-01","2020-12-31","IP",0,"USD"]
["PS4747","Ashraf Bin Zainal",10,0,"3000-01-01","2020-12-31","IP",0,"USD"]
["PS4748","Ruzailan bin Razali & Norhafiza Binti Mohd Nasir",10,0,"3000-01-01","2020-12-31","IP",0,"USD"]
["PS4749","AHMAD MUNZIR BIN MADZLAN",10,0,"3000-01-01","2020-12-31","IP",0,"USD"]
["PS4750","Rosilawate bt Stapa@Mustapa",10,0,"3000-01-01","2020-12-31","IP",0,"USD"]
["PS4751","Mariam Binti Mohamed Zin",10,0,"3000-01-01","2020-12-31","IP",0,"USD"]
["PS4752","MOHD MIZUAR BIN OMAR",10,0,"3000-01-01","2020-12-31","IP",0,"USD"]
["PS4753","KAMARUL AZMAN BIN MOHAMAD",10,0,"3000-01-01","2020-12-31","IP",0,"USD"]
["PS4754","Mukhtar Bin Hashim",10,0,"3000-01-01","2020-12-31","IP",0,"USD"]
["PS4756","Suriana Binti Soib",10,0,"3000-01-01","2020-12-31","IP",0,"USD"]
["PS4757","Nor Adilah binti Abdullah",10,0,"3000-01-01","2020-12-31","IP",0,"USD"]
["PS4758","Mohd Hanafiah Bin Kahmis",10,0,"3000-01-01","2020-12-31","IP",0,"USD"]
["PS4759","Izakey Bin Ismail",10,0,"3000-01-01","2020-12-31","IP",0,"USD"]
["PS4760","Syedi bin Aripen",10,0,"3000-01-01","2020-12-31","IP",0,"USD"]
["PS4761","Zainal Bin Said",10,0,"3000-01-01","2020-12-31","IP",0,"USD"]
["PS4762","Azmi Bin Ismail",10,0,"3000-01-01","2020-12-31","IP",0,"USD"]
["PS4763","KHAIRUL BIN AHMAT",10,0,"3000-01-01","2020-12-31","IP",0,"USD"]
["PS4764","ROSE MARIA IRA BINTI AHMAD JAILANI",10,0,"3000-01-01","2020-12-31","IP",0,"USD"]
["PS4765","Mohamad Shamil Maula Hazar",10,0,"3000-01-01","2020-12-31","IP",0,"USD"]
["PS4766","Sa'adah Binti Atan",10,0,"3000-01-01","2020-12-31","IP",0,"USD"]
["PS4767","Ahmad Shukeri Bin Mohamed & Noni binti Mohamad Ami",10,0,"3000-01-01","2020-12-31","IP",0,"USD"]
["PS4768","Ahmad Shukeri Bin Mohamed & Noni binti Mohamad Ami",10,0,"3000-01-01","2020-12-31","IP",0,"USD"]
["PS4769","Sallehuddin Bin Marzuki",10,0,"3000-01-01","2020-12-31","IP",0,"USD"]
["PS4770","Fazilah binti Jamaludin",10,0,"3000-01-01","2020-12-31","IP",0,"USD"]
["PS4771","Rozilah Binti Mohamad Tahir",10,0,"3000-01-01","2020-12-31","IP",0,"USD"]
["PS4772","Amril Haq bin Mohamad",10,0,"3000-01-01","2020-12-31","IP",0,"USD"]
["PS4773","Rosli Bin Sunar",10,0,"3000-01-01","2020-12-31","IP",0,"USD"]
["PS4774","Mardiana Norhafiza Binti Md Mansor",10,0,"3000-01-01","2020-12-31","IP",0,"USD"]
["PS4775","Haris Fazillah Bin Chee",10,0,"3000-01-01","2020-12-31","IP",0,"USD"]
["PS4776","Ahmad Aizuddin Bin Zubaidi",10,0,"3000-01-01","2020-12-31","IP",0,"USD"]
["PS4777","Muhammad Syahril Bin Sapiran",10,0,"3000-01-01","2020-12-31","IP",0,"USD"]
["PS4778","Hana Binti Hussein",10,0,"3000-01-01","2020-12-31","IP",0,"USD"]
["PS4779","Mahaliana Binti Kunyi Mohamad & Mohd Nazarrudin Bi",10,0,"3000-01-01","2020-12-31","IP",0,"USD"]
["PS4780","Nurul 'Asyiqin Binti Mahayuddin & Noorisah Binti A",10,0,"3000-01-01","2020-12-31","IP",0,"USD"]
["PS4781","Adam Bin Mohd Anshar@Mohd Khair & Nor Huda Binti M",10,0,"3000-01-01","2020-12-31","IP",0,"USD"]
["PS4782","Mohd Zafri Bin Mohd Yunus & Fadzilah Binti Md Zaid",10,0,"3000-01-01","2020-12-31","IP",0,"USD"]
["PS4783","M Alim Mustofa Bin Mualim",10,0,"3000-01-01","2020-12-31","IP",0,"USD"]
["PS4784","Mohamed Amin Bin Hussin",10,0,"3000-01-01","2020-12-31","IP",0,"USD"]
["PS4785","Suhaila Binti Ab Talib",10,0,"3000-01-01","2020-12-31","IP",0,"USD"]
["PS4786","PS4786",10,0,"3000-01-01","2020-12-31","IP",0,"USD"]
["PS4788","Mohd Azarull Azmeer bin Abdullah",10,0,"3000-01-01","2020-12-31","IP",0,"USD"]
["PS4789","Abd Rahman bin Amir",10,0,"3000-01-01","2020-12-31","IP",0,"USD"]
["PS4790","Marlyna binti Abdul Malek",10,0,"3000-01-01","2020-12-31","IP",0,"USD"]
["PS4791","Muhammad Hanif bin Mohd Ihwan",10,0,"3000-01-01","2020-12-31","IP",0,"USD"]
["PS4792","Mariatul Kabtiah binti Jamil",10,0,"3000-01-01","2020-12-31","IP",0,"USD"]
["PS4793","Mohd Fahmi bin Sabri",10,0,"3000-01-01","2020-12-31","IP",0,"USD"]
["PS4794","Mohd Saifuddin Bin Awang",10,0,"3000-01-01","2020-12-31","IP",0,"USD"]
["PS4795","Norziany Binti Mohd Noor",10,0,"3000-01-01","2020-12-31","IP",0,"USD"]
["PS4796","Mohd Zaidi Bin Mohd Zain",10,0,"3000-01-01","2020-12-31","IP",0,"USD"]
["PS4797","Mohd Farid Bin Mohamed Sangido & Hizatulhusna Bint",10,0,"3000-01-01","2020-12-31","IP",0,"USD"]
["PS4798","Dato Sri Dr Dzulkefly Bin Ahmad",10,0,"3000-01-01","2020-12-31","IP",0,"USD"]
["PS4799","Faiz Hazim Bin Mohd Nordin",10,0,"3000-01-01","2020-12-31","IP",0,"USD"]
["PS4800","LIM AI MEI & LIM AI PHENG",10,0,"3000-01-01","2020-12-31","IP",0,"USD"]
["PS4801","Hishamudi Bin Bahari",10,0,"3000-01-01","2020-12-31","IP",0,"USD"]
["PS4802","Mohammad Mahbubi Ali",10,0,"3000-01-01","2020-12-31","IP",0,"USD"]
["PS4803","Nackshabandey Bin Abd Rauof",10,0,"3000-01-01","2020-12-31","IP",0,"USD"]
["PS4804","Joel Thean SiYang",10,0,"3000-01-01","2020-12-31","IP",0,"USD"]
["PS4805","Rosli Bin Abu Hassan",10,0,"3000-01-01","2020-12-31","IP",0,"USD"]
["PS4806","Norita Binti Ibrahim",10,0,"3000-01-01","2020-12-31","IP",0,"USD"]
["PS4807","Mohamad Muzani Bin Hj Mahmood",10,0,"3000-01-01","2020-12-31","IP",0,"USD"]
["PS4808","Ruhana Binti Abu",10,0,"3000-01-01","2020-12-31","IP",0,"USD"]
["PS4809","Ikhwannudin Bin Iskandar",10,0,"3000-01-01","2020-12-31","IP",0,"USD"]
["PS4810","PS4810",10,0,"3000-01-01","2020-12-31","IP",0,"USD"]
["PS4811","Khairul Bin Mohd Noor",10,0,"3000-01-01","2020-12-31","IP",0,"USD"]
["PS4812","Rosmiza Binti Mohd Zainol",10,0,"3000-01-01","2020-12-31","IP",0,"USD"]
["PS4813","Johana binti Mat Said",10,0,"3000-01-01","2020-12-31","IP",0,"USD"]
["PS4814","Mohd Marzuki Bin Ismail",10,0,"3000-01-01","2020-12-31","IP",0,"USD"]
["PS4815","Ahmad As-Shaqawi Bin Mohd Zin",10,0,"3000-01-01","2020-12-31","IP",0,"USD"]
["PS4816","Johari Bin Abdul Jalil",10,0,"3000-01-01","2020-12-31","IP",0,"USD"]
["PS4817","Rosnani Binti Stopha",10,0,"3000-01-01","2020-12-31","IP",0,"USD"]
["PS4818","Nurulhidayah Binti Mohd Nor",10,0,"3000-01-01","2020-12-31","IP",0,"USD"]
["PS4819","Khairul Azuan bin Abdul Aziz",10,0,"3000-01-01","2020-12-31","IP",0,"USD"]
["PS4820","Muhammad Nazri Bin Rahmad",10,0,"3000-01-01","2020-12-31","IP",0,"USD"]
["PS4821","Haliza binti Ismail",10,0,"3000-01-01","2020-12-31","IP",0,"USD"]
["PS4822","Norzalizan Bin Ishak",10,0,"3000-01-01","2020-12-31","IP",0,"USD"]
["PS4823","Wan Suhil Bin Wan Salim ",10,0,"3000-01-01","2020-12-31","IP",0,"USD"]
["PS4824","E.zani Bin Mohd Hussain & Ahmad Khaeri Bin E. Zani",10,0,"3000-01-01","2020-12-31","IP",0,"USD"]
["PS4825","Ruzlan Bin Hashim ",10,0,"3000-01-01","2020-12-31","IP",0,"USD"]
["PS4826","Zuraida Binti Abdul Majid",10,0,"3000-01-01","2020-12-31","IP",0,"USD"]
["PS4827","Ahmad Kamil Bin Abdul Rauf",10,0,"3000-01-01","2020-12-31","IP",0,"USD"]
["PS4828","Yasir Fahmi Bin Mohamed Badri",10,0,"3000-01-01","2020-12-31","IP",0,"USD"]
["PS4829","Zaliza Binti Ismail & E.zani Bin Mohd Hussain",10,0,"3000-01-01","2020-12-31","IP",0,"USD"]
["PS4830","E.zani Bin Mohd Hussain & Ahmad Khaezuran Bin E.za",10,0,"3000-01-01","2020-12-31","IP",0,"USD"]
["PS4831","Nabilah Syahmie Binti Fadzle ",10,0,"3000-01-01","2020-12-31","IP",0,"USD"]
["PS4833","Ahmad Muid Bin Setapa",10,0,"3000-01-01","2020-12-31","IP",0,"USD"]
["PS4834","Mohd Azim Bin Mohd Akhir",10,0,"3000-01-01","2020-12-31","IP",0,"USD"]
["PS4835","Saripah Binti Sairin & Mohd Shahril Bin Mohammed S",10,0,"3000-01-01","2020-12-31","IP",0,"USD"]
["PS4836","Mohd Yusri Bin Mohd Yusof",10,0,"3000-01-01","2020-12-31","IP",0,"USD"]
["PS4837","Farah Lyana Binti Muhammad Sabri & Muhammad Hafiz ",10,0,"3000-01-01","2020-12-31","IP",0,"USD"]
["PS4838","Farizul Arif Bin Abd Mutalib",10,0,"3000-01-01","2020-12-31","IP",0,"USD"]
["PS4839","Muhammad Zaki Bin Kariah",10,0,"3000-01-01","2020-12-31","IP",0,"USD"]
["PS4840","Basri Bin Bakar",10,0,"3000-01-01","2020-12-31","IP",0,"USD"]
["PS4841","Mohd Hidayat Bin Daud",10,0,"3000-01-01","2020-12-31","IP",0,"USD"]
["PS4842","Mohd Idris Bin Omar",10,0,"3000-01-01","2020-12-31","IP",0,"USD"]
["PS4843","Mohd Noor Bin Ahmad",10,0,"3000-01-01","2020-12-31","IP",0,"USD"]
["PS4844","ZAINURRIZAL BIN AHMAD",10,0,"3000-01-01","2020-12-31","IP",0,"USD"]
["PS4845","KU MAHADZIR BIN KU YAHYA",10,0,"3000-01-01","2020-12-31","IP",0,"USD"]
["PS4846","MOHD JASNI BIN ABDULLAH",10,0,"3000-01-01","2020-12-31","IP",0,"USD"]
["PS4847","HILMI BIN ABU HASSAN",10,0,"3000-01-01","2020-12-31","IP",0,"USD"]
["PS4848","AZMI BIN ABDUL JALIL",10,0,"3000-01-01","2020-12-31","IP",0,"USD"]
["PS4849","NOR AZMI BIN EMBONG",10,0,"3000-01-01","2020-12-31","IP",0,"USD"]
["PS4850","MOHAMAD SHAHRUL AMRIE BIN SHAFEHARDIN",10,0,"3000-01-01","2020-12-31","IP",0,"USD"]
["PS4851","Mohd Norhafizi Bin Hassan",10,0,"3000-01-01","2020-12-31","IP",0,"USD"]
["PS4852","W Faridah Binti W Bakar ",10,0,"3000-01-01","2020-12-31","IP",0,"USD"]
["PS4853","Mohd Nor Bin Samausi",10,0,"3000-01-01","2020-12-31","IP",0,"USD"]
["PS4854","Noorain Bt Mohammad Thoha",10,0,"3000-01-01","2020-12-31","IP",0,"USD"]
["PS4855","Norkhamsiah Binti Abdul Malik",10,0,"3000-01-01","2020-12-31","IP",0,"USD"]
["PS4856","Mohd Azhar Bin Haron",10,0,"3000-01-01","2020-12-31","IP",0,"USD"]
["PS4857","HAIRUL EFFEZAN BIN MANAP",10,0,"3000-01-01","2020-12-31","IP",0,"USD"]
["PS4858","Rusli binti Othman",10,0,"3000-01-01","2020-12-31","IP",0,"USD"]
["PS4859","Adriana Tham Binti Alvin",10,0,"3000-01-01","2020-12-31","IP",0,"USD"]
["PS4860","Mohd Omeershffudin Bin Abdul Aziz",10,0,"3000-01-01","2020-12-31","IP",0,"USD"]
["PS4861","Mohd Noor Bin Razali",10,0,"3000-01-01","2020-12-31","IP",0,"USD"]
["PS4862","Wan Malihah Binti Abdul Rahman",10,0,"3000-01-01","2020-12-31","IP",0,"USD"]
["PS4863","Zainab Binti Mohd Shah",10,0,"3000-01-01","2020-12-31","IP",0,"USD"]
["PS4864","Al-Hakim Bin Abdullah",10,0,"3000-01-01","2020-12-31","IP",0,"USD"]
["PS4865","Shaheran binti Abdul Mutalib",10,0,"3000-01-01","2020-12-31","IP",0,"USD"]
["PS4866","Madzlan bin Aziz",10,0,"3000-01-01","2020-12-31","IP",0,"USD"]
["PS4867","Abdul Rahman Bin Mokhtar",10,0,"3000-01-01","2020-12-31","IP",0,"USD"]
["PS4868","Nik Azalina Binti Nik Anuwa",10,0,"3000-01-01","2020-12-31","IP",0,"USD"]
["PS4869","Sirajudin Bin Ahmad",10,0,"3000-01-01","2020-12-31","IP",0,"USD"]
["PS4870","Sahlan Bin Ismail",10,0,"3000-01-01","2020-12-31","IP",0,"USD"]
["PS4871","Mohd Sufian bin Sulaiman & Siti Fatimah binti Abd ",10,0,"3000-01-01","2020-12-31","IP",0,"USD"]
["PS4872","Mohd Sufian bin Sulaiman",10,0,"3000-01-01","2020-12-31","IP",0,"USD"]
["PS4873","Siti Fatimah binti Abd Samat",10,0,"3000-01-01","2020-12-31","IP",0,"USD"]
["PS4874","Ida Riswana binti Idris & Ismail bin Ibrahim",10,0,"3000-01-01","2020-12-31","IP",0,"USD"]
["PS4875","Ida Riswana binti Idris & Izzati binti Ibrahim",10,0,"3000-01-01","2020-12-31","IP",0,"USD"]
["PS4876","Engs Legacy Sdn Bhd",10,0,"3000-01-01","2020-12-31","IP",0,"USD"]
["PS4877","Mohamad Shazarul bin Ismail",10,0,"3000-01-01","2020-12-31","IP",0,"USD"]
["PS4878","Ruhil Amal bin Razali",10,0,"3000-01-01","2020-12-31","IP",0,"USD"]
["PS4879","Mohd Azizi bin Kasdi",10,0,"3000-01-01","2020-12-31","IP",0,"USD"]
["PS4880","Juliyana binti Abu Sari",10,0,"3000-01-01","2020-12-31","IP",0,"USD"]
["PS4881","Mohd Husni bin Mohd Rusad",10,0,"3000-01-01","2020-12-31","IP",0,"USD"]
["PS4882","Dr Abd Rahim bin Tahir",10,0,"3000-01-01","2020-12-31","IP",0,"USD"]
["PS4883","Muhammad Radzif bin Md Rodi",10,0,"3000-01-01","2020-12-31","IP",0,"USD"]
["PS4884","Riddzwan Bin Wahid",10,0,"3000-01-01","2020-12-31","IP",0,"USD"]
["PS4885","ROSLI BIN IBRAHIM",10,0,"3000-01-01","2020-12-31","IP",0,"USD"]
["PS4886","PS4886",10,0,"3000-01-01","2020-12-31","IP",0,"USD"]
["PS4887","HASNELLY BINTI NILIS",10,0,"3000-01-01","2020-12-31","IP",0,"USD"]
["PS4888","Husain Bin Osman",10,0,"3000-01-01","2020-12-31","IP",0,"USD"]
["PS4889","Azlan bin Md Alifiah",10,0,"3000-01-01","2020-12-31","IP",0,"USD"]
["PS4890","Ahmad Asyraf bin A Rahman",10,0,"3000-01-01","2020-12-31","IP",0,"USD"]
["PS4891","Faizul Iskandar bin Che' Shopi",10,0,"3000-01-01","2020-12-31","IP",0,"USD"]
["PS4892","Nor Azlan Bin Ahmad",10,0,"3000-01-01","2020-12-31","IP",0,"USD"]
["PS4893","Sarepah Enun Binti Shaari",10,0,"3000-01-01","2020-12-31","IP",0,"USD"]
["PS4894","Ihsannudin bin Iskandar",10,0,"3000-01-01","2020-12-31","IP",0,"USD"]
["PS4895","Nor Faeza Binti Sabari",10,0,"3000-01-01","2020-12-31","IP",0,"USD"]
["PS4896","Hannah Hisham ",10,0,"3000-01-01","2020-12-31","IP",0,"USD"]
["PS4897","Yusoff Bin Sulong",10,0,"3000-01-01","2020-12-31","IP",0,"USD"]
["PS4898","PS4898",10,0,"3000-01-01","2020-12-31","IP",0,"USD"]
["PS4899","PS4899",10,0,"3000-01-01","2020-12-31","IP",0,"USD"]
["PS4900","Ahmad Najahalhayyi bin Zulkifli",10,0,"3000-01-01","2020-12-31","IP",0,"USD"]
["PS4901","Amran bin Abu Bakar",10,0,"3000-01-01","2020-12-31","IP",0,"USD"]
["PS4902","PS4902",10,0,"3000-01-01","2020-12-31","IP",0,"USD"]
["PS4903","Mohd Ihwan bin Sudim @ Hj Basri",10,0,"3000-01-01","2020-12-31","IP",0,"USD"]
["PS4904","PS4904",10,0,"3000-01-01","2020-12-31","IP",0,"USD"]
["PS4905","Mohd Akmal Shafiq Bin Buang",10,0,"3000-01-01","2020-12-31","IP",0,"USD"]
["PS4906","PS4906",10,0,"3000-01-01","2020-12-31","IP",0,"USD"]
["PS4907","Rosidah Binti Mat Nordin & Nur Faraelysha Binti Mo",10,0,"3000-01-01","2020-12-31","IP",0,"USD"]
["PS4908","Hilme Bin Mohd Sayuti",10,0,"3000-01-01","2020-12-31","IP",0,"USD"]
["PS4909","Abdul Basir Bin Awang @ Mohd Ramli",10,0,"3000-01-01","2020-12-31","IP",0,"USD"]
["PS4910","Afyan Bin Mat Rawi",10,0,"3000-01-01","2020-12-31","IP",0,"USD"]
["PS4911","Johari Bin Mohd",10,0,"3000-01-01","2020-12-31","IP",0,"USD"]
["PS4912","Edryna Syfinaz Zarif Binti Ahmed Zaharani",10,0,"3000-01-01","2020-12-31","IP",0,"USD"]
["PS4913","Mohd Faizal Bin Ahmad",10,0,"3000-01-01","2020-12-31","IP",0,"USD"]
["PS4914","Muhammad Azry Bin Ahmad Mas Dali ",10,0,"3000-01-01","2020-12-31","IP",0,"USD"]
["PS4915","Mohd Firdaus Bin Mohamed Karim",10,0,"3000-01-01","2020-12-31","IP",0,"USD"]
["PS4916","Norul Hisham Bin Sanin",10,0,"3000-01-01","2020-12-31","IP",0,"USD"]
["PS4917","Siti Rulhajar Binti Alias",10,0,"3000-01-01","2020-12-31","IP",0,"USD"]
["PS4918","Mohd Rafiz Bin Mohd Yusof",10,0,"3000-01-01","2020-12-31","IP",0,"USD"]
["PS4919","Zaini Bin Mohamed Tambah",10,0,"3000-01-01","2020-12-31","IP",0,"USD"]
["PS4920","Rozmah Binti Ismail",10,0,"3000-01-01","2020-12-31","IP",0,"USD"]
["PS4921","Noraini Binti Safarudin",10,0,"3000-01-01","2020-12-31","IP",0,"USD"]
["PS4922","Norhani Binti Othman",10,0,"3000-01-01","2020-12-31","IP",0,"USD"]
["PS4923","Ruslina Binti Selamat",10,0,"3000-01-01","2020-12-31","IP",0,"USD"]
["PS4924","Mohamad Hizuan Bin Husin",10,0,"3000-01-01","2020-12-31","IP",0,"USD"]
["PS4925","Mad Haimi Bin Abu Hassan",10,0,"3000-01-01","2020-12-31","IP",0,"USD"]
["PS4926","Mohamed Razin Bin Mohamed Idris",10,0,"3000-01-01","2020-12-31","IP",0,"USD"]
["PS4927","Ruslaini Binti Shahidan & Nurul Nadia Binti Azman",10,0,"3000-01-01","2020-12-31","IP",0,"USD"]
["PS4928","Sharudin Bin Muhamad",10,0,"3000-01-01","2020-12-31","IP",0,"USD"]
["PS4929","Mohd Azfiza Bin Mohd Aznan",10,0,"3000-01-01","2020-12-31","IP",0,"USD"]
["PS4930","Azlina Binti Azizan",10,0,"3000-01-01","2020-12-31","IP",0,"USD"]
["PS4931","Bahariah Binti Baharuddin",10,0,"3000-01-01","2020-12-31","IP",0,"USD"]
["PS4932","Jazmeen Suzila Binti Jafar Suppayah",10,0,"3000-01-01","2020-12-31","IP",0,"USD"]
["PS4933","Mat Lazim Bin Talib",10,0,"3000-01-01","2020-12-31","IP",0,"USD"]
["PS4934","Mohd Zain Bin Harun",10,0,"3000-01-01","2020-12-31","IP",0,"USD"]
["PS4935","Siti Nurnabilah Binti Binti Umar",10,0,"3000-01-01","2020-12-31","IP",0,"USD"]
["PS4936","Shahayati Binti M Salleh",10,0,"3000-01-01","2020-12-31","IP",0,"USD"]
["PS4937","Mohd Azmi BIn Mohd Zin @ Kazin ",10,0,"3000-01-01","2020-12-31","IP",0,"USD"]
["PS4938","Zarina Binti Jamil",10,0,"3000-01-01","2020-12-31","IP",0,"USD"]
["PS4939","Faiqah Nastasha Binti Mohamed Sam",10,0,"3000-01-01","2020-12-31","IP",0,"USD"]
["PS4940","Wan Mohd Afham Solihin Bin Wan Zaki",10,0,"3000-01-01","2020-12-31","IP",0,"USD"]
["PS4941","Haslina Binti Abd Razak",10,0,"3000-01-01","2020-12-31","IP",0,"USD"]
["PS4942","Zulfikri Bin Abd Rashid",10,0,"3000-01-01","2020-12-31","IP",0,"USD"]
["PS4943","Muhammad Taqiyuddin Bin Che Ab Malik",10,0,"3000-01-01","2020-12-31","IP",0,"USD"]
["PS4944","Mohd Musa Bin Noor Mohd",10,0,"3000-01-01","2020-12-31","IP",0,"USD"]
["PS4945","Zaidi Bin Saad",10,0,"3000-01-01","2020-12-31","IP",0,"USD"]
["PS4946","Junaidey Bin Yatim",10,0,"3000-01-01","2020-12-31","IP",0,"USD"]
["PS4947","Mohd Ishak Bin Zulkifly",10,0,"3000-01-01","2020-12-31","IP",0,"USD"]
["PS4948","Raja Azhar Bin Raja Ahmad",10,0,"3000-01-01","2020-12-31","IP",0,"USD"]
["PS4949","Khairil Izwan Bin Mohd Yusop",10,0,"3000-01-01","2020-12-31","IP",0,"USD"]
["PS4950","Maizatul Akma Binti Napiah",10,0,"3000-01-01","2020-12-31","IP",0,"USD"]
["PS4951","Norliza Binti Said",10,0,"3000-01-01","2020-12-31","IP",0,"USD"]
["PS4952","Arfah Bin Hosnani",10,0,"3000-01-01","2020-12-31","IP",0,"USD"]
["PS4953","Hamzan Bin Kesot",10,0,"3000-01-01","2020-12-31","IP",0,"USD"]
["PS4954","SAZRINA THERA BINTI MOHD TAUFIQ",10,0,"3000-01-01","2020-12-31","IP",0,"USD"]
["PS4955","Mohd Izani Bin Mat Yusop",10,0,"3000-01-01","2020-12-31","IP",0,"USD"]
["PS4956","Ahmad Jazim Bin Zakaria",10,0,"3000-01-01","2020-12-31","IP",0,"USD"]
["PS4957","Mohd Afandi Bin Abu Bakar",10,0,"3000-01-01","2020-12-31","IP",0,"USD"]
["PS4958","Mohd Nasruldin Bin Ismail",10,0,"3000-01-01","2020-12-31","IP",0,"USD"]
["PS4959","Haidar Bin Subhi",10,0,"3000-01-01","2020-12-31","IP",0,"USD"]
["PS4960","Nik Mohd Aizuddin Bin Nik Mohd Nasir",10,0,"3000-01-01","2020-12-31","IP",0,"USD"]
["PS4961","Muhammad Hafiz Bin Bidin",10,0,"3000-01-01","2020-12-31","IP",0,"USD"]
["PS4962","Mazlina Binti Tupon",10,0,"3000-01-01","2020-12-31","IP",0,"USD"]
["PS4963","Juriyah Binti Che Lah",10,0,"3000-01-01","2020-12-31","IP",0,"USD"]
["PS4964","Fasil Bin Paramisil",10,0,"3000-01-01","2020-12-31","IP",0,"USD"]
["PS4965","Mohamad Zaidi Bin Jusoh",10,0,"3000-01-01","2020-12-31","IP",0,"USD"]
["PS4966","HISHAMUDDIN BIN HAMIDON",10,0,"3000-01-01","2020-12-31","IP",0,"USD"]
["PS4967","MOHD SHAHRUL BIN HAMZAH",10,0,"3000-01-01","2020-12-31","IP",0,"USD"]
["PS4968","Afida Binti Ariffin",10,0,"3000-01-01","2020-12-31","IP",0,"USD"]
["PS4969","Mohd Syamsulbahar Bin Mohd Arshad",10,0,"3000-01-01","2020-12-31","IP",0,"USD"]
["PS4970","Jamilah Binti Badarudin",10,0,"3000-01-01","2020-12-31","IP",0,"USD"]
["PS4971","Norfaizah Binti Johari",10,0,"3000-01-01","2020-12-31","IP",0,"USD"]
["PS4972","Zailani Bin Mohd Zain",10,0,"3000-01-01","2020-12-31","IP",0,"USD"]
["PS4973","Muhammad Nooradzam Bin Adam",10,0,"3000-01-01","2020-12-31","IP",0,"USD"]
["PS4974","Johan Azraei bin Muhamad Amin",10,0,"3000-01-01","2020-12-31","IP",0,"USD"]
["PS4975","Norzaidi Bin Daud",10,0,"3000-01-01","2020-12-31","IP",0,"USD"]
["PS4976","Zainon Binti Annuar",10,0,"3000-01-01","2020-12-31","IP",0,"USD"]
["PS4977","PS4977",10,0,"3000-01-01","2020-12-31","IP",0,"USD"]
["PS4978","Syaheed Rafiq Annuar",10,0,"3000-01-01","2020-12-31","IP",0,"USD"]
["PS4979","Mohd Radhiff Bin Mohd Ali",10,0,"3000-01-01","2020-12-31","IP",0,"USD"]
["PS4980","Haslina Binti Mohamed Salleh",10,0,"3000-01-01","2020-12-31","IP",0,"USD"]
["PS4981","Maz Fazel Bin Puteh & Wan Hafizah Binti Wan Othman",10,0,"3000-01-01","2020-12-31","IP",0,"USD"]
["PS4982","Nordin Bin Othman",10,0,"3000-01-01","2020-12-31","IP",0,"USD"]
["PS4983","Azizah binti Aziz",10,0,"3000-01-01","2020-12-31","IP",0,"USD"]
["PS4984","Mohd Asri Bin Zabidi",10,0,"3000-01-01","2020-12-31","IP",0,"USD"]
["PS4985","Mahron Rohaizan Bin Mohammed",10,0,"3000-01-01","2020-12-31","IP",0,"USD"]
["PS4986","Ali Nur Firdaus Bin Mohd Ishak",10,0,"3000-01-01","2020-12-31","IP",0,"USD"]
["PS4987","Wan Sofiah Binti Bakar @ Mahamood",10,0,"3000-01-01","2020-12-31","IP",0,"USD"]
["PS4988","Zulkifli Bin Mohd Noh",10,0,"3000-01-01","2020-12-31","IP",0,"USD"]
["PS4989","Sapeai Bin Yahya",10,0,"3000-01-01","2020-12-31","IP",0,"USD"]
["PS4990","Fazilah Binti Md. Dahan",10,0,"3000-01-01","2020-12-31","IP",0,"USD"]
["PS4991","Mohamad Kabidi Bin Mohamad",10,0,"3000-01-01","2020-12-31","IP",0,"USD"]
["PS4992","Ruzlan Bin Hashim",10,0,"3000-01-01","2020-12-31","IP",0,"USD"]
["PS4993","Shamshul Azree Bin Samshir",10,0,"3000-01-01","2020-12-31","IP",0,"USD"]
["PS4994","Muhammad Hazman Bin Hassan",10,0,"3000-01-01","2020-12-31","IP",0,"USD"]
["PS4995","Noraishah Binti Ahmad",10,0,"3000-01-01","2020-12-31","IP",0,"USD"]
["PS4996","Suhaika Shereen Bt Mohamed Shariff",10,0,"3000-01-01","2020-12-31","IP",0,"USD"]
["PS4997","Zalina Binti Abdul Rahim",10,0,"3000-01-01","2020-12-31","IP",0,"USD"]
["PS4998","Fadzlon Diba Binti Ahmad",10,0,"3000-01-01","2020-12-31","IP",0,"USD"]
["PS4999","Siti Balqis Binti Shaharuddin",10,0,"3000-01-01","2020-12-31","IP",0,"USD"]
["PS5000","AHMAD BIN HARUN",10,0,"3000-01-01","2020-12-31","IP",0,"USD"]
["PS5001","PS5001",10,0,"3000-01-01","2020-12-31","IP",0,"USD"]
["PS5002","PS5002",10,0,"3000-01-01","2020-12-31","IP",0,"USD"]
["PS5003","AHMAD FADHLI BIN IBRAHIM",10,0,"3000-01-01","2020-12-31","IP",0,"USD"]
["PS5004","ABD KHAKIM KAMAL BIN MASADI @ MASHADI",10,0,"3000-01-01","2020-12-31","IP",0,"USD"]
["PS5005","KHAIRUL AQRAN BIN ABDUL KADIR",10,0,"3000-01-01","2020-12-31","IP",0,"USD"]
["PS5006","PS5006",10,0,"3000-01-01","2020-12-31","IP",0,"USD"]
["PS5007","MOHD NAZRI BIN IDRIS",10,0,"3000-01-01","2020-12-31","IP",0,"USD"]
["PS5008","NORRIDA BINTI YUSOFF",10,0,"3000-01-01","2020-12-31","IP",0,"USD"]
["PS5009","ADZLAN BIN ALI MOKHTAR",10,0,"3000-01-01","2020-12-31","IP",0,"USD"]
["PS5010","ABDUL LATIF BIN BUNYAMIN",10,0,"3000-01-01","2020-12-31","IP",0,"USD"]
["PS5011","SUHARTI BINTI ISMAIL",10,0,"3000-01-01","2020-12-31","IP",0,"USD"]
["PS5012","JOHARI BIN YUSOFF",10,0,"3000-01-01","2020-12-31","IP",0,"USD"]
["PS5013","MOHAMAD JUNAIDA BIN HOODI",10,0,"3000-01-01","2020-12-31","IP",0,"USD"]
["PS5014","PS5014",10,0,"3000-01-01","2020-12-31","IP",0,"USD"]
["PS5015","PS5015",10,0,"3000-01-01","2020-12-31","IP",0,"USD"]
["PS5016","NIK ILMAN FAHMI BIN NIK ISMAIL",10,0,"3000-01-01","2020-12-31","IP",0,"USD"]
["PS5017","HASNAN BIN HUSSAIN",10,0,"3000-01-01","2020-12-31","IP",0,"USD"]
["PS5018","Ahmad Faizul Fahmi Bin Mohd",10,0,"3000-01-01","2020-12-31","IP",0,"USD"]
["PS5019","MOHAMAD MALIKE BIN SHAFIE",10,0,"3000-01-01","2020-12-31","IP",0,"USD"]
["PS5020","NOR AZMAN BIN JANURI",10,0,"3000-01-01","2020-12-31","IP",0,"USD"]
["PS5021","ROSNANI BINTI IBRAHIM",10,0,"3000-01-01","2020-12-31","IP",0,"USD"]
["PS5022","MOHD BURHAN BIN AHMAD",10,0,"3000-01-01","2020-12-31","IP",0,"USD"]
["PS5023","ZALEHA BINTI MOHAMED",10,0,"3000-01-01","2020-12-31","IP",0,"USD"]
["PS5024","R.HIMAH BINTI RAJA HITAM",10,0,"3000-01-01","2020-12-31","IP",0,"USD"]
["PS5025","ABDUL RAZAK BIN HARUN",10,0,"3000-01-01","2020-12-31","IP",0,"USD"]
["PS5026","PS5026",10,0,"3000-01-01","2020-12-31","IP",0,"USD"]
["PS5027","PS5027",10,0,"3000-01-01","2020-12-31","IP",0,"USD"]
["PS5028","MOHD SALLEH BIN HARUN",10,0,"3000-01-01","2020-12-31","IP",0,"USD"]
["PS5029","NAZIRAH BINTI CHE ISMAIL",10,0,"3000-01-01","2020-12-31","IP",0,"USD"]
["PS5030","ISMAIL BIN MAT",10,0,"3000-01-01","2020-12-31","IP",0,"USD"]
["PS5031","NGADNI BIN TEMON",10,0,"3000-01-01","2020-12-31","IP",0,"USD"]
["PS5032","MUHAMMAD ZULFARHAN BIN ZULKIPLI",10,0,"3000-01-01","2020-12-31","IP",0,"USD"]
["PS5033","NORLIZAH BINTI PAHARUDIN",10,0,"3000-01-01","2020-12-31","IP",0,"USD"]
["PS5034","PS5034",10,0,"3000-01-01","2020-12-31","IP",0,"USD"]
["PS5035","PS5035",10,0,"3000-01-01","2020-12-31","IP",0,"USD"]
["PS5036","KU NADRIYAH BINTI KU HAMZAH",10,0,"3000-01-01","2020-12-31","IP",0,"USD"]
["PS5037","AHMAD KAMIL BIN MOHAMED HANI",10,0,"3000-01-01","2020-12-31","IP",0,"USD"]
["PS5038","MOHD SHAH NIZAM BIN SHAMSUDDIN",10,0,"3000-01-01","2020-12-31","IP",0,"USD"]
["PS5039","ARIDA BUSINESS MGT SDN BHD",10,0,"3000-01-01","2020-12-31","IP",0,"USD"]
["PS5040","DALINA BINTI ABDUL MAJID",10,0,"3000-01-01","2020-12-31","IP",0,"USD"]
["PS5041","MOHD IDRIS BIN HARUN",10,0,"3000-01-01","2020-12-31","IP",0,"USD"]
["PS5042","NARMIZAYANEE BINTI MOHD NADJIB",10,0,"3000-01-01","2020-12-31","IP",0,"USD"]
["PS5043","ZAINAB BINTI SHUIB",10,0,"3000-01-01","2020-12-31","IP",0,"USD"]
["PS5044","AMEY SURIATI BINTI YAHYA & WAN FAIZAL BIN WAN RAZA",10,0,"3000-01-01","2020-12-31","IP",0,"USD"]
["PS5045","ZAINUDDIN BIN ISHAK",10,0,"3000-01-01","2020-12-31","IP",0,"USD"]
["PS5046","JAMALIAH BINTI MD SAMAN",10,0,"3000-01-01","2020-12-31","IP",0,"USD"]
["PS5047","NABIHAH BINTI MUDA",10,0,"3000-01-01","2020-12-31","IP",0,"USD"]
["PS5048","MUZLINA BINTI GHAZALI",10,0,"3000-01-01","2020-12-31","IP",0,"USD"]
["PS5049","MS NORFADZILAH BINTI MUSTAFA",10,0,"3000-01-01","2020-12-31","IP",0,"USD"]
["PS5050","ATIKAH NAZHWA BINTI ABDUL AZIZ",10,0,"3000-01-01","2020-12-31","IP",0,"USD"]
["PS5051","ABDUL HAKIM BIN ABDUL RAHMAN",10,0,"3000-01-01","2020-12-31","IP",0,"USD"]
["PS5052","MOHD FAUZI BIN MOHD YUSSOF",10,0,"3000-01-01","2020-12-31","IP",0,"USD"]
["PS5053","KASIMAWATI BINTI ALWI",10,0,"3000-01-01","2020-12-31","IP",0,"USD"]
["PS5054","ADI RIDZWAN BIN MURID @ HOESNI",10,0,"3000-01-01","2020-12-31","IP",0,"USD"]
["PS5055","NORHAMIMAH BINTI IDRIS",10,0,"3000-01-01","2020-12-31","IP",0,"USD"]
["PS5056","MUHAMMAD RIDHWAN BIN OTHMAN",10,0,"3000-01-01","2020-12-31","IP",0,"USD"]
["PS5057","HASLINA BINTI ARSHAT",10,0,"3000-01-01","2020-12-31","IP",0,"USD"]
["PS5058","MARINAH BINTI ARSHAD",10,0,"3000-01-01","2020-12-31","IP",0,"USD"]
["PS5059","IMRAN BIN ISMAIL",10,0,"3000-01-01","2020-12-31","IP",0,"USD"]
["PS5060","NOR HAJAR BINTI ABD HAMID",10,0,"3000-01-01","2020-12-31","IP",0,"USD"]
["PS5061","NOOR HIYATI BINTI ABU BAKAR",10,0,"3000-01-01","2020-12-31","IP",0,"USD"]
["PS5062","AZLINDA BINTI ALUWI",10,0,"3000-01-01","2020-12-31","IP",0,"USD"]
["PS5063","FARHAT AZMI BINTI VAKIL AHMAD",10,0,"3000-01-01","2020-12-31","IP",0,"USD"]
["PS5064","NIK MAZLINA BINTI NIK MUHAMMAD",10,0,"3000-01-01","2020-12-31","IP",0,"USD"]
["PS5065","ABDUL RAHIM BIN AHMAD",10,0,"3000-01-01","2020-12-31","IP",0,"USD"]
["PS5066","PS5066",10,0,"3000-01-01","2020-12-31","IP",0,"USD"]
["PS5067","MASNI BINTI A.MAJID",10,0,"3000-01-01","2020-12-31","IP",0,"USD"]
["PS5068","Che Hasanusi Bin Idris",10,0,"3000-01-01","2020-12-31","IP",0,"USD"]
["PS5069","HARIS BIN HARON",10,0,"3000-01-01","2020-12-31","IP",0,"USD"]
["PS5070","MOHD ASRI BIN OTHMAN",10,0,"3000-01-01","2020-12-31","IP",0,"USD"]
["PS5071","MOHAMMAD FUAD BIN UZIR ABD WAHAB",10,0,"3000-01-01","2020-12-31","IP",0,"USD"]
["PS5072","SANI AZRUL BIN MOHAMAD SALLEH",10,0,"3000-01-01","2020-12-31","IP",0,"USD"]
["PS5073","ABDUL GHAFAR BIN IJANG",10,0,"3000-01-01","2020-12-31","IP",0,"USD"]
["PS5074","ISMADI BIN ISMAIL",10,0,"3000-01-01","2020-12-31","IP",0,"USD"]
["PS5075","WAN NOOR ELLISA BINTI",10,0,"3000-01-01","2020-12-31","IP",0,"USD"]
["PS5076","PS5076",10,0,"3000-01-01","2020-12-31","IP",0,"USD"]
["PS5077","KAMARUL AZMAN BIN KAMARUDIN",10,0,"3000-01-01","2020-12-31","IP",0,"USD"]
["PS5078","MOHD FAKHRUL RAZI BIN MISNI",10,0,"3000-01-01","2020-12-31","IP",0,"USD"]
["PS5079","MUNIRAH BINTI ABDULLAH BAJANUDDIN",10,0,"3000-01-01","2020-12-31","IP",0,"USD"]
["PS5080","Jonathan Seow Jian Vin",10,0,"3000-01-01","2020-12-31","IP",0,"USD"]
["PS5081","MS FAUZIAH BINTI MAT NOOR",10,0,"3000-01-01","2020-12-31","IP",0,"USD"]
["PS5082","SITI ZAINAH BINTI MAPAK",10,0,"3000-01-01","2020-12-31","IP",0,"USD"]
["PS5083","JASMI BIN JANTAN",10,0,"3000-01-01","2020-12-31","IP",0,"USD"]
["PS5084","MOHAMAD FEIZAL BIN MOHD GHAZALI",10,0,"3000-01-01","2020-12-31","IP",0,"USD"]
["PS5085","MOHAMAD HUSNI BIN ABD MUTALIB",10,0,"3000-01-01","2020-12-31","IP",0,"USD"]
["PS5086","PS5086",10,0,"3000-01-01","2020-12-31","IP",0,"USD"]
["PS5087","MS NURUL AIN BINTI MOHMAD",10,0,"3000-01-01","2020-12-31","IP",0,"USD"]
["PS5088","MR MOHD YUSOF BIN HUSSAIN",10,0,"3000-01-01","2020-12-31","IP",0,"USD"]
["PS5089","FAROUK BIN BAHARUM",10,0,"3000-01-01","2020-12-31","IP",0,"USD"]
["PS5090","ZAFRI AIMAN BIN ZULKIFLY",10,0,"3000-01-01","2020-12-31","IP",0,"USD"]
["PS5091","AHMAD TARMIZI BIN MUHIBUDIN",10,0,"3000-01-01","2020-12-31","IP",0,"USD"]
["PS5092","PS5092",10,0,"3000-01-01","2020-12-31","IP",0,"USD"]
["PS5093","MR ABDUL KADIR BIN MASROM",10,0,"3000-01-01","2020-12-31","IP",0,"USD"]
["PS5094","Mohammad Helmi Bin Kassim",10,0,"3000-01-01","2020-12-31","IP",0,"USD"]
["PS5095","Asril Amirul Bin Zakariah",10,0,"3000-01-01","2020-12-31","IP",0,"USD"]
["PS5096","AZMIAH BINTI AB RAHMAN",10,0,"3000-01-01","2020-12-31","IP",0,"USD"]
["PS5097","Hamimah Binti Mustaffa",10,0,"3000-01-01","2020-12-31","IP",0,"USD"]
["PS5098","MOHAMAD SHUKRI BIN GHANI",10,0,"3000-01-01","2020-12-31","IP",0,"USD"]
["PS5099","Vicnes A/L Ponnusamy",10,0,"3000-01-01","2020-12-31","IP",0,"USD"]
["PS5100","Nuradilah Binti Abdul Rahim",10,0,"3000-01-01","2020-12-31","IP",0,"USD"]
["PS5101","WAN ZANARIAH BINTI WAN SAAD",10,0,"3000-01-01","2020-12-31","IP",0,"USD"]
["PS5102","YUSRI BIN MASKON & MAISZAINAH BINTI ISHAK",10,0,"3000-01-01","2020-12-31","IP",0,"USD"]
["PS5103","ABDUL RAZAK BIN KAMARUDDIN",10,0,"3000-01-01","2020-12-31","IP",0,"USD"]
["PS5104","MOHD HAZMAN SYAKIR BIN AZMAN",10,0,"3000-01-01","2020-12-31","IP",0,"USD"]
["PS5105","Peninsular Corporate Consultants Sdn Bhd",10,0,"3000-01-01","2020-12-31","IP",0,"USD"]
["PS5106","ABU BAKAR BIN ABU SEMAN",10,0,"3000-01-01","2020-12-31","IP",0,"USD"]
["PS5107","IRA NORIANA BINTI ISMAIL",10,0,"3000-01-01","2020-12-31","IP",0,"USD"]
["PS5108","PS5108",10,0,"3000-01-01","2020-12-31","IP",0,"USD"]
["PS5109","ARIFFIN BIN MOHD HASHIM & AZMIN BINTI MOHD ZAM",10,0,"3000-01-01","2020-12-31","IP",0,"USD"]
["PS5110","Puteri Nur 'Amirah Binti Mohd Isah",10,0,"3000-01-01","2020-12-31","IP",0,"USD"]
["PS5111","GHAZALI BIN MD ZIN",10,0,"3000-01-01","2020-12-31","IP",0,"USD"]
["PS5112","SITI SALWANI BINTI SAMAT",10,0,"3000-01-01","2020-12-31","IP",0,"USD"]
["PS5113","PS5113",10,0,"3000-01-01","2020-12-31","IP",0,"USD"]
["PS5114","SHAHUL HAMID BIN ABDULLAH",10,0,"3000-01-01","2020-12-31","IP",0,"USD"]
["PS5115","NURFATIN HAZIQAH BINTI MD SHAH",10,0,"3000-01-01","2020-12-31","IP",0,"USD"]
["PS5116","Khairusazwan bin Mohamed Hanapi",10,0,"3000-01-01","2020-12-31","IP",0,"USD"]
["PS5117","ROHAYATI BINTI MAT",10,0,"3000-01-01","2020-12-31","IP",0,"USD"]
["PS5118","RIJALUDDIN BIN MOHD SALLEH",10,0,"3000-01-01","2020-12-31","IP",0,"USD"]
["PS5119","KHATIJAH BINTI NYAK HASHIM  & SHEIKH AHMAD NEJJEB ",10,0,"3000-01-01","2020-12-31","IP",0,"USD"]
["PS5120","PS5120",10,0,"3000-01-01","2020-12-31","IP",0,"USD"]
["PS5121","SYAHRIZAL BIN PAKHRURRAZI",10,0,"3000-01-01","2020-12-31","IP",0,"USD"]
["PS5122","PS5122",10,0,"3000-01-01","2020-12-31","IP",0,"USD"]
["PS5123","BADERULHISHAM BIN JAMARI",10,0,"3000-01-01","2020-12-31","IP",0,"USD"]
["PS5124","DATUK HANAFI BIN MAMAT",10,0,"3000-01-01","2020-12-31","IP",0,"USD"]
["PS5125","KAMARUL BIN NORMAN",10,0,"3000-01-01","2020-12-31","IP",0,"USD"]
["PS5126","ZULKHAIRI BIN ISMAIL",10,0,"3000-01-01","2020-12-31","IP",0,"USD"]
["PS5127","MUHAMMAD SHAKIR BIN MOHAMAD FAUZI",10,0,"3000-01-01","2020-12-31","IP",0,"USD"]
["PS5128","SALEHA BINTI ABDUL AZIZ",10,0,"3000-01-01","2020-12-31","IP",0,"USD"]
["PS5129","MS MASNIAH BINTI KEPOL",10,0,"3000-01-01","2020-12-31","IP",0,"USD"]
["PS5130","MR MUHAMMAD AIZAT BIN AMDAN",10,0,"3000-01-01","2020-12-31","IP",0,"USD"]
["PS5131","MR NASEM BIN ZULKIFLI",10,0,"3000-01-01","2020-12-31","IP",0,"USD"]
["PS5132","MR ROSMAN BIN JAFFAR",10,0,"3000-01-01","2020-12-31","IP",0,"USD"]
["PS5133","MS NOR ARIENA BINTI MOHD RITZAL",10,0,"3000-01-01","2020-12-31","IP",0,"USD"]
["PS5134","MS HARTINI BINTI IZHAR & MS HELESYA HILDA BINTI HA",10,0,"3000-01-01","2020-12-31","IP",0,"USD"]
["PS5135","MS HARTINI BINTI IZHAR & MS HELENA HILDA BINTI HAM",10,0,"3000-01-01","2020-12-31","IP",0,"USD"]
["PS5136","MS IDORA BT OMAR",10,0,"3000-01-01","2020-12-31","IP",0,"USD"]
["PS5137","MR SHAMZURI BIN ABU ZARIN",10,0,"3000-01-01","2020-12-31","IP",0,"USD"]
["PS5138","MR MOHD ZAKI BIN MOHD SAID",10,0,"3000-01-01","2020-12-31","IP",0,"USD"]
["PS5139","MR MUHAMMAD NAJIB BIN SALEHIN",10,0,"3000-01-01","2020-12-31","IP",0,"USD"]
["PS5140","MR FARUZI BIN LOKMAN",10,0,"3000-01-01","2020-12-31","IP",0,"USD"]
["PS5141","MR AZMAN BIN TEH",10,0,"3000-01-01","2020-12-31","IP",0,"USD"]
["PS5142","MR WAN ZULKAFRI @ WAN HAFIZZ BIN WAN NGAH",10,0,"3000-01-01","2020-12-31","IP",0,"USD"]
["PS5143","MR PUNIRAN BIN DENAN",10,0,"3000-01-01","2020-12-31","IP",0,"USD"]
["PS5144","MR FAKHRUL AIMAN BIN SAMSUDDIN",10,0,"3000-01-01","2020-12-31","IP",0,"USD"]
["PS5145","MR MOHD NORDZIE BIN MOHD YUSOP@YUSOFF",10,0,"3000-01-01","2020-12-31","IP",0,"USD"]
["PS5146","MR MUHAMAD FARIS BIN ABDUL JAMIL",10,0,"3000-01-01","2020-12-31","IP",0,"USD"]
["PS5147","MS NOOR ASIAH BINTI IBRAHIM",10,0,"3000-01-01","2020-12-31","IP",0,"USD"]
["PS5148","MR AZZARRUL HISYAM BIN MUSTAPA",10,0,"3000-01-01","2020-12-31","IP",0,"USD"]
["PS5149","MR ABDUL RAHMAN BIN ABU BAKAR",10,0,"3000-01-01","2020-12-31","IP",0,"USD"]
["PS5150","MR AG ISMAIL BIN AG TUAH",10,0,"3000-01-01","2020-12-31","IP",0,"USD"]
["PS5151","MR MUHAMMAD AMIN BIN MOHD YAKUB",10,0,"3000-01-01","2020-12-31","IP",0,"USD"]
["PS5152","MR NIK MOHD HASHIM BIN ABDUL HAMID",10,0,"3000-01-01","2020-12-31","IP",0,"USD"]
["PS5153","MR HANIF BIN AHMAD KAMEL",10,0,"3000-01-01","2020-12-31","IP",0,"USD"]
["PS5154","MS SITI AYUNI HASSANUDIN",10,0,"3000-01-01","2020-12-31","IP",0,"USD"]
["PS5155","MS WAN KHARIU AZIZAH BINTI WAN HASSAN",10,0,"3000-01-01","2020-12-31","IP",0,"USD"]
["PS5156","MR ABD MALEK BIN MANAP",10,0,"3000-01-01","2020-12-31","IP",0,"USD"]
["PS5157","MR MOHAMMAD NIZAN BIN DRAMAN",10,0,"3000-01-01","2020-12-31","IP",0,"USD"]
["PS5158","MS NORSAZILAWATI BINTI MD SAID & MS AZLINA BINTI A",10,0,"3000-01-01","2020-12-31","IP",0,"USD"]
["PS5159","MR FAZZRUDIN BIN ABDUL RAHMAN",10,0,"3000-01-01","2020-12-31","IP",0,"USD"]
["PS5160","MR MOHD BANURI BIN ARIS",10,0,"3000-01-01","2020-12-31","IP",0,"USD"]
["PS5161","MR HAMIDUN BIN ISMAIL",10,0,"3000-01-01","2020-12-31","IP",0,"USD"]
["PS5162","MS KAMALLAILA BINTI SULAIMAN",10,0,"3000-01-01","2020-12-31","IP",0,"USD"]
["PS5163","MR AHMAD TAUFIQ HIDAYAT BIN AHMAD HASSANUDIN",10,0,"3000-01-01","2020-12-31","IP",0,"USD"]
["PS5164","MS ROHANI BINTI ABDULLAH",10,0,"3000-01-01","2020-12-31","IP",0,"USD"]
["PS5165","MR MUSTAFAH BIN MD ZIN",10,0,"3000-01-01","2020-12-31","IP",0,"USD"]
["PS5166","MR KAMALUL ARIFIN BIN OTHMAN",10,0,"3000-01-01","2020-12-31","IP",0,"USD"]
["PS5167","MOHAMAD FIRDAUS TAY BIN ABDULLAH",10,0,"3000-01-01","2020-12-31","IP",0,"USD"]
["PS5168","MR SAAIN BIN EMRAN",10,0,"3000-01-01","2020-12-31","IP",0,"USD"]
["PS5169","MR LEE CHIN ANN",10,0,"3000-01-01","2020-12-31","IP",0,"USD"]
["PS5170","MR TAN TEONG YONG",10,0,"3000-01-01","2020-12-31","IP",0,"USD"]
["PS5171","MR HASIF BIN SHEIKH ALI",10,0,"3000-01-01","2020-12-31","IP",0,"USD"]
["PS5172","NURUL ANWAR HIBATULLAH BIN MOHD REDZUAN",10,0,"3000-01-01","2020-12-31","IP",0,"USD"]
["PS5173","MR DEVARAJA A/L MURUGAPPA",10,0,"3000-01-01","2020-12-31","IP",0,"USD"]
["PS5174","MR MOHD SHERWANY BIN IBRAHIM",10,0,"3000-01-01","2020-12-31","IP",0,"USD"]
["PS5175","MS DAYANG SALWA BINTI SULAIMAN",10,0,"3000-01-01","2020-12-31","IP",0,"USD"]
["PS5176","ZAIRI AZRI BIN MOHD TAMIZI",10,0,"3000-01-01","2020-12-31","IP",0,"USD"]
["PS5177","MS NURAZYYATI BINTI HAMZAH",10,0,"3000-01-01","2020-12-31","IP",0,"USD"]
["PS5178","MS AINILHAYAT BINTI A RAHMAN",10,0,"3000-01-01","2020-12-31","IP",0,"USD"]
["PS5179","MS SUHAILAH BINTI KAMAL",10,0,"3000-01-01","2020-12-31","IP",0,"USD"]
["PS5180","MR MOHD SALLEHUDDIN BIN HAMDAN",10,0,"3000-01-01","2020-12-31","IP",0,"USD"]
["PS5181","MS NUR HUDA BINTI SHEIKH ALI",10,0,"3000-01-01","2020-12-31","IP",0,"USD"]
["PS5182","MR MOHAMMED ZUBER BIN HASHIM",10,0,"3000-01-01","2020-12-31","IP",0,"USD"]
["PS5183","PUAN SHARIFAH NADIA BINTI SYED MOHAMED",10,0,"3000-01-01","2020-12-31","IP",0,"USD"]
["PS5184","MS RAHMAH BINTI MUHAMMAD",10,0,"3000-01-01","2020-12-31","IP",0,"USD"]
["PS5185","MR ZAINAL BIN ABD JALIL",10,0,"3000-01-01","2020-12-31","IP",0,"USD"]
["PS5186","MR NUR MOHD SAIFUDDIN BIN SALAHUDDIN",10,0,"3000-01-01","2020-12-31","IP",0,"USD"]
["PS5187","MR MEGAT ROSMAN HALIM BIN MEGAT KAMARUL ZAMAN",10,0,"3000-01-01","2020-12-31","IP",0,"USD"]
["PS5188","MS NOR AZIAH BINTI ISHAK",10,0,"3000-01-01","2020-12-31","IP",0,"USD"]
["PS5189","MR ADI SHABIRI BIN OTHMAN",10,0,"3000-01-01","2020-12-31","IP",0,"USD"]
["PS5190","MR SUHAIMI BIN SULAIMAN",10,0,"3000-01-01","2020-12-31","IP",0,"USD"]
["PS5191","MS NOR NIZA BINTI MD AJIB",10,0,"3000-01-01","2020-12-31","IP",0,"USD"]
["PS5192","MR SAIFUL ANWAR BIN ZAINI",10,0,"3000-01-01","2020-12-31","IP",0,"USD"]
["PS5193","MS NURULHAIRIYA BINTI MUHAMMAD",10,0,"3000-01-01","2020-12-31","IP",0,"USD"]
["PS5194","MR MUHAMMAD HARIE BIN MUHAMMAD AMIR CHOW",10,0,"3000-01-01","2020-12-31","IP",0,"USD"]
["PS5195","MR MOHD HAZMI BIN KASMIN",10,0,"3000-01-01","2020-12-31","IP",0,"USD"]
["PS5196","MR NOOR KAMAL ARIFIN BIN OSMAN",10,0,"3000-01-01","2020-12-31","IP",0,"USD"]
["PS5197","MS INTAN MASTURA BINTI RAZALY",10,0,"3000-01-01","2020-12-31","IP",0,"USD"]
["PS5198","TAN SRI HUSSIN BIN HAJI ISMAIL",10,0,"3000-01-01","2020-12-31","IP",0,"USD"]
["PS5199","MR ANUAR BIN HARON",10,0,"3000-01-01","2020-12-31","IP",0,"USD"]
["PS5200","DATO' MOHD HILMEY BIN MOHD TAIB",10,0,"3000-01-01","2020-12-31","IP",0,"USD"]
["PS5201","MDM WAN FAIZAH BINTI ZAKARIA",10,0,"3000-01-01","2020-12-31","IP",0,"USD"]
["PS5202","MS YUZLIFAH BINTI MOHAMMED YUSOFF",10,0,"3000-01-01","2020-12-31","IP",0,"USD"]
["PS5203","MS NUR SHAZREN BINTI MOHD SHAH",10,0,"3000-01-01","2020-12-31","IP",0,"USD"]
["PS5204","DATO'SERI AHMAD SAMSURI BIN MOKHTAR",10,0,"3000-01-01","2020-12-31","IP",0,"USD"]
["PS5206","MR AHMAD FADLI BIN SAAD",10,0,"3000-01-01","2020-12-31","IP",0,"USD"]
["PS5207","MS JUSLINA BINTI YACOB",10,0,"3000-01-01","2020-12-31","IP",0,"USD"]
["PS5208","MS ROHANA BINTI MOHD YUSOFF",10,0,"3000-01-01","2020-12-31","IP",0,"USD"]
["PS5209","TAN SRI NORIAN BIN MAI",10,0,"3000-01-01","2020-12-31","IP",0,"USD"]
["PS5210","MS ZAKIAH BINTI JA'AFAR",10,0,"3000-01-01","2020-12-31","IP",0,"USD"]
["PS5211","MR MUHAMMAD SANUSI BIN AWANG",10,0,"3000-01-01","2020-12-31","IP",0,"USD"]
["PS5212","MR MOHMAD ESA BIN SARBAN",10,0,"3000-01-01","2020-12-31","IP",0,"USD"]
["PS5213","MR AHMAD RAZLAN BIN ABU BAKAR",10,0,"3000-01-01","2020-12-31","IP",0,"USD"]
["PS5214","MR MOHD FADZLY BIN AHMAD ZAWAWI & MS SURAYA BINTI ",10,0,"3000-01-01","2020-12-31","IP",0,"USD"]
["PS5215","MS ERLY YUSNITA BINTI NASARUDDIN",10,0,"3000-01-01","2020-12-31","IP",0,"USD"]
["PS5216","MS ROHAYA BINTI ABDUL GANI",10,0,"3000-01-01","2020-12-31","IP",0,"USD"]
["PS5217","MOHD MUSRYZAL BIN MOHAMED ARIFFIN",10,0,"3000-01-01","2020-12-31","IP",0,"USD"]
["PS5218","Mohd Faizal Bin Md Nor",10,0,"3000-01-01","2020-12-31","IP",0,"USD"]
["PS5219","Surita Binti Abdul Rahman",10,0,"3000-01-01","2020-12-31","IP",0,"USD"]
["PS5220","Sarimah Binti Nasir",10,0,"3000-01-01","2020-12-31","IP",0,"USD"]
["PS5221","Siti Balqish Binti Sabar",10,0,"3000-01-01","2020-12-31","IP",0,"USD"]
["PS5222","Daniel Quek Bin Razman Quek",10,0,"3000-01-01","2020-12-31","IP",0,"USD"]
["PS5223","Sharifuddin Bin Abdul Kudus",10,0,"3000-01-01","2020-12-31","IP",0,"USD"]
["PS5224","Mohmad Azman Bin Theeran",10,0,"3000-01-01","2020-12-31","IP",0,"USD"]
["PS5225","Raehamiizwan George @ Mohd Syahmi'Izzad",10,0,"3000-01-01","2020-12-31","IP",0,"USD"]
["PS5226","Zunidi Bin Ramli & Rosmaizan Binti Ibrahim",10,0,"3000-01-01","2020-12-31","IP",0,"USD"]
["PS5227","Hasim Bin Omar",10,0,"3000-01-01","2020-12-31","IP",0,"USD"]
["PS5228","NUR DIYANAH BINTI ROSLAN",10,0,"3000-01-01","2020-12-31","IP",0,"USD"]
["PS5229","Ismanuzie Binti Iberahim & Abu Bin Othman",10,0,"3000-01-01","2020-12-31","IP",0,"USD"]
["PS5230","Muhamad Azmeer Bin Zakaria",10,0,"3000-01-01","2020-12-31","IP",0,"USD"]
["PS5231","Ahmad Syukri Bin Mohmad Samiri",10,0,"3000-01-01","2020-12-31","IP",0,"USD"]
["PS5232","Mohd Nor Bin Sharif",10,0,"3000-01-01","2020-12-31","IP",0,"USD"]
["PS5233","Badiu'Zaman Bin Mat Hashim",10,0,"3000-01-01","2020-12-31","IP",0,"USD"]
["PS5234","Abdul Rahman Bin Faruok",10,0,"3000-01-01","2020-12-31","IP",0,"USD"]
["PS5235","Suriati Binti Azman",10,0,"3000-01-01","2020-12-31","IP",0,"USD"]
["PS5236","SHAH HAFIZUL MANZAR BIN BORHANNUDIN",10,0,"3000-01-01","2020-12-31","IP",0,"USD"]
["PS5237","Rohana Binti Mat Ali",10,0,"3000-01-01","2020-12-31","IP",0,"USD"]
["PS5238","Fazaruddin Bin Zainal",10,0,"3000-01-01","2020-12-31","IP",0,"USD"]
["PS5239","Nafizah Binti Mohamad",10,0,"3000-01-01","2020-12-31","IP",0,"USD"]
["PS5240","Mohd Na'Eim Bin Ajis",10,0,"3000-01-01","2020-12-31","IP",0,"USD"]
["PS5241","Che' Zahari Bin Che' Nik",10,0,"3000-01-01","2020-12-31","IP",0,"USD"]
["PS5242","SHAMSUL BAHARI BIN ASMAN",10,0,"3000-01-01","2020-12-31","IP",0,"USD"]
["PS5243","Jamaluddin Bin Nasir",10,0,"3000-01-01","2020-12-31","IP",0,"USD"]
["PS5244","Ahmad Solahuddin Bin Zulkefli",10,0,"3000-01-01","2020-12-31","IP",0,"USD"]
["PS5245","NUR ZAMANAH BINTI BASHEER AHAMED",10,0,"3000-01-01","2020-12-31","IP",0,"USD"]
["PS5246","Airullisan Bin Ali",10,0,"3000-01-01","2020-12-31","IP",0,"USD"]
["PS5247","Ruslaini Binti Shahidan",10,0,"3000-01-01","2020-12-31","IP",0,"USD"]
["PS5248","YAMUNNAI A/P RAJA GOPAL",10,0,"3000-01-01","2020-12-31","IP",0,"USD"]
["PS5249","SALIHIN BIN SAMSURI",10,0,"3000-01-01","2020-12-31","IP",0,"USD"]
["PS5250","Faezah Binti Abdullah",10,0,"3000-01-01","2020-12-31","IP",0,"USD"]
["PS5251","Aishah Radhaih Binti Adanan",10,0,"3000-01-01","2020-12-31","IP",0,"USD"]
["PS5252","Gunawan Bin A Fattah",10,0,"3000-01-01","2020-12-31","IP",0,"USD"]
["PS5253","Mohamad Fareed Bin Mohd Lotfi",10,0,"3000-01-01","2020-12-31","IP",0,"USD"]
["PS5254","Mohd Ikbal Bin Hassan",10,0,"3000-01-01","2020-12-31","IP",0,"USD"]
["PS5255","Ahmad Zain Bin Lokiman",10,0,"3000-01-01","2020-12-31","IP",0,"USD"]
["PS5256","Mohamad Najib Bin Mohamed",10,0,"3000-01-01","2020-12-31","IP",0,"USD"]
["PS5257","PS5257",10,0,"3000-01-01","2020-12-31","IP",0,"USD"]
["PS5258","NOOR HAFIZAH BINTI ABD GANI",10,0,"3000-01-01","2020-12-31","IP",0,"USD"]
["PS5259","Badrulzaman Bin Hussin",10,0,"3000-01-01","2020-12-31","IP",0,"USD"]
["PS5261","Izhar Hadafi Bin Abdul Halim",10,0,"3000-01-01","2020-12-31","IP",0,"USD"]
["PS5262","Rosni Binti Md Rasib",10,0,"3000-01-01","2020-12-31","IP",0,"USD"]
["PS5263","Komarudin Bin Mustapha",10,0,"3000-01-01","2020-12-31","IP",0,"USD"]
["PS5264","Ahmad Falahdini Bin Baharudin & Liana Irawati Bint",10,0,"3000-01-01","2020-12-31","IP",0,"USD"]
["PS5265","Hasnah Binti Abd Rahman",10,0,"3000-01-01","2020-12-31","IP",0,"USD"]
["PS5266","Nor Zahira Binti Zamahshari",10,0,"3000-01-01","2020-12-31","IP",0,"USD"]
["PS5267","FAIRUS BINTI ABDUL MANAF",10,0,"3000-01-01","2020-12-31","IP",0,"USD"]
["PS5268","Mohamad Amran Bin Jasmani",10,0,"3000-01-01","2020-12-31","IP",0,"USD"]
["PS5269","Mohd Faizfahmi Bin Che Ibrahim",10,0,"3000-01-01","2020-12-31","IP",0,"USD"]
["PS5270","Othman Bin Dzulkifli",10,0,"3000-01-01","2020-12-31","IP",0,"USD"]
["PS5271","Mohd Suhaimi Bin Abdullah",10,0,"3000-01-01","2020-12-31","IP",0,"USD"]
["PS5272","Ruhani Binti Hasan",10,0,"3000-01-01","2020-12-31","IP",0,"USD"]
["PS5273","Robitoh Binti Mohd Khir",10,0,"3000-01-01","2020-12-31","IP",0,"USD"]
["PS5274","AHMAD NAJMI BIN AMRAN",10,0,"3000-01-01","2020-12-31","IP",0,"USD"]
["PS5275","MOHD IZHAR BIN MOSLIM",10,0,"3000-01-01","2020-12-31","IP",0,"USD"]
["PS5276","Faridah Binti Mohamad Nor",10,0,"3000-01-01","2020-12-31","IP",0,"USD"]
["PS5277","Falzial Bin Suparman",10,0,"3000-01-01","2020-12-31","IP",0,"USD"]
["PS5278","Amran Bin Yahya",10,0,"3000-01-01","2020-12-31","IP",0,"USD"]
["PS5279","Mohd Syahril Bin Mohamad Sadali",10,0,"3000-01-01","2020-12-31","IP",0,"USD"]
["PS5280","Mohd Izmir Alfasah Bin Zainal",10,0,"3000-01-01","2020-12-31","IP",0,"USD"]
["PS5281","Arzatul Ekhsan Binti Ahmad",10,0,"3000-01-01","2020-12-31","IP",0,"USD"]
["PS5282","Rethanathan A/L Anthony",10,0,"3000-01-01","2020-12-31","IP",0,"USD"]
["PS5283","Thamil Selvan A/L Veloo",10,0,"3000-01-01","2020-12-31","IP",0,"USD"]
["PS5284","Firdaus Effendy Bin Mokhtar",10,0,"3000-01-01","2020-12-31","IP",0,"USD"]
["PS5285","NURFARAHIN BINTI JAMSARI",10,0,"3000-01-01","2020-12-31","IP",0,"USD"]
["PS5286","Aishah Binti Othman",10,0,"3000-01-01","2020-12-31","IP",0,"USD"]
["PS5287","Nasution Sa'Ad Putra Bin Sa'Ad",10,0,"3000-01-01","2020-12-31","IP",0,"USD"]
["PS5288","Fahizah Binti Yakof",10,0,"3000-01-01","2020-12-31","IP",0,"USD"]
["PS5289","Drahman Bin Sait",10,0,"3000-01-01","2020-12-31","IP",0,"USD"]
["PS5290","Hizal Bin Ismail",10,0,"3000-01-01","2020-12-31","IP",0,"USD"]
["PS5291","Abd Jalil Bin Mohamad",10,0,"3000-01-01","2020-12-31","IP",0,"USD"]
["PS5292","Mohd Rafiq Bin Zakaria",10,0,"3000-01-01","2020-12-31","IP",0,"USD"]
["PS5293","Yazam Bin Andut",10,0,"3000-01-01","2020-12-31","IP",0,"USD"]
["PS5294","Jamal Abdol Nasir Bin Taharim",10,0,"3000-01-01","2020-12-31","IP",0,"USD"]
["PS5295","Ab Rahman Bin Jahya",10,0,"3000-01-01","2020-12-31","IP",0,"USD"]
["PS5296","Norizan Binti Ramli",10,0,"3000-01-01","2020-12-31","IP",0,"USD"]
["PS5297","Anuyi @ Zawawi Bin Muhammad",10,0,"3000-01-01","2020-12-31","IP",0,"USD"]
["PS5298","Azilah Binti Khamis & Azmi Bin Haji Yaacob",10,0,"3000-01-01","2020-12-31","IP",0,"USD"]
["PS5299","Mohammed Feroz Bin Abdul Karim",10,0,"3000-01-01","2020-12-31","IP",0,"USD"]
["PS5300","AMIR AZFAR BIN ARIF HAMZAN",10,0,"3000-01-01","2020-12-31","IP",0,"USD"]
["PS5301","Nor Azmi Bin Senawi",10,0,"3000-01-01","2020-12-31","IP",0,"USD"]
["PS5302","Mohammad Rahmat Bin Kamarudin",10,0,"3000-01-01","2020-12-31","IP",0,"USD"]
["PS5303","Shakeel Ahmad Khan",10,0,"3000-01-01","2020-12-31","IP",0,"USD"]
["PS5304","Hasimah Binti Hashim",10,0,"3000-01-01","2020-12-31","IP",0,"USD"]
["PS5305","Norihan Binti Abu Bakar",10,0,"3000-01-01","2020-12-31","IP",0,"USD"]
["PS5306","Shahrul Faiz Bin Mohd Aziz",10,0,"3000-01-01","2020-12-31","IP",0,"USD"]
["PS5307","Rozilah Binti Zainal Abidin",10,0,"3000-01-01","2020-12-31","IP",0,"USD"]
["PS5308","Normah Binti Amiruddin",10,0,"3000-01-01","2020-12-31","IP",0,"USD"]
["PS5309","Rosmalinda Binti Abdul Malek",10,0,"3000-01-01","2020-12-31","IP",0,"USD"]
["PS5310","Siti Zulaikha Binti Ahmad Shadzli",10,0,"3000-01-01","2020-12-31","IP",0,"USD"]
["PS5311","Fatimah Binti Haron",10,0,"3000-01-01","2020-12-31","IP",0,"USD"]
["PS5312","Noran Fauziah Binti Yaakub",10,0,"3000-01-01","2020-12-31","IP",0,"USD"]
["PS5313","Noraliza Binti Ismail",10,0,"3000-01-01","2020-12-31","IP",0,"USD"]
["PS5314","Badarudin Bin Taha",10,0,"3000-01-01","2020-12-31","IP",0,"USD"]
["PS5315","Noraishah Binti Sulaiman",10,0,"3000-01-01","2020-12-31","IP",0,"USD"]
["PS5316","Arjunamuda Bin Mohd Ismail",10,0,"3000-01-01","2020-12-31","IP",0,"USD"]
["PS5317","SARASWATHY A/P MANIAM",10,0,"3000-01-01","2020-12-31","IP",0,"USD"]
["PS5318","VESUVANATHAN A/L KRISHNASAMY",10,0,"3000-01-01","2020-12-31","IP",0,"USD"]
["PS5319","EDLIN FAZLY BIN ARIFFIN",10,0,"3000-01-01","2020-12-31","IP",0,"USD"]
["PS5320","MOHD ZAWAWI BIN YAZID",10,0,"3000-01-01","2020-12-31","IP",0,"USD"]
["PS5321","Amirul Hijjas Bin Ahmad Ridzwan",10,0,"3000-01-01","2020-12-31","IP",0,"USD"]
["PS5322","Ismail Bin Meli",10,0,"3000-01-01","2020-12-31","IP",0,"USD"]
["PS5323","Hakimy Sien Cheng Hing & Sharan Bin Hussein",10,0,"3000-01-01","2020-12-31","IP",0,"USD"]
["PS5324","Mohd Saufi Bin Kassim",10,0,"3000-01-01","2020-12-31","IP",0,"USD"]
["PS5325","Mohamad Azaini Bin Ibrahim",10,0,"3000-01-01","2020-12-31","IP",0,"USD"]
["PS5326","Zainuddin Bin Abd Rahman & Nor Zaemah Binti Zainud",10,0,"3000-01-01","2020-12-31","IP",0,"USD"]
["PS5327","Mohd Adnan Bin Alias",10,0,"3000-01-01","2020-12-31","IP",0,"USD"]
["PS5328","Haslinda Binti Haron Kamar",10,0,"3000-01-01","2020-12-31","IP",0,"USD"]
["PS5329","Faizah Ainal Binti Yahya",10,0,"3000-01-01","2020-12-31","IP",0,"USD"]
["PS5330","NUR EZZA FAZLEEN BINTI MOHD FATHIL",10,0,"3000-01-01","2020-12-31","IP",0,"USD"]
["PS5331","AHMAD NORDEY BIN MOHD ISA",10,0,"3000-01-01","2020-12-31","IP",0,"USD"]
["PS5332","KHARIULANNUAR BIN MAT ZIN",10,0,"3000-01-01","2020-12-31","IP",0,"USD"]
["PS5333","Mohamad Afif Wahdi Bin Ismail",10,0,"3000-01-01","2020-12-31","IP",0,"USD"]
["PS5334","Mohamad Khairulnaim Bin Abd Rahim",10,0,"3000-01-01","2020-12-31","IP",0,"USD"]
["PS5335","Nursyazean Binti Mohd Daud",10,0,"3000-01-01","2020-12-31","IP",0,"USD"]
["PS5336","Mohammad Aizatt Bin Ghazali & Rohaniah Binti Che M",10,0,"3000-01-01","2020-12-31","IP",0,"USD"]
["PS5337","MOHD MARZUQI BIN MOHD ZIN",10,0,"3000-01-01","2020-12-31","IP",0,"USD"]
["PS5338","Azmi Bin Akop & Normah Binti Hamid",10,0,"3000-01-01","2020-12-31","IP",0,"USD"]
["PS5339","Noraziah Binti Mohamad Din",10,0,"3000-01-01","2020-12-31","IP",0,"USD"]
["PS5340","CHE MAZIAH BINTI OTHMAN",10,0,"3000-01-01","2020-12-31","IP",0,"USD"]
["PS5341","Siti Hajar Binti Mohd Affendy & Siti Nabila Binti ",10,0,"3000-01-01","2020-12-31","IP",0,"USD"]
["PS5342","Haslina Binti Hassan",10,0,"3000-01-01","2020-12-31","IP",0,"USD"]
["PS5343","Mohd Al-Ashraf Bin Alghazie",10,0,"3000-01-01","2020-12-31","IP",0,"USD"]
["PS5344","Mohd Wazir Bin Mohd Noh",10,0,"3000-01-01","2020-12-31","IP",0,"USD"]
["PS5345","NAZIRAH BINTI MOHD BASHIR",10,0,"3000-01-01","2020-12-31","IP",0,"USD"]
["PS5346","Abd Halim Bin Sairi",10,0,"3000-01-01","2020-12-31","IP",0,"USD"]
["PS5347","SUHANA BINTI SALAHUDDIN",10,0,"3000-01-01","2020-12-31","IP",0,"USD"]
["PS5348","RAHANI BINTI MAT",10,0,"3000-01-01","2020-12-31","IP",0,"USD"]
["PS5349","KAMILAH BINTI MOHAMAD",10,0,"3000-01-01","2020-12-31","IP",0,"USD"]
["PS5350","Uzaini Hasyidan Bin Mohamed",10,0,"3000-01-01","2020-12-31","IP",0,"USD"]
["PS5351","NOOR AWATIEF BINTI AHMAD",10,0,"3000-01-01","2020-12-31","IP",0,"USD"]
["PS5352","Mohd Sarmizi Bin Md Said",10,0,"3000-01-01","2020-12-31","IP",0,"USD"]
["PS5353","Mohd Faizal Bin Shamsudin",10,0,"3000-01-01","2020-12-31","IP",0,"USD"]
["PS5354","Mohamad Fadhil Bin Nianamuthu",10,0,"3000-01-01","2020-12-31","IP",0,"USD"]
["PS5355","NOR FARHANA BINTI KHADIRAN",10,0,"3000-01-01","2020-12-31","IP",0,"USD"]
["PS5356","Umar Bin Mohd Zain",10,0,"3000-01-01","2020-12-31","IP",0,"USD"]
["PS5357","Hanira Binti Ramli",10,0,"3000-01-01","2020-12-31","IP",0,"USD"]
["PS5358","Hilmy Bin Omar & Norashikin Binti Mustaffa",10,0,"3000-01-01","2020-12-31","IP",0,"USD"]
["PS5359","Noor Hidzir Bin Abdul Wahab",10,0,"3000-01-01","2020-12-31","IP",0,"USD"]
["PS5360","MOHD HUDZAIRY BIN AHMAD",10,0,"3000-01-01","2020-12-31","IP",0,"USD"]
["PS5361","Mohd Ismail Bin Omar",10,0,"3000-01-01","2020-12-31","IP",0,"USD"]
["PS5362","ROSLI BIN SHARIF",10,0,"3000-01-01","2020-12-31","IP",0,"USD"]
["PS5363","Mastura Binti Jaafar",10,0,"3000-01-01","2020-12-31","IP",0,"USD"]
["PS5364","CHE ANITA BINTI ABDULLAH",10,0,"3000-01-01","2020-12-31","IP",0,"USD"]
["PS5365","Ahmad Mardzuki Bin Ibrahim",10,0,"3000-01-01","2020-12-31","IP",0,"USD"]
["PS5366","Asmerani Binti Awang",10,0,"3000-01-01","2020-12-31","IP",0,"USD"]
["PS5367","Che Norlia Binti Yaakub",10,0,"3000-01-01","2020-12-31","IP",0,"USD"]
["PS5368","Amirudin Bin Adnan",10,0,"3000-01-01","2020-12-31","IP",0,"USD"]
["PS5369","Nor Azman Bin Baharum",10,0,"3000-01-01","2020-12-31","IP",0,"USD"]
["PS5370","Mashuri Bin Mohamed",10,0,"3000-01-01","2020-12-31","IP",0,"USD"]
["PS5371","Nu'Man Din Bin Mustafa",10,0,"3000-01-01","2020-12-31","IP",0,"USD"]
["PS5372","Mohd Hasbi Bin Khalid",10,0,"3000-01-01","2020-12-31","IP",0,"USD"]
["PS5373","Dato Abd Malek Bin Awang Kechil",10,0,"3000-01-01","2020-12-31","IP",0,"USD"]
["PS5374","Suraya Binti Salleh & Sarena Binti Salleh",10,0,"3000-01-01","2020-12-31","IP",0,"USD"]
["PS5375","NORAZLINA BINTI ISMAIL",10,0,"3000-01-01","2020-12-31","IP",0,"USD"]
["PS5376","YASINAH BINTI KUTIK",10,0,"3000-01-01","2020-12-31","IP",0,"USD"]
["PS5377","ABANG IBRAHIM BIN ABDUL RAHMAN",10,0,"3000-01-01","2020-12-31","IP",0,"USD"]
["PS5378","Mohamad Faiz Bin Ismail",10,0,"3000-01-01","2020-12-31","IP",0,"USD"]
["PS5379","SITI AISAH BT RASLI",10,0,"3000-01-01","2020-12-31","IP",0,"USD"]
["PS5380","Nordin Bin Hj Karim",10,0,"3000-01-01","2020-12-31","IP",0,"USD"]
["PS5381","Abu Zarim Bin Harun",10,0,"3000-01-01","2020-12-31","IP",0,"USD"]
["PS5382","MUHAMAD NAZRUL BIN NAZARUDDIN",10,0,"3000-01-01","2020-12-31","IP",0,"USD"]
["PS5383","Nor Laily Binti Abd Karim",10,0,"3000-01-01","2020-12-31","IP",0,"USD"]
["PS5384","Taifor Bin Hamdan",10,0,"3000-01-01","2020-12-31","IP",0,"USD"]
["PS5385","MOHD SHAFIQ BIN KHUSAINI & NOOR HALIMATUN SAADIAH ",10,0,"3000-01-01","2020-12-31","IP",0,"USD"]
["PS5386","\"Rozilawati Binti Ramli &  Mohmed Razali Bin Moham",10,0,"3000-01-01","2020-12-31","IP",0,"USD"]
["PS5387","Mohd Zaini Bin Mohd Hussain & Mohd Zaidi Bin Mohd ",10,0,"3000-01-01","2020-12-31","IP",0,"USD"]
["PS5388","Nor Baaiah Binti Hassan",10,0,"3000-01-01","2020-12-31","IP",0,"USD"]
["PS5389","Norashikin Binti Baharom",10,0,"3000-01-01","2020-12-31","IP",0,"USD"]
["PS5390","Dolet Anak Aheng",10,0,"3000-01-01","2020-12-31","IP",0,"USD"]
["PS5391","Azizah Binti Mohd Nasir",10,0,"3000-01-01","2020-12-31","IP",0,"USD"]
["PS5392","Rizaludin Bin Kaspin & Muslimah Binti Simo",10,0,"3000-01-01","2020-12-31","IP",0,"USD"]
["PS5393","Morni Binti Kaspin @ Saribin & Mohd Ashar Bin Kasi",10,0,"3000-01-01","2020-12-31","IP",0,"USD"]
["PS5394","NIK MUHD FAHMY BIN NIK YA",10,0,"3000-01-01","2020-12-31","IP",0,"USD"]
["PS5395","Mohammad Zainuri Bin Embong",10,0,"3000-01-01","2020-12-31","IP",0,"USD"]
["PS5396","M ZULKIFLEE BIN A RAHMAN",10,0,"3000-01-01","2020-12-31","IP",0,"USD"]
["PS5397","ABDOL SALAM BIN N S MOHAMED SARIFF",10,0,"3000-01-01","2020-12-31","IP",0,"USD"]
["PS5398","IBRAHIM BIN MOHAMED@MUHAMMAT",10,0,"3000-01-01","2020-12-31","IP",0,"USD"]
["PS5399","Muhd Nordin Bin Mohamed & Noraida Binti Kamaruddin",10,0,"3000-01-01","2020-12-31","IP",0,"USD"]
["PS5400","Ahamad Jalalludeen Bin Rahumathulla",10,0,"3000-01-01","2020-12-31","IP",0,"USD"]
["PS5401","Mohd Yusoff Bin Mustafa",10,0,"3000-01-01","2020-12-31","IP",0,"USD"]
["PS5402","Rosmayati Binti Ismail",10,0,"3000-01-01","2020-12-31","IP",0,"USD"]
["PS5403","LUKMAN NAJIB BIN MOHAMAD ZAIN & ZAHARAH BINTI MUHA",10,0,"3000-01-01","2020-12-31","IP",0,"USD"]
["PS5404","Zahidi Bin Hamzah",10,0,"3000-01-01","2020-12-31","IP",0,"USD"]
["PS5405","Khairul Izani Bin Mohd Zukee",10,0,"3000-01-01","2020-12-31","IP",0,"USD"]
["PS5406","CHUM MUN CHOR",10,0,"3000-01-01","2020-12-31","IP",0,"USD"]
["PS5407","RAZALI BIN DARUS",10,0,"3000-01-01","2020-12-31","IP",0,"USD"]
["PS5408","Nurul Afida Binti Makhtar",10,0,"3000-01-01","2020-12-31","IP",0,"USD"]
["PS5409","KHAIRUL ANUAR BIN MOHD ALI",10,0,"3000-01-01","2020-12-31","IP",0,"USD"]
["PS5410","Athiirah Binti Radzali",10,0,"3000-01-01","2020-12-31","IP",0,"USD"]
["PS5411","JAWAHIR BIN A RAZAK",10,0,"3000-01-01","2020-12-31","IP",0,"USD"]
["PS5412","NIK MUHAMMAD FAIQ BIN SUPIAN",10,0,"3000-01-01","2020-12-31","IP",0,"USD"]
["PS5413","KHADIJAH BINTI SAID",10,0,"3000-01-01","2020-12-31","IP",0,"USD"]
["PS5414","NORAZIRA BINTI AZIZ",10,0,"3000-01-01","2020-12-31","IP",0,"USD"]
["PS5415","Mohd Nor Bin Sulaiman",10,0,"3000-01-01","2020-12-31","IP",0,"USD"]
["PS5416","Tejo Triiandoko Bin Soetjiptadi",10,0,"3000-01-01","2020-12-31","IP",0,"USD"]
["PS5417","Farah Izzati Binti Mohammad Khalil & Azizah Binti ",10,0,"3000-01-01","2020-12-31","IP",0,"USD"]
["PS5418","Siti Aishah Binti Ghani",10,0,"3000-01-01","2020-12-31","IP",0,"USD"]
["PS5419","Ahmad Ramlan Bin Abdul Talib",10,0,"3000-01-01","2020-12-31","IP",0,"USD"]
["PS5420","Mohd Farhan Bin Che Hasim",10,0,"3000-01-01","2020-12-31","IP",0,"USD"]
["PS5421","Mohamad Ikhiwan Bin Othman",10,0,"3000-01-01","2020-12-31","IP",0,"USD"]
["PS5422","Hasnulfahimi Bin Ramly",10,0,"3000-01-01","2020-12-31","IP",0,"USD"]
["PS5423","Rosnita Binti Mat Said",10,0,"3000-01-01","2020-12-31","IP",0,"USD"]
["PS5424","Mohd Khadri Bin Mazelan",10,0,"3000-01-01","2020-12-31","IP",0,"USD"]
["PS5425","Muhammad Nuraiman Bin Kamalul Arifin",10,0,"3000-01-01","2020-12-31","IP",0,"USD"]
["PS5426","Siti Noor Akmal Binti Abdullah",10,0,"3000-01-01","2020-12-31","IP",0,"USD"]
["PS5427","Azahari Bin Amin",10,0,"3000-01-01","2020-12-31","IP",0,"USD"]
["PS5428","Yasdi Bin Mat Yasin",10,0,"3000-01-01","2020-12-31","IP",0,"USD"]
["PS5429","Tan Tze Yin",10,0,"3000-01-01","2020-12-31","IP",0,"USD"]
["PS5430","Tan Sin Yee",10,0,"3000-01-01","2020-12-31","IP",0,"USD"]
["PS5431","Wan Hakimi Shahrizan",10,0,"3000-01-01","2020-12-31","IP",0,"USD"]
["PS5432","Raja Zaharah Binti Raja Sulaiman",10,0,"3000-01-01","2020-12-31","IP",0,"USD"]
["PS5433","Rosila Wati Bt Ngah",10,0,"3000-01-01","2020-12-31","IP",0,"USD"]
["PS5434","Johan Arif Bin Ismail",10,0,"3000-01-01","2020-12-31","IP",0,"USD"]
["PS5435","Maizatul Afidah Binti Ag Hashim & Mior Yusof Bin M",10,0,"3000-01-01","2020-12-31","IP",0,"USD"]
["PS5436","Muhammad Firdaus Bin Abdul Latif",10,0,"3000-01-01","2020-12-31","IP",0,"USD"]
["PS5437","Muhamad Amran Bin Abdul Hamid",10,0,"3000-01-01","2020-12-31","IP",0,"USD"]
["PS5438","Suriati Binti Nasir",10,0,"3000-01-01","2020-12-31","IP",0,"USD"]
["PS5439","Imam Akbar Arrafi Bin Riswandi Arifin",10,0,"3000-01-01","2020-12-31","IP",0,"USD"]
["PS5440","Khamis Bin Ibrahim",10,0,"3000-01-01","2020-12-31","IP",0,"USD"]
["PS5441","Kamarulzaman Bin Sariman",10,0,"3000-01-01","2020-12-31","IP",0,"USD"]
["PS5442","Afiza Binti Abd Aziz",10,0,"3000-01-01","2020-12-31","IP",0,"USD"]
["PS5443","Sharifah Khasidah Binti Syed Othman",10,0,"3000-01-01","2020-12-31","IP",0,"USD"]
["PS5444","Zahari Bin Elias",10,0,"3000-01-01","2020-12-31","IP",0,"USD"]
["PS5445","Mustaffa Kamal Bin Kamaluddin",10,0,"3000-01-01","2020-12-31","IP",0,"USD"]
["PS5446","Jamilah Binti Sulaiman",10,0,"3000-01-01","2020-12-31","IP",0,"USD"]
["PS5447","Zaidi Bin Awang @ Mohamed",10,0,"3000-01-01","2020-12-31","IP",0,"USD"]
["PS5448","Muhammad Zulhilmi Bin Zamir & Rosnah Binti Salim",10,0,"3000-01-01","2020-12-31","IP",0,"USD"]
["PS5449","Mazni Binti Abd Rahman",10,0,"3000-01-01","2020-12-31","IP",0,"USD"]
["PS5450","Mohd Razali Bin Abd Majid & Azlinda Binti Aluwi",10,0,"3000-01-01","2020-12-31","IP",0,"USD"]
["PS5451","Jamal Bin Hamdan",10,0,"3000-01-01","2020-12-31","IP",0,"USD"]
["PS5452","Syed Zahid Bin Syed Zakaria",10,0,"3000-01-01","2020-12-31","IP",0,"USD"]
["PS5453","NOR AFRIZAL BIN ISHAK@ISA",10,0,"3000-01-01","2020-12-31","IP",0,"USD"]
["PS5454","TENGKU FERDENEN BIN TENGKU AMRI",10,0,"3000-01-01","2020-12-31","IP",0,"USD"]
["PS5455","NIK FAWAZ BIN NIK ABDUL AZIZ",10,0,"3000-01-01","2020-12-31","IP",0,"USD"]
["PS5456","Mohd Nizam Bin Mohd Amin",10,0,"3000-01-01","2020-12-31","IP",0,"USD"]
["PS5457","OTHMAN BIN AZIZ",10,0,"3000-01-01","2020-12-31","IP",0,"USD"]
["PS5458","WAN AHMAD NIZAR BIN ZAKARIA",10,0,"3000-01-01","2020-12-31","IP",0,"USD"]
["PS5459","Romlan Bin Sarpin",10,0,"3000-01-01","2020-12-31","IP",0,"USD"]
["PS5460","Chek Rani Bin Muhamad",10,0,"3000-01-01","2020-12-31","IP",0,"USD"]
["PS5461","Luqman Hafiz Bin Mazalan",10,0,"3000-01-01","2020-12-31","IP",0,"USD"]
["PS5462","Kum Koo Ji",10,0,"3000-01-01","2020-12-31","IP",0,"USD"]
["PS5463","Yeg Academy (M) Sdn Bhd",10,0,"3000-01-01","2020-12-31","IP",0,"USD"]
["PS5464","Dzulhadi Bin Sapari",10,0,"3000-01-01","2020-12-31","IP",0,"USD"]
["PS5465","Mohammad Halim Bin Khairoji",10,0,"3000-01-01","2020-12-31","IP",0,"USD"]
["PS5466","SALEHUDIN BIN OTHMAN",10,0,"3000-01-01","2020-12-31","IP",0,"USD"]
["PS5467","MUHAMMAD LUQMAN ARIFF BIN AZIZ",10,0,"3000-01-01","2020-12-31","IP",0,"USD"]
["PS5468","Adleen Binti Abdullah",10,0,"3000-01-01","2020-12-31","IP",0,"USD"]
["PS5469","Erny Shafrina Binti Shafii",10,0,"3000-01-01","2020-12-31","IP",0,"USD"]
["PS5470","Ab Razak Bin Hashim",10,0,"3000-01-01","2020-12-31","IP",0,"USD"]
["PS5471","Mohd Isa Bin Mohd Amin",10,0,"3000-01-01","2020-12-31","IP",0,"USD"]
["PS5472","Teguh Ugama Binti Riswandi",10,0,"3000-01-01","2020-12-31","IP",0,"USD"]
["PS5473","Anggi Binti Riswandi",10,0,"3000-01-01","2020-12-31","IP",0,"USD"]
["PS5474","Mohd Ayub Bin Hj Amin",10,0,"3000-01-01","2020-12-31","IP",0,"USD"]
["PS5475","Muhammad Hazim Bin Md Razalan",10,0,"3000-01-01","2020-12-31","IP",0,"USD"]
["PS5476","Md Razalan Bin Sulaiman",10,0,"3000-01-01","2020-12-31","IP",0,"USD"]
["PS5477","AZLIN BINTI ABD KADIR",10,0,"3000-01-01","2020-12-31","IP",0,"USD"]
["PS5478","MOHD AZRIN BIN ABDULLAH",10,0,"3000-01-01","2020-12-31","IP",0,"USD"]
["PS5479","MOHD SUKRI BIN SAMSI",10,0,"3000-01-01","2020-12-31","IP",0,"USD"]
["PS5480","MOHAMAD FAUZI BIN HASHIM",10,0,"3000-01-01","2020-12-31","IP",0,"USD"]
["PS5481","ROSMAWATI BINTI MANSOR",10,0,"3000-01-01","2020-12-31","IP",0,"USD"]
["PS5482","NOR AZAHAN BIN SULAIMAN",10,0,"3000-01-01","2020-12-31","IP",0,"USD"]
["PS5483","ZUHAIRI BIN ABDULLAH ",10,0,"3000-01-01","2020-12-31","IP",0,"USD"]
["PS5484","NAJLAA ZAWANI BINTI MOHAMAD YUSUF",10,0,"3000-01-01","2020-12-31","IP",0,"USD"]
["PS5485","Mohd Izham Bin Jailani",10,0,"3000-01-01","2020-12-31","IP",0,"USD"]
["PS5486","Ahmad Feisal Bin Ahmad Tajuddin",10,0,"3000-01-01","2020-12-31","IP",0,"USD"]
["PS5487","Ruzaina Binti Abdul Manaf",10,0,"3000-01-01","2020-12-31","IP",0,"USD"]
["PS5488","Nurul Ainn Binti Kamarulzaman",10,0,"3000-01-01","2020-12-31","IP",0,"USD"]
["PS5489","Wan Ahmad Kamal Bin Wan Adam",10,0,"3000-01-01","2020-12-31","IP",0,"USD"]
["PS5490","Safian Bin Hassan",10,0,"3000-01-01","2020-12-31","IP",0,"USD"]
["PS5491","Jamil Bin Hamdzah & Mashitoh Binti Mat Hussain",10,0,"3000-01-01","2020-12-31","IP",0,"USD"]
["PS5492","Zol Kanain Bin Md Dom",10,0,"3000-01-01","2020-12-31","IP",0,"USD"]
["PS5493","Hudzaifah Bin Zarifudin",10,0,"3000-01-01","2020-12-31","IP",0,"USD"]
["PS5494","Saiful Adli Bin Ismail",10,0,"3000-01-01","2020-12-31","IP",0,"USD"]
["PS5495","ZATY AKMAR BINTI ZAILALUDIN",10,0,"3000-01-01","2020-12-31","IP",0,"USD"]
["PS5496","IZZAT SUFI BIN ISMAIL",10,0,"3000-01-01","2020-12-31","IP",0,"USD"]
["PS5497","SAHARUDDIN BIN HASSAN",10,0,"3000-01-01","2020-12-31","IP",0,"USD"]
["PS5498","MUHAMMAD AZRIN BIN ZULBAHRIN",10,0,"3000-01-01","2020-12-31","IP",0,"USD"]
["PS5499","RAHIMI BIN HASSAN",10,0,"3000-01-01","2020-12-31","IP",0,"USD"]
["PS5500","Intan Nor Elynna Binti Mohd Ramly",10,0,"3000-01-01","2020-12-31","IP",0,"USD"]
["PS5501","Shamsida Binti Ab Halim",10,0,"3000-01-01","2020-12-31","IP",0,"USD"]
["PS5502","ZARINA BINTI ITAM",10,0,"3000-01-01","2020-12-31","IP",0,"USD"]
["PS5503","ZARAURAH BINTI MOHAMAD @ MAN",10,0,"3000-01-01","2020-12-31","IP",0,"USD"]
["PS5504","FAZRI BIN MOHAMED KUMARI",10,0,"3000-01-01","2020-12-31","IP",0,"USD"]
["PS5505","AZMIR BIN ZULKHARNAIN",10,0,"3000-01-01","2020-12-31","IP",0,"USD"]
["PS5506","Khalid Bin Rasol",10,0,"3000-01-01","2020-12-31","IP",0,"USD"]
["PS5507","Azahar Bin Kamarudin",10,0,"3000-01-01","2020-12-31","IP",0,"USD"]
["PS5508","Kumara Vell A/L S Chelliah",10,0,"3000-01-01","2020-12-31","IP",0,"USD"]
["PS5509","Norhidayah Binti Md Jelani",10,0,"3000-01-01","2020-12-31","IP",0,"USD"]
["PS5510","Mohd Kamri Bin Ibrahim",10,0,"3000-01-01","2020-12-31","IP",0,"USD"]
["PS5511","Mohd Murad Bin Abdul Wahak @ Abdul Wahab",10,0,"3000-01-01","2020-12-31","IP",0,"USD"]
["PS5512","Muhamad Faizal Bin Kamarulzaman",10,0,"3000-01-01","2020-12-31","IP",0,"USD"]
["PS5513","Muhamad Husni Bin Abdul Kadir",10,0,"3000-01-01","2020-12-31","IP",0,"USD"]
["PS5514","Mohd Faizal Bin Ismail",10,0,"3000-01-01","2020-12-31","IP",0,"USD"]
["PS5515","Marksmen Security Services Sdn. Bhd.",10,0,"3000-01-01","2020-12-31","IP",0,"USD"]
["PS5516","Asia Security Services Sdn. Bhd.",10,0,"3000-01-01","2020-12-31","IP",0,"USD"]
["PS5517","Red Beret Security Sdn. Bhd.",10,0,"3000-01-01","2020-12-31","IP",0,"USD"]
["PS5518","ZELDA RAHA BINTI SULAIMAN",10,0,"3000-01-01","2020-12-31","IP",0,"USD"]
["PS5519","MOHD HARITH BIN ABDUL HAMID",10,0,"3000-01-01","2020-12-31","IP",0,"USD"]
["PS5520","AZMIHANA BINTI AZMAN",10,0,"3000-01-01","2020-12-31","IP",0,"USD"]
["PS5521","SHEIKH MOHD FADZLI BIN SHEIKH SALEH",10,0,"3000-01-01","2020-12-31","IP",0,"USD"]
["PS5522","ZARINAH BINTI MAHARI",10,0,"3000-01-01","2020-12-31","IP",0,"USD"]
["PS5523","Syed Najib Bin Syed Mustaffa",10,0,"3000-01-01","2020-12-31","IP",0,"USD"]
["PS5524","MOKHDZIR BIN MOHD YATIM",10,0,"3000-01-01","2020-12-31","IP",0,"USD"]
["PS5525","IDRUS BIN MAT NAYAN",10,0,"3000-01-01","2020-12-31","IP",0,"USD"]
["PS5526","FIRUZ IZUALFIAN BIN ABD RAHIM",10,0,"3000-01-01","2020-12-31","IP",0,"USD"]
["PS5527","Rosli Bin Saad",10,0,"3000-01-01","2020-12-31","IP",0,"USD"]
["PS5528","Norazamimi Binti Ariffin",10,0,"3000-01-01","2020-12-31","IP",0,"USD"]
["PS5529","Norzakiah Binti Alias",10,0,"3000-01-01","2020-12-31","IP",0,"USD"]
["PS5530","Ahamad Jailani Bin Jaapar",10,0,"3000-01-01","2020-12-31","IP",0,"USD"]
["PS5531","Shamsudin Bin Mohd Aziz",10,0,"3000-01-01","2020-12-31","IP",0,"USD"]
["PS5532","Diah Iskandar Bin Mohamad Jani",10,0,"3000-01-01","2020-12-31","IP",0,"USD"]
["PS5533","Mohd Noor Bin Kamarudin",10,0,"3000-01-01","2020-12-31","IP",0,"USD"]
["PS5534","Mohd Fakhrul Munir Bin Mohd Isa",10,0,"3000-01-01","2020-12-31","IP",0,"USD"]
["PS5535","Pauzi Bin Sulaiman",10,0,"3000-01-01","2020-12-31","IP",0,"USD"]
["PS5536","ACIS TECHNOLOGY SDN BHD",10,0,"3000-01-01","2020-12-31","IP",0,"USD"]
["PS5537","AZRIL AMIR BIN JAAFAR",10,0,"3000-01-01","2020-12-31","IP",0,"USD"]
["PS5538","ZAITUN BINTI MOHD TAHA @ ABD RAHMAN",10,0,"3000-01-01","2020-12-31","IP",0,"USD"]
["PS5539","SABRINA BINTI SABRI",10,0,"3000-01-01","2020-12-31","IP",0,"USD"]
["PS5540","NASHARUDDIN BIN MOHAMMAD",10,0,"3000-01-01","2020-12-31","IP",0,"USD"]
["PS5541","NORAIN BINTI SHAMSUDIN",10,0,"3000-01-01","2020-12-31","IP",0,"USD"]
["PS5542","AHMAD AHNAF DANIEL",10,0,"3000-01-01","2020-12-31","IP",0,"USD"]
["PS5543","ANNUR AL AFIF BIN KAMAL ARIFIN",10,0,"3000-01-01","2020-12-31","IP",0,"USD"]
["PS5544","ADAM MOHD HAFIZ BIN NOOR AZAM",10,0,"3000-01-01","2020-12-31","IP",0,"USD"]
["PS5545","WAN NOOR AZLINA BINTI WAN MOHD ZAID",10,0,"3000-01-01","2020-12-31","IP",0,"USD"]
["PS5546","ZAIMAH BINTI ABU & MOHAMAD TAHIR BIN SAIDON",10,0,"3000-01-01","2020-12-31","IP",0,"USD"]
["PS5547","FARRUKH SHAQEEL AHMAD BIN DAWOOD ABBASI",10,0,"3000-01-01","2020-12-31","IP",0,"USD"]
["PS5548","HAKIM ZIHANEE BIN MOHD MOHDZIR",10,0,"3000-01-01","2020-12-31","IP",0,"USD"]
["PS5549","MOHD HAMDI BIN MOHD AZMEE",10,0,"3000-01-01","2020-12-31","IP",0,"USD"]
["PS5550","ANUARHADIEE BIN ISMAIL",10,0,"3000-01-01","2020-12-31","IP",0,"USD"]
["PS5551","Ezra Fariz Bin Mohamad Zaid",10,0,"3000-01-01","2020-12-31","IP",0,"USD"]
["PS5552","Muhammad Noor Adha Bin Sharuddin",10,0,"3000-01-01","2020-12-31","IP",0,"USD"]
["PS5553","Aminuddin Bin Abdul Rahman",10,0,"3000-01-01","2020-12-31","IP",0,"USD"]
["PS5554","Mohd Arizan Bin Hassan",10,0,"3000-01-01","2020-12-31","IP",0,"USD"]
["PS5555","Che Ku Abu Bakar Bin Che Ku Mahmod",10,0,"3000-01-01","2020-12-31","IP",0,"USD"]
["PS5556","Ibtisam Binti Mohamad Adnan",10,0,"3000-01-01","2020-12-31","IP",0,"USD"]
["PS5557","Mohd Zaki Bin Jais",10,0,"3000-01-01","2020-12-31","IP",0,"USD"]
["PS5558","Megat Ahmad Shukri Bin Muhamad Amran",10,0,"3000-01-01","2020-12-31","IP",0,"USD"]
["PS5559","SITI HAWA DELAILA BINTI TUKIRAN",10,0,"3000-01-01","2020-12-31","IP",0,"USD"]
["PS5560","Mohd Zubir Bin Hayat",10,0,"3000-01-01","2020-12-31","IP",0,"USD"]
["PS5561","Nor Idah Binti Kechut",10,0,"3000-01-01","2020-12-31","IP",0,"USD"]
["PS5562","Siti Hajar Binti Mohd Yusof",10,0,"3000-01-01","2020-12-31","IP",0,"USD"]
["PS5563","Jamaludin Bin Abu Bakar",10,0,"3000-01-01","2020-12-31","IP",0,"USD"]
["PS5564","Azmy Bin  Mohmaed",10,0,"3000-01-01","2020-12-31","IP",0,"USD"]
["PS5565","Kamal Lokman Bin Idris",10,0,"3000-01-01","2020-12-31","IP",0,"USD"]
["PS5566","Nur Nadirah Binti Muhamad",10,0,"3000-01-01","2020-12-31","IP",0,"USD"]
["PS5567","Nur Balkis Binti Amairuddin",10,0,"3000-01-01","2020-12-31","IP",0,"USD"]
["PS5568","Nik Ahmad Faris Bin Nik Mohd Yusoff",10,0,"3000-01-01","2020-12-31","IP",0,"USD"]
["PS5569","Shamsuddin Bin Harikan & Zulina Binti Bakar",10,0,"3000-01-01","2020-12-31","IP",0,"USD"]
["PS5570","Mustafa Kamal Bin Yaakub & Maiziliatul Azwa Binti ",10,0,"3000-01-01","2020-12-31","IP",0,"USD"]
["PS5571","Noordin Bin Abdul Rahman",10,0,"3000-01-01","2020-12-31","IP",0,"USD"]
["PS5572","Nor Ashikin Binti Nawardin",10,0,"3000-01-01","2020-12-31","IP",0,"USD"]
["PS5573","Ruslan Bin Abdul Ghani",10,0,"3000-01-01","2020-12-31","IP",0,"USD"]
["PS5574","Abu Bakar Bin Ismail",10,0,"3000-01-01","2020-12-31","IP",0,"USD"]
["PS5575","Bazli Bin Hashim",10,0,"3000-01-01","2020-12-31","IP",0,"USD"]
["PS5576","Arnahwati Binti Zamhuri & Noorzita Binti Abdullah",10,0,"3000-01-01","2020-12-31","IP",0,"USD"]
["PS5577","ZAINUDIN BIN YUSOP",10,0,"3000-01-01","2020-12-31","IP",0,"USD"]
["PS5578","MUHAMAD ISA BIN ISMAIL",10,0,"3000-01-01","2020-12-31","IP",0,"USD"]
["PS5579","MOHD ASWADI BIN HASBULLAH",10,0,"3000-01-01","2020-12-31","IP",0,"USD"]
["PS5580","ZAINAL ABIDDIN BIN MASROM",10,0,"3000-01-01","2020-12-31","IP",0,"USD"]
["PS5581","AHMAD RAZIF BIN ABDUL RAHIM",10,0,"3000-01-01","2020-12-31","IP",0,"USD"]
["PS5582","Dorai Samy A/L Ramasamy",10,0,"3000-01-01","2020-12-31","IP",0,"USD"]
["PS5583","Syuhran Bin Mdhussein",10,0,"3000-01-01","2020-12-31","IP",0,"USD"]
["PS5584","Zulaiha Binti Hj Ali Othman",10,0,"3000-01-01","2020-12-31","IP",0,"USD"]
["PS5585","Muhamad Hamdan Bin Mohd Yusof",10,0,"3000-01-01","2020-12-31","IP",0,"USD"]
["PS5586","Ahmad Yani Bin Aziz",10,0,"3000-01-01","2020-12-31","IP",0,"USD"]
["PS5587","RAZLIZA BINTI ABDUL RAZAK",10,0,"3000-01-01","2020-12-31","IP",0,"USD"]
["PS5588","SAHARRUDDIN BIN ABD GHNY",10,0,"3000-01-01","2020-12-31","IP",0,"USD"]
["PS5589","AMRAN BIN HARUN",10,0,"3000-01-01","2020-12-31","IP",0,"USD"]
["PS5590","ROGAYAH BINTI GHAZALI",10,0,"3000-01-01","2020-12-31","IP",0,"USD"]
["PS5591","SYED FADZIL BIN SYED ABDULLA",10,0,"3000-01-01","2020-12-31","IP",0,"USD"]
["PS5592","HASLINDA BT MOHAMAD RAIS",10,0,"3000-01-01","2020-12-31","IP",0,"USD"]
["PS5593","RAHANA BINTI MANAN",10,0,"3000-01-01","2020-12-31","IP",0,"USD"]
["PS5594","MOHD ABDUL RAZAK BIN ABDULLAH@ZAKARIA",10,0,"3000-01-01","2020-12-31","IP",0,"USD"]
["PS5595","NUR HASYA BINTI ZAINAL ABIDDIN & MUHAMAD AZFAR BIN",10,0,"3000-01-01","2020-12-31","IP",0,"USD"]
["PS5596","MOHAMMAD FAROUK BIN ABDULLAH",10,0,"3000-01-01","2020-12-31","IP",0,"USD"]
["PS5597","AZMI BIN ABD AZIZ",10,0,"3000-01-01","2020-12-31","IP",0,"USD"]
["PS5598","ADNAN BIN RAMLI",10,0,"3000-01-01","2020-12-31","IP",0,"USD"]
["PS5599","NORAIDA HASLINA BINTI ABDUL RAHMAN",10,0,"3000-01-01","2020-12-31","IP",0,"USD"]
["PS5600","JAMALUDDIN BIN SHAARI",10,0,"3000-01-01","2020-12-31","IP",0,"USD"]
["PS5601","SHAHARUDDIN BIN SAFRI",10,0,"3000-01-01","2020-12-31","IP",0,"USD"]
["PS5602","WAN MAIMUN BINTI WAN ISMAIL",10,0,"3000-01-01","2020-12-31","IP",0,"USD"]
["PS5603","ROHEZAM BINTI MD. YATIM",10,0,"3000-01-01","2020-12-31","IP",0,"USD"]
["PS5604","HALIZA BINTI HASAN",10,0,"3000-01-01","2020-12-31","IP",0,"USD"]
["PS5605","MUHAMAD IKRAAM BIN NORODIN",10,0,"3000-01-01","2020-12-31","IP",0,"USD"]
["PS5606","SAIFUL IZWAN BIN IBRAHIM",10,0,"3000-01-01","2020-12-31","IP",0,"USD"]
["PS5607","MOHD NIZAM BIN MOHD SALLEH",10,0,"3000-01-01","2020-12-31","IP",0,"USD"]
["PS5608","SHAHRIZAL BIN SULAIMAN",10,0,"3000-01-01","2020-12-31","IP",0,"USD"]
["PS5609","JAMILOL NASIR BIN SA'AD",10,0,"3000-01-01","2020-12-31","IP",0,"USD"]
["PS5610","SULAIMAN BIN ABD RAHMAN",10,0,"3000-01-01","2020-12-31","IP",0,"USD"]
["PS5611","ALIAS BIN YAACOB",10,0,"3000-01-01","2020-12-31","IP",0,"USD"]
["PS5612","ZAKWAN BIN HAMID@KAMAL BASHAH",10,0,"3000-01-01","2020-12-31","IP",0,"USD"]
["PS5613","ROSLI BIN ISHAK",10,0,"3000-01-01","2020-12-31","IP",0,"USD"]
["PS5614","MADIHA SYAHIDAH BINTI MOHD ROHANI",10,0,"3000-01-01","2020-12-31","IP",0,"USD"]
["PS5615","ROSLI BIN ADNAM",10,0,"3000-01-01","2020-12-31","IP",0,"USD"]
["PS5616","ALIFF OMAR BIN SAWALLUDIN",10,0,"3000-01-01","2020-12-31","IP",0,"USD"]
["PS5617","KAMARUDDIN BIN MOHD NORDIN",10,0,"3000-01-01","2020-12-31","IP",0,"USD"]
["PS5618","ABDUL HADI BIN KASIM",10,0,"3000-01-01","2020-12-31","IP",0,"USD"]
["PS5619","AHMAD ANWAR FAKHRI BIN MOHD NAJMAN & AHMAD FIRDAUS",10,0,"3000-01-01","2020-12-31","IP",0,"USD"]
["PS5620","MD SAMSUHAIMI BIN JASMIN",10,0,"3000-01-01","2020-12-31","IP",0,"USD"]
["PS5621","ASWAD BIN MOHD",10,0,"3000-01-01","2020-12-31","IP",0,"USD"]
["PS5622","SUFIAN BIN SAPRAN @ SHAHRAN",10,0,"3000-01-01","2020-12-31","IP",0,"USD"]
["PS5623","NIRWANA SAUJANA SDN BHD",10,0,"3000-01-01","2020-12-31","IP",0,"USD"]
["PS5624","NIK HAIRI BIN OMAR",10,0,"3000-01-01","2020-12-31","IP",0,"USD"]
["PS5625","AZHAR BIN BADAR",10,0,"3000-01-01","2020-12-31","IP",0,"USD"]
["PS5626","AMINNOOR RASYID BIN MARMIN & NADIA BINTI AZMAN",10,0,"3000-01-01","2020-12-31","IP",0,"USD"]
["PS5627","MONALIZA BINTI JANTAN",10,0,"3000-01-01","2020-12-31","IP",0,"USD"]
["PS5628","RASID BIN SALIM",10,0,"3000-01-01","2020-12-31","IP",0,"USD"]
["PS5629","NOR AZEAN BINTI MISWAN",10,0,"3000-01-01","2020-12-31","IP",0,"USD"]
["PS5630","IRYANI BINTI AHMAD HAMIDI",10,0,"3000-01-01","2020-12-31","IP",0,"USD"]
["PS5631","NORAZILAN BIN MAZAHAR & WAHIDANOOR BT WAHID",10,0,"3000-01-01","2020-12-31","IP",0,"USD"]
["PS5632","ROZALINDA BINTI OSMAN",10,0,"3000-01-01","2020-12-31","IP",0,"USD"]
["PS5633","SYAZILA BINTI SARIP",10,0,"3000-01-01","2020-12-31","IP",0,"USD"]
["PS5634","MOHAMED EDLY FIRDAUS BIN MOHAMED SETH",10,0,"3000-01-01","2020-12-31","IP",0,"USD"]
["PS5635","RUZANA AINI BINTI HAMDAN",10,0,"3000-01-01","2020-12-31","IP",0,"USD"]
["PS5636","NUR 'AISYATUL FARHAH BINTI MD ZAHER",10,0,"3000-01-01","2020-12-31","IP",0,"USD"]
["PS5637","AWALLUDIN BIN MUSA",10,0,"3000-01-01","2020-12-31","IP",0,"USD"]
["PS5638","ABDILLAH HAJI BUJANG",10,0,"3000-01-01","2020-12-31","IP",0,"USD"]
["PS5639","SABUDDIN BIN SANI",10,0,"3000-01-01","2020-12-31","IP",0,"USD"]
["PS5640","CHE HUSNI BIN HJ AHMAD",10,0,"3000-01-01","2020-12-31","IP",0,"USD"]
["PS5641","ABU ALFIAN BIN ABU KASSIM",10,0,"3000-01-01","2020-12-31","IP",0,"USD"]
["PS5642","ASYRAFFUL  SHAFIQ BIN MOHD ARIFF",10,0,"3000-01-01","2020-12-31","IP",0,"USD"]
["PS5643","AZLAN BIN MOHAMMED SALLEH",10,0,"3000-01-01","2020-12-31","IP",0,"USD"]
["PS5644","WAN MOHD TAURAN BIN WAN MUDA",10,0,"3000-01-01","2020-12-31","IP",0,"USD"]
["PS5645","MOHD ROHANI BIN ELIAS",10,0,"3000-01-01","2020-12-31","IP",0,"USD"]
["PS5646","MOHD NIZAR BIN MAD ZIN",10,0,"3000-01-01","2020-12-31","IP",0,"USD"]
["PS5647","MOHD LUTFI BIN SHUIB",10,0,"3000-01-01","2020-12-31","IP",0,"USD"]
["PS5648","NORSABARIN FATIZ BIN ZAKARIA",10,0,"3000-01-01","2020-12-31","IP",0,"USD"]
["PS5649","UMAHAYATI BINTI MANSOR",10,0,"3000-01-01","2020-12-31","IP",0,"USD"]
["PS5650","AHMAD FARID BIN KAMARUDIN",10,0,"3000-01-01","2020-12-31","IP",0,"USD"]
["PS5651","MOHAMED AZRIN BIN ZAINAL ARIFFIN",10,0,"3000-01-01","2020-12-31","IP",0,"USD"]
["PS5652","IDRIS BIN RAHMAT",10,0,"3000-01-01","2020-12-31","IP",0,"USD"]
["PS5653","AZMAN BIN MAMAT",10,0,"3000-01-01","2020-12-31","IP",0,"USD"]
["PS5654","HAZRINOR HISHAM BIN HARUN",10,0,"3000-01-01","2020-12-31","IP",0,"USD"]
["PS5655","CHIAH MEI YEE",10,0,"3000-01-01","2020-12-31","IP",0,"USD"]
["PS5656","ALAN HOR KAH LOON",10,0,"3000-01-01","2020-12-31","IP",0,"USD"]
["PS5657","AHMAD 'AZAM BIN SULAIMAN",10,0,"3000-01-01","2020-12-31","IP",0,"USD"]
["PS5658","MANOHARAN A/L CHERIA KANNAN",10,0,"3000-01-01","2020-12-31","IP",0,"USD"]
["PS5659","MUHAMMAD HAAMEEM BIN JAMEEL AHAMED",10,0,"3000-01-01","2020-12-31","IP",0,"USD"]
["PS5660","JAMEEL AHAMED BIN ABDUL WAHITH",10,0,"3000-01-01","2020-12-31","IP",0,"USD"]
["PS5661","MOHD FARIED BIN JAMIL, ROZITA BINTI ALI",10,0,"3000-01-01","2020-12-31","IP",0,"USD"]
["PS5662","SHAFIANA BINTI MOHAMED SALLEH",10,0,"3000-01-01","2020-12-31","IP",0,"USD"]
["PS5663","AHMAD HAZWAN BIN MAT KHALIL",10,0,"3000-01-01","2020-12-31","IP",0,"USD"]
["PS5664","RAZANA BINTI ZAHARI",10,0,"3000-01-01","2020-12-31","IP",0,"USD"]
["PS5665","RAFI BIN MUSA",10,0,"3000-01-01","2020-12-31","IP",0,"USD"]
["PS5666","AZMAD BIN ABD GHANI",10,0,"3000-01-01","2020-12-31","IP",0,"USD"]
["PS5667","MOHAMAD ZAMBERI BIN ISMAIL",10,0,"3000-01-01","2020-12-31","IP",0,"USD"]
["PS5668","MAZLAN BIN MOHAMED SALLEH",10,0,"3000-01-01","2020-12-31","IP",0,"USD"]
["PS5669","SALASIA BINTI ABD KARIM",10,0,"3000-01-01","2020-12-31","IP",0,"USD"]
["PS5670","AHMAD ZAMRI BIN ABU HASIM",10,0,"3000-01-01","2020-12-31","IP",0,"USD"]
["PS5671","MOHAMAD ZEEN BIN WATAK",10,0,"3000-01-01","2020-12-31","IP",0,"USD"]
["PS5672","ABDUL HADI BIN AHMAD NADZRI",10,0,"3000-01-01","2020-12-31","IP",0,"USD"]
["PS5673","NAZAR BIN MOHD IDRUS",10,0,"3000-01-01","2020-12-31","IP",0,"USD"]
["PS5674","AZHAR BIN OMAR",10,0,"3000-01-01","2020-12-31","IP",0,"USD"]
["PS5675","NAZIRA BINTI MOHAMAD HATTA",10,0,"3000-01-01","2020-12-31","IP",0,"USD"]
["PS5676","NOR AMISAH BINTI SINGKINA",10,0,"3000-01-01","2020-12-31","IP",0,"USD"]
["PS5677","KAMARUL ANUAR BIN KAMARUL ZAMAN",10,0,"3000-01-01","2020-12-31","IP",0,"USD"]
["PS5678","AHMAD MUSTAZA BIN ISMAIL & ZANARIAH BINTI ABU BAKA",10,0,"3000-01-01","2020-12-31","IP",0,"USD"]
["PS5679","FIKRIAH BINTI MOHD YUSOFF",10,0,"3000-01-01","2020-12-31","IP",0,"USD"]
["PS5680","AHMAD ALHAIRI BIN MOHAMED YUSUF",10,0,"3000-01-01","2020-12-31","IP",0,"USD"]
["PS5681","LATIPAH BINTI IBRAHIM",10,0,"3000-01-01","2020-12-31","IP",0,"USD"]
["PS5682","TUAN JULIANA BINTI TUAN YUSOFF & MOHD HILMEE BIN A",10,0,"3000-01-01","2020-12-31","IP",0,"USD"]
["PS5683","MOHAMMAD FADZIL BIN ALIAS",10,0,"3000-01-01","2020-12-31","IP",0,"USD"]
["PS5684","AZRAM BIN ZAHARI",10,0,"3000-01-01","2020-12-31","IP",0,"USD"]
["PS5685","HAMMAD FARHI BIN MOHD SAUDI",10,0,"3000-01-01","2020-12-31","IP",0,"USD"]
["PS5686","MERIAM BINTI HJ AHMAD SHAFICEE & RINALTO BIN OMAR",10,0,"3000-01-01","2020-12-31","IP",0,"USD"]
["PS5687","KAMARUL NAZRI BIN ABDUL RAHMAN",10,0,"3000-01-01","2020-12-31","IP",0,"USD"]
["PS5688","NORMIAH BINTI DAHARI",10,0,"3000-01-01","2020-12-31","IP",0,"USD"]
["PS5689","NORBAEYAH BINTI ABDULLAH",10,0,"3000-01-01","2020-12-31","IP",0,"USD"]
["PS5690","FATIMAH 'ALIAA BINTI AZLAN",10,0,"3000-01-01","2020-12-31","IP",0,"USD"]
["PS5691","KISWAH BINTI MOHAMMAD",10,0,"3000-01-01","2020-12-31","IP",0,"USD"]
["PS5692","JUJEMAYATI BINTI JAMAL",10,0,"3000-01-01","2020-12-31","IP",0,"USD"]
["PS5693","NIK ABDULLAH HAKEEM BIN NIK AHMAD FARID",10,0,"3000-01-01","2020-12-31","IP",0,"USD"]
["PS5694","FAZLAH@FAZLAN BIN HARUN",10,0,"3000-01-01","2020-12-31","IP",0,"USD"]
["PS5695","NASARUDDIN BIN MAHMUD",10,0,"3000-01-01","2020-12-31","IP",0,"USD"]
["PS5696","KHAIRUN NISA BINTI SULAIMAN",10,0,"3000-01-01","2020-12-31","IP",0,"USD"]
["PS5697","SHAMSUL BAHAR BIN ABDUL KADIR",10,0,"3000-01-01","2020-12-31","IP",0,"USD"]
["PS5698","AMLI SALENA BINTI AMI",10,0,"3000-01-01","2020-12-31","IP",0,"USD"]
["PS5699","ABDUL SAIDI BIN BADRI",10,0,"3000-01-01","2020-12-31","IP",0,"USD"]
["PS5700","JUMAATUN KASNAH BINTI ABU HASSAN",10,0,"3000-01-01","2020-12-31","IP",0,"USD"]
["PS5701","MUHAMMAD FARHAAN BIN RADZALI",10,0,"3000-01-01","2020-12-31","IP",0,"USD"]
["PS5702","MOHD AKHBAR BIN ROBI",10,0,"3000-01-01","2020-12-31","IP",0,"USD"]
["PS5703","MOHD SALIM BIN MOHAMED SAIN",10,0,"3000-01-01","2020-12-31","IP",0,"USD"]
["PS5704","ABDUL MALEK BIN YUSOF",10,0,"3000-01-01","2020-12-31","IP",0,"USD"]
["PS5705","SHARIFAH HANIFAH BINTI SYED ABDUL AZIZ",10,0,"3000-01-01","2020-12-31","IP",0,"USD"]
["PS5706","SABARIAH BINTI ALIAS",10,0,"3000-01-01","2020-12-31","IP",0,"USD"]
["PS5707","NOR IMAN IZZATY BINTI NOR AZMAN",10,0,"3000-01-01","2020-12-31","IP",0,"USD"]
["PS5708","NOR IMAN HAKIM BIN NOR AZMAN",10,0,"3000-01-01","2020-12-31","IP",0,"USD"]
["PS5709","SHAHRUL BIN SHARIF",10,0,"3000-01-01","2020-12-31","IP",0,"USD"]
["PS5710","MOHD YUNNIZAM BIN CHE YUN",10,0,"3000-01-01","2020-12-31","IP",0,"USD"]
["PS5711","KAMARUL ZAHARIAH BINTI KAMARUL ZAMAN",10,0,"3000-01-01","2020-12-31","IP",0,"USD"]
["PS5712","KAMARUL FARIDAH BINTI KAMARUL ZAMAN",10,0,"3000-01-01","2020-12-31","IP",0,"USD"]
["PS5713","FATIMAH BINTI ABDUL AZIZ",10,0,"3000-01-01","2020-12-31","IP",0,"USD"]
["PS5714","HASRUDIN BIN HASHIM",10,0,"3000-01-01","2020-12-31","IP",0,"USD"]
["PS5715","NOOR AZAM BINTI ABDUL MANAN",10,0,"3000-01-01","2020-12-31","IP",0,"USD"]
["PS5716","AHMAD BIN MAHMUD",10,0,"3000-01-01","2020-12-31","IP",0,"USD"]
["PS5717","NOORAIN BINTI MOHD ISA",10,0,"3000-01-01","2020-12-31","IP",0,"USD"]
["PS5718","WAN FAUZI BIN WAN ISMAIL",10,0,"3000-01-01","2020-12-31","IP",0,"USD"]
["PS5719","MUHAMMAD HANIFF BIN ROSLAIN",10,0,"3000-01-01","2020-12-31","IP",0,"USD"]
["PS5720","HAZARUDIN BIN MUSTAFA",10,0,"3000-01-01","2020-12-31","IP",0,"USD"]
["PS5721","MD RUZAIDI ZAIM BIN MD RAZALI",10,0,"3000-01-01","2020-12-31","IP",0,"USD"]
["PS5722","SULAIMAN BIN IBRAHIM",10,0,"3000-01-01","2020-12-31","IP",0,"USD"]
["PS5723","MUHAMAD HAFIZI BIN ABU BAKAR",10,0,"3000-01-01","2020-12-31","IP",0,"USD"]
["PS5724","ZAMZANI BIN ABDUL WAHAB",10,0,"3000-01-01","2020-12-31","IP",0,"USD"]
["PS5725","JAMALUDDIN BIN NASIR & JAMALIAH BINTI MAN",10,0,"3000-01-01","2020-12-31","IP",0,"USD"]
["PS5726","KHAIRUNNAJIHIN BIN MD SUANDI",10,0,"3000-01-01","2020-12-31","IP",0,"USD"]
["PS5727","ASWAD ERSHAD BIN AMIRRUDIN JAMAL",10,0,"3000-01-01","2020-12-31","IP",0,"USD"]
["PS5728","SABITHA BAGAM BINTI KAPAL MARICAN",10,0,"3000-01-01","2020-12-31","IP",0,"USD"]
["PS5729","NASRI BIN HASHIM",10,0,"3000-01-01","2020-12-31","IP",0,"USD"]
["PS5730","NUR FAHADA BINTI HAMDAN",10,0,"3000-01-01","2020-12-31","IP",0,"USD"]
["PS5731","MUHAMMAD AZLAN BIN AGUS",10,0,"3000-01-01","2020-12-31","IP",0,"USD"]
["PS5732","ABDUL WAHID BIN MOHAMAD ANUAR",10,0,"3000-01-01","2020-12-31","IP",0,"USD"]
["PS5733","FIRKHAN ALI BIN HAMID ALI",10,0,"3000-01-01","2020-12-31","IP",0,"USD"]
["PS5734","HYZURAH BINTI MOHAMAD & ILI ZAWANI BINTI ISMAIL",10,0,"3000-01-01","2020-12-31","IP",0,"USD"]
["PS5735","MUHAMMAD SHAHRULNIZAM BIN MD YAMAN",10,0,"3000-01-01","2020-12-31","IP",0,"USD"]
["PS5736","NURDITA FADZLINDA BINTI AHMAD RASIDI",10,0,"3000-01-01","2020-12-31","IP",0,"USD"]
["PS5737","AHMAD HASHIM BIN SELAMAT",10,0,"3000-01-01","2020-12-31","IP",0,"USD"]
["PS5738","SAFRI BIN TUNAN",10,0,"3000-01-01","2020-12-31","IP",0,"USD"]
["PS5739","ANUAR BIN ABU BAKAR",10,0,"3000-01-01","2020-12-31","IP",0,"USD"]
["PS5740","HASSAN BIN WAHID",10,0,"3000-01-01","2020-12-31","IP",0,"USD"]
["PS5741","SURIATY BINTI MD AROF",10,0,"3000-01-01","2020-12-31","IP",0,"USD"]
["PS5742","ABU BAKAR BIN MA'AROP",10,0,"3000-01-01","2020-12-31","IP",0,"USD"]
["PS5743"," HARIS BIN MANHAKIM",10,0,"3000-01-01","2020-12-31","IP",0,"USD"]
["PS5744","MAHATHIR BIN MOHAMAD TAJUDIN",10,0,"3000-01-01","2020-12-31","IP",0,"USD"]
["PS5745","AHMAD POZI BIN RABU",10,0,"3000-01-01","2020-12-31","IP",0,"USD"]
["PS5746","VERONICA ROBERT SUNDANG",10,0,"3000-01-01","2020-12-31","IP",0,"USD"]
["PS5747","AMYLA FADLYNA BINTI MOHAMED JOFREE",10,0,"3000-01-01","2020-12-31","IP",0,"USD"]
["PS5748","HAFIDZ MURSHIDI BIN MANSOR, NORSHIDA BINTI SULAIMA",10,0,"3000-01-01","2020-12-31","IP",0,"USD"]
["PS5749","NORSHIDA BINTI SULAIMAN, ZELDA RAHA BINTI SULAIMAN",10,0,"3000-01-01","2020-12-31","IP",0,"USD"]
["PS5750","KRISHNAN A/L NARAYANASAMY, S. MAGESWARY A/P SUNDAR",10,0,"3000-01-01","2020-12-31","IP",0,"USD"]
["PS5751","NORIZA BINTI HARUN",10,0,"3000-01-01","2020-12-31","IP",0,"USD"]
["PS5752","YAHYA BIN ZAKARIA",10,0,"3000-01-01","2020-12-31","IP",0,"USD"]
["PS5753","MOHD MOHYIDDIN BIN MOHAMED MESBAH",10,0,"3000-01-01","2020-12-31","IP",0,"USD"]
["PS5754","MOHD RADHI BIN MOHD DON",10,0,"3000-01-01","2020-12-31","IP",0,"USD"]
["PS5755","ABD HAMID BIN AHMAD",10,0,"3000-01-01","2020-12-31","IP",0,"USD"]
["PS5756","ISKANDAR BIN JAAFAR",10,0,"3000-01-01","2020-12-31","IP",0,"USD"]
["PS5757","ABDUL JALIL BIN IBRAHIM",10,0,"3000-01-01","2020-12-31","IP",0,"USD"]
["PS5758","MOHD NAJIB BIN ABDULLAH",10,0,"3000-01-01","2020-12-31","IP",0,"USD"]
["PS5759","NORAH BINTI SAIAN",10,0,"3000-01-01","2020-12-31","IP",0,"USD"]
["PS5760","ZURINA BINTI ABDUL SHUKOR",10,0,"3000-01-01","2020-12-31","IP",0,"USD"]
["PS5761","MARIA BINTI AHMAD",10,0,"3000-01-01","2020-12-31","IP",0,"USD"]
["PS5762","AZHARI BIN MARJAN",10,0,"3000-01-01","2020-12-31","IP",0,"USD"]
["PS5763","NURUL AIN BINTI HANZIR &HAMIDI BIN A.RAZAK",10,0,"3000-01-01","2020-12-31","IP",0,"USD"]
["PS5764","NORA AZIATUN BINTI MOHD NOOR",10,0,"3000-01-01","2020-12-31","IP",0,"USD"]
["PS5765","HAKIM BIN MOHD RAZIF",10,0,"3000-01-01","2020-12-31","IP",0,"USD"]
["PS5766","NURATIKAH ANEES BINTI AZMAN",10,0,"3000-01-01","2020-12-31","IP",0,"USD"]
["PS5767","KAMARUDDIN BIN KAMARUL ZAMAN",10,0,"3000-01-01","2020-12-31","IP",0,"USD"]
["PS5768","WAN MOHAMAD BIN WAN AHMAD",10,0,"3000-01-01","2020-12-31","IP",0,"USD"]
["PS5769","NIK ZAWANAH BINTI NIK ISMAIL",10,0,"3000-01-01","2020-12-31","IP",0,"USD"]
["PS5770","AZMAN BIN ABDUL GANI",10,0,"3000-01-01","2020-12-31","IP",0,"USD"]
["PS5771","ZAINARIAH BINTI ABU BAKAR",10,0,"3000-01-01","2020-12-31","IP",0,"USD"]
["PS5772","NOOR AZLINA BINTI MOKHTAR",10,0,"3000-01-01","2020-12-31","IP",0,"USD"]
["PS5773","SITI NADIA BINTI EZANEE & SARAH BINTI EZANEE",10,0,"3000-01-01","2020-12-31","IP",0,"USD"]
["PS5774","MURNI BINTI MOHAMED YAHYA",10,0,"3000-01-01","2020-12-31","IP",0,"USD"]
["PS5775","GREEN WALL SDN. BHD.",10,0,"3000-01-01","2020-12-31","IP",0,"USD"]
["PS5776","ZAHARUL MAHADI BIN ABDUL RAZAK",10,0,"3000-01-01","2020-12-31","IP",0,"USD"]
["PS5777","ZOL KAPELI BIN OTHMAN",10,0,"3000-01-01","2020-12-31","IP",0,"USD"]
["PS5778","MOHD AZIZ BIN ASSUAN",10,0,"3000-01-01","2020-12-31","IP",0,"USD"]
["PS5779","RUZIAH BINTI HUSIN",10,0,"3000-01-01","2020-12-31","IP",0,"USD"]
["PS5780","AZMAN BIN IDRIS",10,0,"3000-01-01","2020-12-31","IP",0,"USD"]
["PS5781","MOHD SHAH BIN HASHIM",10,0,"3000-01-01","2020-12-31","IP",0,"USD"]
["PS5782","MOHD HUSAIRIL BIN IBRAHIM",10,0,"3000-01-01","2020-12-31","IP",0,"USD"]
["PS5783","ABDUL RAUF BIN MOHD YUSOF",10,0,"3000-01-01","2020-12-31","IP",0,"USD"]
["PS5784","NAZRULHISHAM BIN MOHAMMED SUHAMI",10,0,"3000-01-01","2020-12-31","IP",0,"USD"]
["PS5785","RIZEETA BINTI ABD RAZAK",10,0,"3000-01-01","2020-12-31","IP",0,"USD"]
["PS5786","GOOI KIN TIONG",10,0,"3000-01-01","2020-12-31","IP",0,"USD"]
["PS5787","RAMLAH BINTI M MOHD HANEEFA",10,0,"3000-01-01","2020-12-31","IP",0,"USD"]
["PS5788","NIK MOHD HILMI BIN NIK MOHD GHAZI",10,0,"3000-01-01","2020-12-31","IP",0,"USD"]
["PS5789","NORMADIHANA BINTI ABDUL MAJID @ AHMAD",10,0,"3000-01-01","2020-12-31","IP",0,"USD"]
["PS5790","DESMOND LIM HOCK LAI",10,0,"3000-01-01","2020-12-31","IP",0,"USD"]
["PS5791","DELPHINE LIM CHENG ANN",10,0,"3000-01-01","2020-12-31","IP",0,"USD"]
["PS5792","MOHD ROSLAN BIN AMRAN & INDERADIN BIN ZAINAL ABIDI",10,0,"3000-01-01","2020-12-31","IP",0,"USD"]
["PS5793","MUHAMMAD FADHLY HAKIM BIN AB RAZAK",10,0,"3000-01-01","2020-12-31","IP",0,"USD"]
["PS5794","MD FAIZAN BIN ABD RAHMAN",10,0,"3000-01-01","2020-12-31","IP",0,"USD"]
["PS5795","FARIDAH BINTI HABIB MOHAMED & NUR AMIRAH BINTI MAM",10,0,"3000-01-01","2020-12-31","IP",0,"USD"]
["PS5796","FARIDAH BINTI HABIB MOHAMED & NUR ATHIRAH BINTI MA",10,0,"3000-01-01","2020-12-31","IP",0,"USD"]
["PS5797","FARIDAH BINTI HABIB MOHAMED & NUR AKMAL BINTI MAMA",10,0,"3000-01-01","2020-12-31","IP",0,"USD"]
["PS5798","FARIDAH BINTI HABIB MOHAMED & NUR AJLAA BINTI MAMA",10,0,"3000-01-01","2020-12-31","IP",0,"USD"]
["PS5799","MAMAT BIN ENDUT & FARIDAH BINTI HABIB MOHAMED",10,0,"3000-01-01","2020-12-31","IP",0,"USD"]
["PS5800","ZAKIAH BINTI ABDUL HALIM",10,0,"3000-01-01","2020-12-31","IP",0,"USD"]
["PS5801","PS5801SITI ROHANI BINTI HUSSAIN",10,0,"3000-01-01","2020-12-31","IP",0,"USD"]
["PS5802","SERIFAH MASNANI BINTI WAN HASSAN",10,0,"3000-01-01","2020-12-31","IP",0,"USD"]
["PS5803","MUHAMMAD FARIS BIN TAJUL AZLAN",10,0,"3000-01-01","2020-12-31","IP",0,"USD"]
["PS5804","NURUL  ASHIQIN BINTI ABDULLAH @ CHAW KING",10,0,"3000-01-01","2020-12-31","IP",0,"USD"]
["PS5805","ABDULL RAHMAN BIN HUSIN",10,0,"3000-01-01","2020-12-31","IP",0,"USD"]
["PS5806","NORAZEMAN BIN ABU BAKAR",10,0,"3000-01-01","2020-12-31","IP",0,"USD"]
["PS5807","FADZLON BINTI JAAFAR",10,0,"3000-01-01","2020-12-31","IP",0,"USD"]
["PS5808","MOHAMMAD HISHAMUDDIN BIN HASAN & PUTERI MARIANA BI",10,0,"3000-01-01","2020-12-31","IP",0,"USD"]
["PS5809","SAHRIR BIN SANUSI",10,0,"3000-01-01","2020-12-31","IP",0,"USD"]
["PS5810","MOHAMMAD ZAHIR BIN ISMAIL",10,0,"3000-01-01","2020-12-31","IP",0,"USD"]
["PS5811","SHAHRIZAL BIN MUHAMAD",10,0,"3000-01-01","2020-12-31","IP",0,"USD"]
["PS5812","UMI SALMAH@NORHAZILAWATI BINTI ABDUL SAMAD",10,0,"3000-01-01","2020-12-31","IP",0,"USD"]
["PS5813","SHAHROM BIN GHAZALI & MOHAMMAD FADZIL BIN ALIAS",10,0,"3000-01-01","2020-12-31","IP",0,"USD"]
["PS5814","MUZAFAR BIN MAZLAN",10,0,"3000-01-01","2020-12-31","IP",0,"USD"]
["PS5815","NOR HISHAM BIN MOHAMED",10,0,"3000-01-01","2020-12-31","IP",0,"USD"]
["PS5816","AHMAD AFIF BIN ISHAK",10,0,"3000-01-01","2020-12-31","IP",0,"USD"]
["PS5817","VPT SYSTEMS SDN BHD",10,0,"3000-01-01","2020-12-31","IP",0,"USD"]
["PS5818","ZARINA BINTI MUHAMMAD",10,0,"3000-01-01","2020-12-31","IP",0,"USD"]
["PS5819","NUR SHAZWANI BINTI SHARI",10,0,"3000-01-01","2020-12-31","IP",0,"USD"]
["PS5820","MOHD AFIQ BIN AB RASHID",10,0,"3000-01-01","2020-12-31","IP",0,"USD"]
["PS5821","MUHAMMAD SYAMIM BIN MD MORSHID",10,0,"3000-01-01","2020-12-31","IP",0,"USD"]
["PS5822","SHAHRIR BIN SHARIFF",10,0,"3000-01-01","2020-12-31","IP",0,"USD"]
["PS5823","MOHD SALMAN BIN SALLEH & DALILAH BINTI HAMZAH",10,0,"3000-01-01","2020-12-31","IP",0,"USD"]
["PS5824","MOHD DIN ARSHAD BIN ABD RAFAR, & SITI AZIRA BINTI ",10,0,"3000-01-01","2020-12-31","IP",0,"USD"]
["PS5825","NURUL NAZDIA BINTI ABD AZIZ",10,0,"3000-01-01","2020-12-31","IP",0,"USD"]
["PS5826","AMIRANATRA BINTI MUSA",10,0,"3000-01-01","2020-12-31","IP",0,"USD"]
["PS5827","MUSLIMAH BINTI SIMO & MUHAMMAD FARHAN BIN RIZALUDI",10,0,"3000-01-01","2020-12-31","IP",0,"USD"]
["PS5828","MUHARAMAH BINTI SIMO & MISKINA BINTI SIMO",10,0,"3000-01-01","2020-12-31","IP",0,"USD"]
["PS5829","MUSLIMAH BINTI SIMO & ANIS BALQIS BINTI RIZALUDIN",10,0,"3000-01-01","2020-12-31","IP",0,"USD"]
["PS5830","NURUL HAIDA BINTI JOHAN",10,0,"3000-01-01","2020-12-31","IP",0,"USD"]
["PS5831","MAT DERIS BIN JUSOH",10,0,"3000-01-01","2020-12-31","IP",0,"USD"]
["PS5832","AMIRUL RAHMAN BIN ABDUL RAHIM",10,0,"3000-01-01","2020-12-31","IP",0,"USD"]
["PS5833","ZAWATI BINTI IBRAHIM",10,0,"3000-01-01","2020-12-31","IP",0,"USD"]
["PS5834","HASBULLAH BIN RAZALI",10,0,"3000-01-01","2020-12-31","IP",0,"USD"]
["PS5835","MOHAMMAD RAHMAN BIN ABD YACCOB",10,0,"3000-01-01","2020-12-31","IP",0,"USD"]
["PS5836","ROSLINA BINTI MOHAMAD",10,0,"3000-01-01","2020-12-31","IP",0,"USD"]
["PS5837","ROZITA BINTI MOHAMAD",10,0,"3000-01-01","2020-12-31","IP",0,"USD"]
["PS5838","HANIZAH BINTI ABDULLAH",10,0,"3000-01-01","2020-12-31","IP",0,"USD"]
["PS5839","MUHAMAD AZMAN BIN ABDUL RAHMAN & HEZUL HEZRY BIN H",10,0,"3000-01-01","2020-12-31","IP",0,"USD"]
["PS5840","NURIZZATI BINTI ZAHARINUDDIN",10,0,"3000-01-01","2020-12-31","IP",0,"USD"]
["PS5841","NORAINI BINTI ABDUL RAHMAN",10,0,"3000-01-01","2020-12-31","IP",0,"USD"]
["PS5842","NORIZA BINTI MOHD NOOR",10,0,"3000-01-01","2020-12-31","IP",0,"USD"]
["PS5843","MUSTAFA BIN IBRAHIM",10,0,"3000-01-01","2020-12-31","IP",0,"USD"]
["PS5844","ZULKIFLI BIN MOHD SALLEH",10,0,"3000-01-01","2020-12-31","IP",0,"USD"]
["PS5845","NORILKHIRULANUAR BIN JOHARI",10,0,"3000-01-01","2020-12-31","IP",0,"USD"]
["PS5846","SHEREEN BEGUM BINTI ABDUL YUNOS & MUHAMMAD JOHAN B",10,0,"3000-01-01","2020-12-31","IP",0,"USD"]
["PS5847","SHEREEN BEGUM BINTI ABDUL YUNOS & JULIA ADILLA BIN",10,0,"3000-01-01","2020-12-31","IP",0,"USD"]
["PS5848","AMRAN BIN MAT YASIN",10,0,"3000-01-01","2020-12-31","IP",0,"USD"]
["PS5849","AHMAD RASHDY BIN ZAIN MUSTAFFA",10,0,"3000-01-01","2020-12-31","IP",0,"USD"]
["PS5850","SUFYAN BIN MOHD ANNUAR",10,0,"3000-01-01","2020-12-31","IP",0,"USD"]
["PS5851","MOHD FAUZI BIN ATAN @ MOHAMED",10,0,"3000-01-01","2020-12-31","IP",0,"USD"]
["PS5852","AZALAN BIN AHMAD",10,0,"3000-01-01","2020-12-31","IP",0,"USD"]
["PS5853","ROHASNIZA BINTI RAZALI",10,0,"3000-01-01","2020-12-31","IP",0,"USD"]
["PS5854","MOHD HAZANY BIN MOHD TAHIR",10,0,"3000-01-01","2020-12-31","IP",0,"USD"]
["PS5855","SHAHRIZAN BIN AHMAD SHAHARUDIN",10,0,"3000-01-01","2020-12-31","IP",0,"USD"]
["PS5856","MOHD HAZERI BIN MOHD RAMLY",10,0,"3000-01-01","2020-12-31","IP",0,"USD"]
["PS5857","ZAFRIDIN BIN AHMAD DANI",10,0,"3000-01-01","2020-12-31","IP",0,"USD"]
["PS5858","RAIHANAH BINTI CHE GHANI",10,0,"3000-01-01","2020-12-31","IP",0,"USD"]
["PS5859","MOHD SUHAIMI BIN MUDA",10,0,"3000-01-01","2020-12-31","IP",0,"USD"]
["PS5860","MOHD SHAHRIZAL BIN MD NAWAWI",10,0,"3000-01-01","2020-12-31","IP",0,"USD"]
["PS5861","FATEHA BINTI ZAKARIA",10,0,"3000-01-01","2020-12-31","IP",0,"USD"]
["PS5862","ROZLAN @ MALCOLM MURPHY",10,0,"3000-01-01","2020-12-31","IP",0,"USD"]
["PS5863","FAZILAH BINTI MUHAMAD",10,0,"3000-01-01","2020-12-31","IP",0,"USD"]
["PS5864","MAT KHAIRUL BASHAR BIN MAT HADZIR",10,0,"3000-01-01","2020-12-31","IP",0,"USD"]
["PS5865","SARAWATY BINTI MOHAMAD RAMLY",10,0,"3000-01-01","2020-12-31","IP",0,"USD"]
["PS5866","K. HAMIDAH BINTI JAMIL",10,0,"3000-01-01","2020-12-31","IP",0,"USD"]
["PS5867","GHAZALI BIN ABU BAKAR",10,0,"3000-01-01","2020-12-31","IP",0,"USD"]
["PS5868","FOUZIAH BINTI HAMZAH",10,0,"3000-01-01","2020-12-31","IP",0,"USD"]
["PS5869","ENG CHEE ERN",10,0,"3000-01-01","2020-12-31","IP",0,"USD"]
["PS5870","ABDUL RASHID BIN HUSSIN",10,0,"3000-01-01","2020-12-31","IP",0,"USD"]
["PS5871","FAKHRUZZAMAN BIN ALIAS",10,0,"3000-01-01","2020-12-31","IP",0,"USD"]
["PS5872","MOHD KAMARULARIFFIN BIN ABD MALEK",10,0,"3000-01-01","2020-12-31","IP",0,"USD"]
["PS5873","KAMARULZAMAN BIN OTHMAN",10,0,"3000-01-01","2020-12-31","IP",0,"USD"]
["PS5874","MOHD TARMIZI BIN ZAKARIA",10,0,"3000-01-01","2020-12-31","IP",0,"USD"]
["PS5875","ROSLAN BIN MOHD KASIIM",10,0,"3000-01-01","2020-12-31","IP",0,"USD"]
["PS5876","MOHAMAD RIZAL BIN A. JABAR",10,0,"3000-01-01","2020-12-31","IP",0,"USD"]
["PS5877","MUHAMAD BASHIR BIN ABD RAZAK",10,0,"3000-01-01","2020-12-31","IP",0,"USD"]
["PS5878","SUJAIRI BIN MAHRONI",10,0,"3000-01-01","2020-12-31","IP",0,"USD"]
["PS5879","AZRIN BIN BAHARIN",10,0,"3000-01-01","2020-12-31","IP",0,"USD"]
["PS5880","NORHASLI BIN NOR ZAMAN",10,0,"3000-01-01","2020-12-31","IP",0,"USD"]
["PS5881","AKBAL BIN ABU",10,0,"3000-01-01","2020-12-31","IP",0,"USD"]
["PS5882","HASNAH BINTI KHUSNI",10,0,"3000-01-01","2020-12-31","IP",0,"USD"]
["PS5883","MOHAMAD RAZEEF BIN MUSA",10,0,"3000-01-01","2020-12-31","IP",0,"USD"]
["PS5884","AZRIN UN-SU BILLAH BIN ZAID",10,0,"3000-01-01","2020-12-31","IP",0,"USD"]
["PS5885","AHMAD ASMAHDI BIN AHMAD AFANDI",10,0,"3000-01-01","2020-12-31","IP",0,"USD"]
["PS5886","HANISAH BINTI SALLEHUDIN",10,0,"3000-01-01","2020-12-31","IP",0,"USD"]
["PS5887","JOHARI BIN LOUIS RAMLI",10,0,"3000-01-01","2020-12-31","IP",0,"USD"]
["PS5888","SARAH BINTI MOHD RAZIF",10,0,"3000-01-01","2020-12-31","IP",0,"USD"]
["PS5889","NORINA BINTI ZAINUDDIN",10,0,"3000-01-01","2020-12-31","IP",0,"USD"]
["PS5890","AMIR AZMI BIN NAWAWI",10,0,"3000-01-01","2020-12-31","IP",0,"USD"]
["PS5891","SARIZA BINTI MOHTAR",10,0,"3000-01-01","2020-12-31","IP",0,"USD"]
["PS5892","FAIRUZ BIN ZULKIFLI",10,0,"3000-01-01","2020-12-31","IP",0,"USD"]
["PS5893","RASHID BIN MD ZIN",10,0,"3000-01-01","2020-12-31","IP",0,"USD"]
["PS5894","FATULLAH RIZAL BIN ROSLAN ",10,0,"3000-01-01","2020-12-31","IP",0,"USD"]
["PS5895","SHAMSUL BAHRY BIN AMIRUDIN",10,0,"3000-01-01","2020-12-31","IP",0,"USD"]
["PS5896","SIFOO INTERNATIONAL SDN BHD",10,0,"3000-01-01","2020-12-31","IP",0,"USD"]
["PS5897","MUBARAKH AZAD BIN ABDUL KARIM",10,0,"3000-01-01","2020-12-31","IP",0,"USD"]
["PS5898","RAJA DATO IDRIS BIN RAJA HALID ",10,0,"3000-01-01","2020-12-31","IP",0,"USD"]
["PS5899","ABDUL RAHMAN BIN YUSOFF",10,0,"3000-01-01","2020-12-31","IP",0,"USD"]
["PS5900","SITI NUR INTAN BINTI HARRIS &  NUR IDZHAR BIN MOHA",10,0,"3000-01-01","2020-12-31","IP",0,"USD"]
["PS5901","MOHD AZUAN BIN JAAFAR@ABDULLAH",10,0,"3000-01-01","2020-12-31","IP",0,"USD"]
["PS5902","KAMALRULZAMAN BIN ABD RAHIM",10,0,"3000-01-01","2020-12-31","IP",0,"USD"]
["PS5903","IDRUS BIN KAMARUDIN",10,0,"3000-01-01","2020-12-31","IP",0,"USD"]
["PS5904","FARUK BIN V RAJU MOHAMED",10,0,"3000-01-01","2020-12-31","IP",0,"USD"]
["PS5905","ZAREALIZA BINTI MAT FIAH",10,0,"3000-01-01","2020-12-31","IP",0,"USD"]
["PS5906","AB RASHID BIN JOHAR",10,0,"3000-01-01","2020-12-31","IP",0,"USD"]
["PS5907","MAZLAN BIN AHMAD",10,0,"3000-01-01","2020-12-31","IP",0,"USD"]
["PS5908","RAJA SHAHAR BIN RAJA ABDUL AZIZ",10,0,"3000-01-01","2020-12-31","IP",0,"USD"]
["PS5909","SOBIHAH BINTI ISMAIL",10,0,"3000-01-01","2020-12-31","IP",0,"USD"]
["PS5910","NORIZA BINTI ABDULLAH",10,0,"3000-01-01","2020-12-31","IP",0,"USD"]
["PS5911","SITI YUSNI BINTI MOHAMED YAACOB",10,0,"3000-01-01","2020-12-31","IP",0,"USD"]
["PS5912","NORFADZLI BIN ABDULLAH SANI",10,0,"3000-01-01","2020-12-31","IP",0,"USD"]
["PS5913","UMAIRAH BINTI MOHD SIDI",10,0,"3000-01-01","2020-12-31","IP",0,"USD"]
["PS5914","A MAJID BIN NGAH",10,0,"3000-01-01","2020-12-31","IP",0,"USD"]
["PS5915","NISHAD MOHAMED BIN CJ MOHAMED SHAFFY & JASMINE BEE",10,0,"3000-01-01","2020-12-31","IP",0,"USD"]
["PS5916","HALIMATHU SA'ADIAH BINTI ABDUL WAHID",10,0,"3000-01-01","2020-12-31","IP",0,"USD"]
["PS5917","SITI NUR AFIQAH BINTI ZARNI",10,0,"3000-01-01","2020-12-31","IP",0,"USD"]
["PS5918","MOHD ALAUDDIN BIN MOHD ALI",10,0,"3000-01-01","2020-12-31","IP",0,"USD"]
["PS5919","ABDUL RAHMAN BIN OTHMAN",10,0,"3000-01-01","2020-12-31","IP",0,"USD"]
["PS5920","CHE WAN DAID BIN CHE WAN SULAIMAN",10,0,"3000-01-01","2020-12-31","IP",0,"USD"]
["PS5921","ROZILAH BINTI KAMARUDIN",10,0,"3000-01-01","2020-12-31","IP",0,"USD"]
["PS5922","NORASYIKIN BINTI MOHAMED HISA",10,0,"3000-01-01","2020-12-31","IP",0,"USD"]
["PS5923","SAPARIN BIN MUSA",10,0,"3000-01-01","2020-12-31","IP",0,"USD"]
["PS5924","HAZAIDI BIN ABDUL HALIM",10,0,"3000-01-01","2020-12-31","IP",0,"USD"]
["PS5925","JOHARI BIN ISMAIL",10,0,"3000-01-01","2020-12-31","IP",0,"USD"]
["PS5926","ABD RAHMAN BIN MD NOOR",10,0,"3000-01-01","2020-12-31","IP",0,"USD"]
["PS5927","MOHAMAD EFFY FITRI BIN MOHD FATHIL",10,0,"3000-01-01","2020-12-31","IP",0,"USD"]
["PS5928","MAHADZIR IMRI BIN AB MALEK",10,0,"3000-01-01","2020-12-31","IP",0,"USD"]
["PS5929","\"MASLIANA BINTI MUSTAFA &  MOHD AZWIN BIN ABD GHAF",10,0,"3000-01-01","2020-12-31","IP",0,"USD"]
["PS5930","KHALID BIN NORDIN",10,0,"3000-01-01","2020-12-31","IP",0,"USD"]
["PS5931","WAN SUKHAIRI BIN WAN OMAR",10,0,"3000-01-01","2020-12-31","IP",0,"USD"]
["PS5932","MAZNAH BINTI SHAHRO",10,0,"3000-01-01","2020-12-31","IP",0,"USD"]
["PS5933","SHAHAZLAN BIN SHAHIDAN",10,0,"3000-01-01","2020-12-31","IP",0,"USD"]
["PS5934","MUHAMAD ADLI BIN ISMAIL",10,0,"3000-01-01","2020-12-31","IP",0,"USD"]
["PS5935","A RENZI BIN MAAZ",10,0,"3000-01-01","2020-12-31","IP",0,"USD"]
["PS5936","ADAM BIN SALAN",10,0,"3000-01-01","2020-12-31","IP",0,"USD"]
["PS5937","MOHD FADZIL BIN MOHD ZAIN",10,0,"3000-01-01","2020-12-31","IP",0,"USD"]
["PS5938","ROSZITA BINTI MOHAMAD",10,0,"3000-01-01","2020-12-31","IP",0,"USD"]
["PS5939","AZIZ BIN BASIRAN",10,0,"3000-01-01","2020-12-31","IP",0,"USD"]
["PS5940","ROZMAN BIN SAAT",10,0,"3000-01-01","2020-12-31","IP",0,"USD"]
["PS5941","MOHAMED ADZIMI BIN MUZNI",10,0,"3000-01-01","2020-12-31","IP",0,"USD"]
["PS5942","HIRMAN BIN ARIFFIN",10,0,"3000-01-01","2020-12-31","IP",0,"USD"]
["PS5943","NASIMAH BINTI YAHYA",10,0,"3000-01-01","2020-12-31","IP",0,"USD"]
["PS5944","SALEHUDDIN BIN AHMAD",10,0,"3000-01-01","2020-12-31","IP",0,"USD"]
["PS5945","HAMSAH BIN ABDULLAH",10,0,"3000-01-01","2020-12-31","IP",0,"USD"]
["PS5946","GHAZLIMI BIN GHAZALI",10,0,"3000-01-01","2020-12-31","IP",0,"USD"]
["PS5947","ZULHIMI ESHAM BIN ABDULLAH",10,0,"3000-01-01","2020-12-31","IP",0,"USD"]
["PS5948","MUHAMMAD ZAMANI BIN MOHD NOOR",10,0,"3000-01-01","2020-12-31","IP",0,"USD"]
["PS5949","BAHARUDIN BIN ISMAIL",10,0,"3000-01-01","2020-12-31","IP",0,"USD"]
["PS5950","FAZILLAH BINTI MUHAMMAD",10,0,"3000-01-01","2020-12-31","IP",0,"USD"]
["PS5951","CHE CHAMPAKA WATI BINTI ABD WAHAB",10,0,"3000-01-01","2020-12-31","IP",0,"USD"]
["PS5952","MOHD HAFIZ BIN HARUN",10,0,"3000-01-01","2020-12-31","IP",0,"USD"]
["PS5953","RAHEIMI BIN HALID",10,0,"3000-01-01","2020-12-31","IP",0,"USD"]
["PS5954","NORAZIAH BINTI SABRAN",10,0,"3000-01-01","2020-12-31","IP",0,"USD"]
["PS5955","MUHAMMAD ADAM BIN AB RAZAK",10,0,"3000-01-01","2020-12-31","IP",0,"USD"]
["PS5956","AZIZAN BIN ISMAIL",10,0,"3000-01-01","2020-12-31","IP",0,"USD"]
["PS5957","MOHD KADAFI BIN RAZALI",10,0,"3000-01-01","2020-12-31","IP",0,"USD"]
["PS5958","SYED MOHAMAD FIKRI BIN SYED MANSOR",10,0,"3000-01-01","2020-12-31","IP",0,"USD"]
["PS5959","MOHD HISHAM BIN KASSIM",10,0,"3000-01-01","2020-12-31","IP",0,"USD"]
["PS5960","MOHD AMRAN BIN MAHASSAN",10,0,"3000-01-01","2020-12-31","IP",0,"USD"]
["PS5961","FAIRUZE BIN YAHAYA",10,0,"3000-01-01","2020-12-31","IP",0,"USD"]
["PS5962","AHMAD SHUKRI BIN ADNAN",10,0,"3000-01-01","2020-12-31","IP",0,"USD"]
["PS5963","SHAMSUL QAMAR BIN ABDUL KADIR & SUZANNA BINTI SHAM",10,0,"3000-01-01","2020-12-31","IP",0,"USD"]
["PS5964","MEGAT AFIQRAZAIN BIN RONIZAIN",10,0,"3000-01-01","2020-12-31","IP",0,"USD"]
["PS5965","ROSDIN BIN RAMLI",10,0,"3000-01-01","2020-12-31","IP",0,"USD"]
["PS5966","HARIS BIN HALIM",10,0,"3000-01-01","2020-12-31","IP",0,"USD"]
["PS5967","AZIZI BIN ABDUL WAHAB",10,0,"3000-01-01","2020-12-31","IP",0,"USD"]
["PS5968","NAZRUL IRWAN BIN MOHD NOR",10,0,"3000-01-01","2020-12-31","IP",0,"USD"]
["PS5969","RAMLI BIN KADIMAN",10,0,"3000-01-01","2020-12-31","IP",0,"USD"]
["PS5970","MOHAMED REEZAL BIN MOHAMED BASRI",10,0,"3000-01-01","2020-12-31","IP",0,"USD"]
["PS5971","JAILANI BIN HASHIM",10,0,"3000-01-01","2020-12-31","IP",0,"USD"]
["PS5972","AHMAD NAZRI BIN MUHAMAD LUDIN",10,0,"3000-01-01","2020-12-31","IP",0,"USD"]
["PS5973","RIHANAH BINTI JAAFAR",10,0,"3000-01-01","2020-12-31","IP",0,"USD"]
["PS5974","FAZILAH BINTI BUJANG",10,0,"3000-01-01","2020-12-31","IP",0,"USD"]
["PS5975","ROSLEE BIN HUSSIN",10,0,"3000-01-01","2020-12-31","IP",0,"USD"]
["PS5976","ASRUNNIZA BINTI AHMAD",10,0,"3000-01-01","2020-12-31","IP",0,"USD"]
["PS5977","ABDUL GHANI BIN BULAT & NOR ZARINA BINTI SALIHIN",10,0,"3000-01-01","2020-12-31","IP",0,"USD"]
["PS5978","ZAIDI BIN ZAINOL",10,0,"3000-01-01","2020-12-31","IP",0,"USD"]
["PS5979","SYAZUL AZNAM BIN AHMAD TAUFFIK",10,0,"3000-01-01","2020-12-31","IP",0,"USD"]
["PS5980","NOOR AZMI BIN TAHARIM",10,0,"3000-01-01","2020-12-31","IP",0,"USD"]
["PS5981","SITI ZAITON BINTI OMAR",10,0,"3000-01-01","2020-12-31","IP",0,"USD"]
["PS5982","BOKHARI BIN HASSAN",10,0,"3000-01-01","2020-12-31","IP",0,"USD"]
["PS5983","AHMAD SAFIAN BIN MOHAMAD ISMAIL & HARYATI BINTI ZA",10,0,"3000-01-01","2020-12-31","IP",0,"USD"]
["PS5984","AHMADI BIN MASNONO",10,0,"3000-01-01","2020-12-31","IP",0,"USD"]
["PS5985","MOHD YUSRI BIN MAMAT@NAWI",10,0,"3000-01-01","2020-12-31","IP",0,"USD"]
["PS5986","MOHD YUSOF BIN MOHAMAD",10,0,"3000-01-01","2020-12-31","IP",0,"USD"]
["PS5987","AZLIDA BINTI MOHMED@GHAZALI",10,0,"3000-01-01","2020-12-31","IP",0,"USD"]
["PS5988","MD ZAINI BIN MOHD NOOR",10,0,"3000-01-01","2020-12-31","IP",0,"USD"]
["PS5989","MOHAMAD AJID BIN MASRI",10,0,"3000-01-01","2020-12-31","IP",0,"USD"]
["PS5990","SHAARI BIN BURHAN",10,0,"3000-01-01","2020-12-31","IP",0,"USD"]
["PS5991","SHARIFAH MELORA BINTI SYED MOHAMED",10,0,"3000-01-01","2020-12-31","IP",0,"USD"]
["PS5992","FAKHARUDIN BIN NASIR",10,0,"3000-01-01","2020-12-31","IP",0,"USD"]
["PS5993","A. GHANI BIN MUDA",10,0,"3000-01-01","2020-12-31","IP",0,"USD"]
["PS5994","AZIZAH BINTI HASHIM & ROSLAN BIN BABA",10,0,"3000-01-01","2020-12-31","IP",0,"USD"]
["PS5995","SURAN A/L EKIANG & SIAN A/P AH WIN",10,0,"3000-01-01","2020-12-31","IP",0,"USD"]
["PS5996","NURSYAHINAZ BINTI HASHIM",10,0,"3000-01-01","2020-12-31","IP",0,"USD"]
["PS5997","AHMAD MUSLIM BIN SAAD",10,0,"3000-01-01","2020-12-31","IP",0,"USD"]
["PS5998","FARRAHANIZ MAZWANI BINTI ABD HADI",10,0,"3000-01-01","2020-12-31","IP",0,"USD"]
["PS5999","ZAWIAH BINTI A.RAHMAN",10,0,"3000-01-01","2020-12-31","IP",0,"USD"]
["PS6000","Siti Fatimah Binti Mohd Amin",10,0,"3000-01-01","2020-12-31","IP",0,"USD"]
["PS6001","Zulkefli Bin Othman",10,0,"3000-01-01","2020-12-31","IP",0,"USD"]
["PS6002","Jamain Bin Ahmad",10,0,"3000-01-01","2020-12-31","IP",0,"USD"]
["PS6003","Putri Nor Lailee Bt Megat Ahmad Zamil",10,0,"3000-01-01","2020-12-31","IP",0,"USD"]
["PS6004","Raja Abdul Halim Bin Raja Abu Bakar",10,0,"3000-01-01","2020-12-31","IP",0,"USD"]
["PS6005","Wan Suhaidi Bin Wan Daud",10,0,"3000-01-01","2020-12-31","IP",0,"USD"]
["PS6006","Rosli Bin Ismail",10,0,"3000-01-01","2020-12-31","IP",0,"USD"]
["PS6007","Shalehaton Binti Md Arip",10,0,"3000-01-01","2020-12-31","IP",0,"USD"]
["PS6008","Sarimah Binti Hashim",10,0,"3000-01-01","2020-12-31","IP",0,"USD"]
["PS6009","Mohamed Razeek Bin Md Hussain Maricar",10,0,"3000-01-01","2020-12-31","IP",0,"USD"]
["PS6010","Nadalin Binti Ghulam Mohd",10,0,"3000-01-01","2020-12-31","IP",0,"USD"]
["PS6011","Rianto Bin Samad & Nadzirah Binti Hassan",10,0,"3000-01-01","2020-12-31","IP",0,"USD"]
["PS6013","Maizan Bin Mamat",10,0,"3000-01-01","2020-12-31","IP",0,"USD"]
["PS6014","Nazrin Shahnaz Binti Peer Mohamed",10,0,"3000-01-01","2020-12-31","IP",0,"USD"]
["PS6015","Siti Sairah Binti Zahir",10,0,"3000-01-01","2020-12-31","IP",0,"USD"]
["PS6016","Aimi Asilah Binti Zubaidi",10,0,"3000-01-01","2020-12-31","IP",0,"USD"]
["PS6017","Khairul Ariffin Bin Haron",10,0,"3000-01-01","2020-12-31","IP",0,"USD"]
["PS6018","Raihan Binti Mohd Ghazi",10,0,"3000-01-01","2020-12-31","IP",0,"USD"]
["PS6019","Rohani Binti Abdul Hamid",10,0,"3000-01-01","2020-12-31","IP",0,"USD"]
["PS6020","PS6020",10,0,"3000-01-01","2020-12-31","IP",0,"USD"]
["PS6021","Rushazalizan Binti Ghazali",10,0,"3000-01-01","2020-12-31","IP",0,"USD"]
["PS6022","Rema Rahayu Binti Ismail",10,0,"3000-01-01","2020-12-31","IP",0,"USD"]
["PS6024","Noorazah Binti Khairudin",10,0,"3000-01-01","2020-12-31","IP",0,"USD"]
["PS6025","Mohd Mahyuddin Bin Noh",10,0,"3000-01-01","2020-12-31","IP",0,"USD"]
["PS6026","Yasmin Binti Yahya",10,0,"3000-01-01","2020-12-31","IP",0,"USD"]
["PS6027","PS6027",10,0,"3000-01-01","2020-12-31","IP",0,"USD"]
["PS6029","PS6029",10,0,"3000-01-01","2020-12-31","IP",0,"USD"]
["PS6030","Zeaty Joanna Binti Abu Bakar",10,0,"3000-01-01","2020-12-31","IP",0,"USD"]
["PS6031","Hapidzah binti Ab.Rahim",10,0,"3000-01-01","2020-12-31","IP",0,"USD"]
["PS6032","PS6032",10,0,"3000-01-01","2020-12-31","IP",0,"USD"]
["PS6035","WAN HARUN BIN WAN ABDUL RAHMAN",10,0,"3000-01-01","2020-12-31","IP",0,"USD"]
["PS6036","Cino Ruzaiman Bin Hasshim",10,0,"3000-01-01","2020-12-31","IP",0,"USD"]
["PS6037","PS6037",10,0,"3000-01-01","2020-12-31","IP",0,"USD"]
["PS6038","PS6038",10,0,"3000-01-01","2020-12-31","IP",0,"USD"]
["PS6039","HOW MUN YEE",10,0,"3000-01-01","2020-12-31","IP",0,"USD"]
["PS6040","ABDUL RAHIM BIN OSMAN",10,0,"3000-01-01","2020-12-31","IP",0,"USD"]
["PS6041","Norliza Binti Mohd Timar",10,0,"3000-01-01","2020-12-31","IP",0,"USD"]
["PS6042","Che Ahmad Bin Saad",10,0,"3000-01-01","2020-12-31","IP",0,"USD"]
["PS6043","Marziana Binti Megat Osman & Amyrah Binti Anuar",10,0,"3000-01-01","2020-12-31","IP",0,"USD"]
["PS6044","Soalwi Bin Sapari",10,0,"3000-01-01","2020-12-31","IP",0,"USD"]
["PS6045","Mohd Izzat bin Yahya",10,0,"3000-01-01","2020-12-31","IP",0,"USD"]
["PS6046","Che Tajudin bin Che Sa",10,0,"3000-01-01","2020-12-31","IP",0,"USD"]
["PS6047","Nor Azman bin Jais",10,0,"3000-01-01","2020-12-31","IP",0,"USD"]
["PS6048","Haswinta binti Hasnan",10,0,"3000-01-01","2020-12-31","IP",0,"USD"]
["PS6049","Faridah binti Mohd Sanny",10,0,"3000-01-01","2020-12-31","IP",0,"USD"]
["PS6050","PS6050",10,0,"3000-01-01","2020-12-31","IP",0,"USD"]
["PS6051","Asnawi Bin Mohd Busrah",10,0,"3000-01-01","2020-12-31","IP",0,"USD"]
["PS6052","Norhairomey Binti Ismail",10,0,"3000-01-01","2020-12-31","IP",0,"USD"]
["PS6053","Mior Razali Bin Mohamed Noordin",10,0,"3000-01-01","2020-12-31","IP",0,"USD"]
["PS6054","Aileen Buang @ Aileen Binti Buang",10,0,"3000-01-01","2020-12-31","IP",0,"USD"]
["PS6055","Arief Hakim Sani Bin Rahmat",10,0,"3000-01-01","2020-12-31","IP",0,"USD"]
["PS6057","Juhana Binti Hamzah",10,0,"3000-01-01","2020-12-31","IP",0,"USD"]
["PS6058","Nor Faizah Binti Moin & Ahmad Zahri Bin Mirza Abdu",10,0,"3000-01-01","2020-12-31","IP",0,"USD"]
["PS6059","Hashim Bin Rajimun",10,0,"3000-01-01","2020-12-31","IP",0,"USD"]
["PS6060","Anis Suhaila Binti Jumat",10,0,"3000-01-01","2020-12-31","IP",0,"USD"]
["PS6061","PS6061",10,0,"3000-01-01","2020-12-31","IP",0,"USD"]
["PS6062","Azhar Bin Suboh & Raja Norazatul Binti Raja Hasanu",10,0,"3000-01-01","2020-12-31","IP",0,"USD"]
["PS6063","Shaiful Zahid Bin Hassan",10,0,"3000-01-01","2020-12-31","IP",0,"USD"]
["PS6064","PS6064",10,0,"3000-01-01","2020-12-31","IP",0,"USD"]
["PS6065","Abd rahim Bin Ramli & Rusminah Binti Abu Bakar",10,0,"3000-01-01","2020-12-31","IP",0,"USD"]
["PS6066","Norlinda Binti Ab Murat",10,0,"3000-01-01","2020-12-31","IP",0,"USD"]
["PS6067","Normala Binti Ab Murat",10,0,"3000-01-01","2020-12-31","IP",0,"USD"]
["PS6068","Ilani Binti Mohd Ridzuan",10,0,"3000-01-01","2020-12-31","IP",0,"USD"]
["PS6069","Farah Arifah Binti Azman",10,0,"3000-01-01","2020-12-31","IP",0,"USD"]
["PS6070","Akmal Fikri Bin Azman",10,0,"3000-01-01","2020-12-31","IP",0,"USD"]
["PS6071","Akmal Faiz Bin Azman",10,0,"3000-01-01","2020-12-31","IP",0,"USD"]
["PS6072","Fauziah Binti Muhtar",10,0,"3000-01-01","2020-12-31","IP",0,"USD"]
["PS6073","PS6073",10,0,"3000-01-01","2020-12-31","IP",0,"USD"]
["PS6074","PS6074",10,0,"3000-01-01","2020-12-31","IP",0,"USD"]
["PS6075","Hayati Nur Binti Abdul Aziz",10,0,"3000-01-01","2020-12-31","IP",0,"USD"]
["PS6076","PAIZAH BT AMAT@AHMAD",10,0,"3000-01-01","2020-12-31","IP",0,"USD"]
["PS6077","HAMIZAN BIN SAMAT",10,0,"3000-01-01","2020-12-31","IP",0,"USD"]
["PS6078","NORAZLINA BINTI MD JAZLI",10,0,"3000-01-01","2020-12-31","IP",0,"USD"]
["PS6079","SURYANI BINTI SUAID",10,0,"3000-01-01","2020-12-31","IP",0,"USD"]
["PS6080","Muhammad Nizam Bin Baharuddin",10,0,"3000-01-01","2020-12-31","IP",0,"USD"]
["PS6081","Muhammad Fairuz Bin Othman",10,0,"3000-01-01","2020-12-31","IP",0,"USD"]
["PS6082","Muhd Aminudin bin Othman",10,0,"3000-01-01","2020-12-31","IP",0,"USD"]
["PS6083","Afif Hakim bin Muhd Aminudin",10,0,"3000-01-01","2020-12-31","IP",0,"USD"]
["PS6084","Nor Ilyana binti Mohamad Saruli",10,0,"3000-01-01","2020-12-31","IP",0,"USD"]
["PS6085","Muhammad Firdhaouse bin Mohd Rozlan",10,0,"3000-01-01","2020-12-31","IP",0,"USD"]
["PS6086","Syed Zakir bin Syed Ali Maricar",10,0,"3000-01-01","2020-12-31","IP",0,"USD"]
["PS6087","Ahmad Ridza bin Ismail",10,0,"3000-01-01","2020-12-31","IP",0,"USD"]
["PS6088","Muhammad Daud bin Sapari",10,0,"3000-01-01","2020-12-31","IP",0,"USD"]
["PS6089","Syed Muhammad Afiq bin Syed Yussof",10,0,"3000-01-01","2020-12-31","IP",0,"USD"]
["PS6090","Che Nur-ul Nadia Binti Che Alias",10,0,"3000-01-01","2020-12-31","IP",0,"USD"]
["PS6091","Muhammad Aleef Naban",10,0,"3000-01-01","2020-12-31","IP",0,"USD"]
["PS6092","Adura binti Mohamed Adnan",10,0,"3000-01-01","2020-12-31","IP",0,"USD"]
["PS6093","Mohd Norfaizal bin Mohamed Saad & Rozleen Faizah B",10,0,"3000-01-01","2020-12-31","IP",0,"USD"]
["PS6094","Mohamad Faris bin Mohd Hatta",10,0,"3000-01-01","2020-12-31","IP",0,"USD"]
["PS6095","Ahmad Farhan bin Abdul Manap",10,0,"3000-01-01","2020-12-31","IP",0,"USD"]
["PS6096","Norizan binti Ibrahim",10,0,"3000-01-01","2020-12-31","IP",0,"USD"]
["PS6097","Fauziah binti Noordin",10,0,"3000-01-01","2020-12-31","IP",0,"USD"]
["PS6098","Norhayati binti Mohamad",10,0,"3000-01-01","2020-12-31","IP",0,"USD"]
["PS6099","Kamarulzaman bin Mat Zain",10,0,"3000-01-01","2020-12-31","IP",0,"USD"]
["PS6100","Moestapha Bin Che Alwi ",10,0,"3000-01-01","2020-12-31","IP",0,"USD"]
["PS6101","Suhaini bin Kadiman",10,0,"3000-01-01","2020-12-31","IP",0,"USD"]
["PS6102","Mohd Hatta bin Tik",10,0,"3000-01-01","2020-12-31","IP",0,"USD"]
["PS6103","Ahmad Rasyidi Bin Mohamad Salleh",10,0,"3000-01-01","2020-12-31","IP",0,"USD"]
["PS6104","Muhammad Uzair Bin Muhamad Foat",10,0,"3000-01-01","2020-12-31","IP",0,"USD"]
["PS6105","Khairul Ariffin Bin Haron",10,0,"3000-01-01","2020-12-31","IP",0,"USD"]
["PS6106","Hasliza Binti Che Othman",10,0,"3000-01-01","2020-12-31","IP",0,"USD"]
["PS6107","Mohd Shah bin Mohd Nor",10,0,"3000-01-01","2020-12-31","IP",0,"USD"]
["PS6108","W Rosli Shaharuddin bin Wan Yaacob",10,0,"3000-01-01","2020-12-31","IP",0,"USD"]
["PS6109","Nor Azam bin Ahmad",10,0,"3000-01-01","2020-12-31","IP",0,"USD"]
["PS6110","Faruk Hassan Bin Redzzuan",10,0,"3000-01-01","2020-12-31","IP",0,"USD"]
["PS6111","Ahmad Sofi Bin Abdullah",10,0,"3000-01-01","2020-12-31","IP",0,"USD"]
["PS6112","Wan Zaida Binti Wan Mohd Amin",10,0,"3000-01-01","2020-12-31","IP",0,"USD"]
["PS6113","Mohd Nasir Bin Mohd Sharkan",10,0,"3000-01-01","2020-12-31","IP",0,"USD"]
["PS6114","Che Salina Binti Ahmad",10,0,"3000-01-01","2020-12-31","IP",0,"USD"]
["PS6115","Nor Haslinda Binti Jaafar",10,0,"3000-01-01","2020-12-31","IP",0,"USD"]
["PS6116","MAZIDAH BINTI ISHAK",10,0,"3000-01-01","2020-12-31","IP",0,"USD"]
["PS6117","ABDUL GAFAR BIN MOHAMAD",10,0,"3000-01-01","2020-12-31","IP",0,"USD"]
["PS6118","NASARUDDIN BIN HARUN",10,0,"3000-01-01","2020-12-31","IP",0,"USD"]
["PS6119","Nor Aloha Binti Haji Abdul Rahman",10,0,"3000-01-01","2020-12-31","IP",0,"USD"]
["PS6120","Mohammad Zaki Bin Ismail",10,0,"3000-01-01","2020-12-31","IP",0,"USD"]
["PS6121","Fatma Natra Binti Musa",10,0,"3000-01-01","2020-12-31","IP",0,"USD"]
["PS6122","Mohamad Ikhsan Bin Masri",10,0,"3000-01-01","2020-12-31","IP",0,"USD"]
["PS6123","Abang Azizan Bin Ariffin Dayang Asmah Binti Awang ",10,0,"3000-01-01","2020-12-31","IP",0,"USD"]
["PS6124","Rosidah Binti Ahmad Masen @ Ahmad Basir",10,0,"3000-01-01","2020-12-31","IP",0,"USD"]
["PS6125","Ahmad Razi Bin Ibrahim",10,0,"3000-01-01","2020-12-31","IP",0,"USD"]
["PS6126","Azamuddin Bin Mohd Maarof @ Ma'Arof",10,0,"3000-01-01","2020-12-31","IP",0,"USD"]
["PS6127","Ariff Firdaus Fadzol Zaman & Fadzol Zaman Bin Asmo",10,0,"3000-01-01","2020-12-31","IP",0,"USD"]
["PS6128","Norhirmy Bin Abdul Pateh",10,0,"3000-01-01","2020-12-31","IP",0,"USD"]
["PS6129","HAZRINA BINTI MUHAMMAD",10,0,"3000-01-01","2020-12-31","IP",0,"USD"]
["PS6130","MOHD AIDIL SYUKRI BIN MOHD ARSHAD",10,0,"3000-01-01","2020-12-31","IP",0,"USD"]
["PS6131","NUR AZAM BIN MUSTAFFA",10,0,"3000-01-01","2020-12-31","IP",0,"USD"]
["PS6132","Mohd Raffi Bin Harun",10,0,"3000-01-01","2020-12-31","IP",0,"USD"]
["PS6133","Aiman Amin Lee Mun Chong & Rozlina Binti Rahmat",10,0,"3000-01-01","2020-12-31","IP",0,"USD"]
["PS6134","Zainal Bin Arshad",10,0,"3000-01-01","2020-12-31","IP",0,"USD"]
["PS6135","Zamani Bin Mohamed",10,0,"3000-01-01","2020-12-31","IP",0,"USD"]
["PS6136","Mohd Nasir bin Hamid",10,0,"3000-01-01","2020-12-31","IP",0,"USD"]
["PS6137","Khairul Anuar Bin Abdullah",10,0,"3000-01-01","2020-12-31","IP",0,"USD"]
["PS6138","Tuan Mustapha Bin Tuan Hussin",10,0,"3000-01-01","2020-12-31","IP",0,"USD"]
["PS6139","Norhasimah Binti Abu Bakar",10,0,"3000-01-01","2020-12-31","IP",0,"USD"]
["PS6140","Ariff Bin Haron",10,0,"3000-01-01","2020-12-31","IP",0,"USD"]
["PS6141","Abdul Rahim Bin Ahmad",10,0,"3000-01-01","2020-12-31","IP",0,"USD"]
["PS6142","WAN HADUNI BINTI WAN MUSTAPHA",10,0,"3000-01-01","2020-12-31","IP",0,"USD"]
["PS6143","HARNEYDA BINTI SHUKRI",10,0,"3000-01-01","2020-12-31","IP",0,"USD"]
["PS6144","Muhammad Azhar bin Muding",10,0,"3000-01-01","2020-12-31","IP",0,"USD"]
["PS6145","Fatimah Binti Abdul Hamid",10,0,"3000-01-01","2020-12-31","IP",0,"USD"]
["PS6146","PS6146",10,0,"3000-01-01","2020-12-31","IP",0,"USD"]
["PS6147","Noor Sa'amah Binti Md Isa",10,0,"3000-01-01","2020-12-31","IP",0,"USD"]
["PS6148","Abdullah Bin Salleh",10,0,"3000-01-01","2020-12-31","IP",0,"USD"]
["PS6149","Mazurai Binti Mohamed",10,0,"3000-01-01","2020-12-31","IP",0,"USD"]
["PS6150","Daniel Bin A Hasan",10,0,"3000-01-01","2020-12-31","IP",0,"USD"]
["PS6151","Shamsidar Binti Hashim",10,0,"3000-01-01","2020-12-31","IP",0,"USD"]
["PS6152","Mohd Fariz Bin Mohammed Amin",10,0,"3000-01-01","2020-12-31","IP",0,"USD"]
["PS6153","NAJIHAH BINTI MOHAMED KAMAL",10,0,"3000-01-01","2020-12-31","IP",0,"USD"]
["PS6154","MOHAMED ASLAM BIN ABDUL HAMID",10,0,"3000-01-01","2020-12-31","IP",0,"USD"]
["PS6155","NIK HAFIZI BIN WAN MAMAT & ZURAINI BINTI HASHIM",10,0,"3000-01-01","2020-12-31","IP",0,"USD"]
["PS6156","Ahmad Khairi bin Mohamed Ayub",10,0,"3000-01-01","2020-12-31","IP",0,"USD"]
["PS6157","Normala Binti Salleh",10,0,"3000-01-01","2020-12-31","IP",0,"USD"]
["PS6158","Mohammad Haizal bin Idris",10,0,"3000-01-01","2020-12-31","IP",0,"USD"]
["PS6159","PS6159",10,0,"3000-01-01","2020-12-31","IP",0,"USD"]
["PS6160","Saiful Akhtar bin Shamsuddin",10,0,"3000-01-01","2020-12-31","IP",0,"USD"]
["PS6161","NURLIDA BINTI MOHD JUSOH",10,0,"3000-01-01","2020-12-31","IP",0,"USD"]
["PS6162","Datin Dr Noor Jahan Beeevi Bt Mohamed Sheriff Neez",10,0,"3000-01-01","2020-12-31","IP",0,"USD"]
["PS6163","Muhammad Ammar bin Azizi",10,0,"3000-01-01","2020-12-31","IP",0,"USD"]
["PS6164","Ahmad Fauzi Bin Khalil",10,0,"3000-01-01","2020-12-31","IP",0,"USD"]
["PS6165","Mardina Binti Abdullah",10,0,"3000-01-01","2020-12-31","IP",0,"USD"]
["PS6166","Mohd Razif Bin Abdul Aziz & Norana Binti Yacob",10,0,"3000-01-01","2020-12-31","IP",0,"USD"]
["PS6167","Abdul Manap Bin Mulop",10,0,"3000-01-01","2020-12-31","IP",0,"USD"]
["PS6168","Mohd Tohar Bin Ali",10,0,"3000-01-01","2020-12-31","IP",0,"USD"]
["PS6169","Syarikat Air Terengganu",10,0,"3000-01-01","2020-12-31","IP",0,"USD"]
["PS6170","Mohd Khadri Bin Mazelan",10,0,"3000-01-01","2020-12-31","IP",0,"USD"]
["PS6171","Abang Abdul Rahim Bin Abang Ali",10,0,"3000-01-01","2020-12-31","IP",0,"USD"]
["PS6172","Syed Mohd Haidzir bin Syed Abd Rahman",10,0,"3000-01-01","2020-12-31","IP",0,"USD"]
["PS6173","Mohd Ibrahim Bin Abdul Rahim",10,0,"3000-01-01","2020-12-31","IP",0,"USD"]
["PS6174","Irshad Harris Bin Haris Fadzilah",10,0,"3000-01-01","2020-12-31","IP",0,"USD"]
["PS6175","Nur Annies Binti Abd Hadi",10,0,"3000-01-01","2020-12-31","IP",0,"USD"]
["PS6176","Haryati Binti Ismail",10,0,"3000-01-01","2020-12-31","IP",0,"USD"]
["PS6177","Mohd Rashidan Bin Mohd Rashid",10,0,"3000-01-01","2020-12-31","IP",0,"USD"]
["PS6178","Khairul Anuar Bin Mahadi @Haji Othman",10,0,"3000-01-01","2020-12-31","IP",0,"USD"]
["PS6179","JULIANA BINTI KIDAM",10,0,"3000-01-01","2020-12-31","IP",0,"USD"]
["PS6180","Azlan Bin Ghazali",10,0,"3000-01-01","2020-12-31","IP",0,"USD"]
["PS6181","MOHD ZAINI BIN AZIZ",10,0,"3000-01-01","2020-12-31","IP",0,"USD"]
["PS6182","Mohd Rozali Bin Bin Awang Soh",10,0,"3000-01-01","2020-12-31","IP",0,"USD"]
["PS6183","AHMAD FAUZI BIN ZAINUDDIN",10,0,"3000-01-01","2020-12-31","IP",0,"USD"]
["PS6184","Muhammad Zulhilmi Bin Useman",10,0,"3000-01-01","2020-12-31","IP",0,"USD"]
["PS6185","Ghazi bin Mohd Ghazali",10,0,"3000-01-01","2020-12-31","IP",0,"USD"]
["PS6186","Farah Shazwannie Binti Nordin",10,0,"3000-01-01","2020-12-31","IP",0,"USD"]
["PS6187","Nadznorita binti Mohd Nadzari",10,0,"3000-01-01","2020-12-31","IP",0,"USD"]
["PS6188","Suhana binti Tokea",10,0,"3000-01-01","2020-12-31","IP",0,"USD"]
["PS6189","Faridah Binti Mohd Shariff",10,0,"3000-01-01","2020-12-31","IP",0,"USD"]
["PS6190","Mohd Azlan bin Tahir",10,0,"3000-01-01","2020-12-31","IP",0,"USD"]
["PS6191","Mohtar bin Mohd Abd Rahman",10,0,"3000-01-01","2020-12-31","IP",0,"USD"]
["PS6192","Zainal bin Mohd Isa",10,0,"3000-01-01","2020-12-31","IP",0,"USD"]
["PS6193","Afida binti Mohamad Ali",10,0,"3000-01-01","2020-12-31","IP",0,"USD"]
["PS6194","Zainal bin Zakaria",10,0,"3000-01-01","2020-12-31","IP",0,"USD"]
["PS6195","Asrul Amin Bin Ismail",10,0,"3000-01-01","2020-12-31","IP",0,"USD"]
["PS6196","Mohd Haniff bin Musman",10,0,"3000-01-01","2020-12-31","IP",0,"USD"]
["PS6197","NASIRUDDIN BIN MAT PIAH",10,0,"3000-01-01","2020-12-31","IP",0,"USD"]
["PS6198","Norazimah binti Md Noor",10,0,"3000-01-01","2020-12-31","IP",0,"USD"]
["PS6199","Naharwati binti Abdul Wahab",10,0,"3000-01-01","2020-12-31","IP",0,"USD"]
["PS6200","ANUAR YUSRI BIN MOHD YUSOFF",10,0,"3000-01-01","2020-12-31","IP",0,"USD"]
["PS6201","DEWI SARINAH BINTI KHAMISTIN",10,0,"3000-01-01","2020-12-31","IP",0,"USD"]
["PS6202","Mohammad Azfar Bin Abdullah & Amirah BT Abd Rahman",10,0,"3000-01-01","2020-12-31","IP",0,"USD"]
["PS6203","Mohd Pakhari bin Chik",10,0,"3000-01-01","2020-12-31","IP",0,"USD"]
["PS6204","Aizuddin Azim bin Zainuddin",10,0,"3000-01-01","2020-12-31","IP",0,"USD"]
["PS6205","Mohd Saufiyuddin bin Abu Bakar",10,0,"3000-01-01","2020-12-31","IP",0,"USD"]
["PS6206","Mohd Iskandar Bin Abdul Latiff",10,0,"3000-01-01","2020-12-31","IP",0,"USD"]
["PS6207","Amirah Binti Mustapha",10,0,"3000-01-01","2020-12-31","IP",0,"USD"]
["PS6208","Puteri Norashikin Binti Bahrun ",10,0,"3000-01-01","2020-12-31","IP",0,"USD"]
["PS6209","Roslan Bin Saad",10,0,"3000-01-01","2020-12-31","IP",0,"USD"]
["PS6210","Badrol Hisham Bin Mohd Taib",10,0,"3000-01-01","2020-12-31","IP",0,"USD"]
["PS6211","Mohamad Firdhaus bin Musa",10,0,"3000-01-01","2020-12-31","IP",0,"USD"]
["PS6212","Andi Muhd Arissyahban Bin Andi Mohd Ariffin",10,0,"3000-01-01","2020-12-31","IP",0,"USD"]
["PS6213","R PETER MICHAEL A/L M.RAYAPPAN",10,0,"3000-01-01","2020-12-31","IP",0,"USD"]
["PS6214","Yusra'illiah Binti Md Yusop",10,0,"3000-01-01","2020-12-31","IP",0,"USD"]
["PS6215","Abd Halim bin Zahari",10,0,"3000-01-01","2020-12-31","IP",0,"USD"]
["PS6216","Maslinda binti Bahari",10,0,"3000-01-01","2020-12-31","IP",0,"USD"]
["PS6217","Norazah binti Abdul Samad",10,0,"3000-01-01","2020-12-31","IP",0,"USD"]
["PS6218","Suriah binti Mohd Yusoff",10,0,"3000-01-01","2020-12-31","IP",0,"USD"]
["PS6219","Muhd Izzudin  Bin Muhd Aminudin",10,0,"3000-01-01","2020-12-31","IP",0,"USD"]
["PS6220","Mek Wok Binti Mahmud",10,0,"3000-01-01","2020-12-31","IP",0,"USD"]
["PS6221","Siti Hajar Binti Mohamad",10,0,"3000-01-01","2020-12-31","IP",0,"USD"]
["PS6222","Zarina Binti Osman",10,0,"3000-01-01","2020-12-31","IP",0,"USD"]
["PS6223","Noridah Binti Mohamed ",10,0,"3000-01-01","2020-12-31","IP",0,"USD"]
["PS6224","Ameer Asraf bin Ab'llah",10,0,"3000-01-01","2020-12-31","IP",0,"USD"]
["PS6225","Jaiton Binti Hj Hassan",10,0,"3000-01-01","2020-12-31","IP",0,"USD"]
["PS6226","Muhammad Nurul Adha bin nawawi",10,0,"3000-01-01","2020-12-31","IP",0,"USD"]
["PS6227","Norsuhaida Binti Ismail & Muhammad Bin Hashim",10,0,"3000-01-01","2020-12-31","IP",0,"USD"]
["PS6228","Noorazah Binti Khairudin",10,0,"3000-01-01","2020-12-31","IP",0,"USD"]
["PS6229","Mohd Ikmal Bin Zainuddin",10,0,"3000-01-01","2020-12-31","IP",0,"USD"]
["PS6230","Shahrul Azman Bin Ismail",10,0,"3000-01-01","2020-12-31","IP",0,"USD"]
["PS6231","Mohamad Jafri  Bin Ahmad",10,0,"3000-01-01","2020-12-31","IP",0,"USD"]
["PS6232","PS6232",10,0,"3000-01-01","2020-12-31","IP",0,"USD"]
["PS6233","Mohd Azmer Bin Ibrahim",10,0,"3000-01-01","2020-12-31","IP",0,"USD"]
["PS6234","Kamaredza Bin Kamarsallehidin & Yuhiza Binti Yusof",10,0,"3000-01-01","2020-12-31","IP",0,"USD"]
["PS6235","Mohd Amar Bin Md Noor",10,0,"3000-01-01","2020-12-31","IP",0,"USD"]
["PS6236","Rosnah Binti Adam",10,0,"3000-01-01","2020-12-31","IP",0,"USD"]
["PS6237","Othman Bin Shahari",10,0,"3000-01-01","2020-12-31","IP",0,"USD"]
["PS6238","Sheikh Mohd Khairuddin",10,0,"3000-01-01","2020-12-31","IP",0,"USD"]
["PS6239","Akmal Bin Jaafar",10,0,"3000-01-01","2020-12-31","IP",0,"USD"]
["PS6240","Mohd Shah Bin Md Yasin",10,0,"3000-01-01","2020-12-31","IP",0,"USD"]
["PS6241","Fetry Bin Yusril",10,0,"3000-01-01","2020-12-31","IP",0,"USD"]
["PS6242","PS6242",10,0,"3000-01-01","2020-12-31","IP",0,"USD"]
["PS6243","Yang Arbiah Binti Abd Munaim & Zahrul Zamri Bin Ja",10,0,"3000-01-01","2020-12-31","IP",0,"USD"]
["PS6244","MAZLAN BIN YUSOF",10,0,"3000-01-01","2020-12-31","IP",0,"USD"]
["PS6245","WAN MUHAIZAN BINTI WAN MUSTAFFA",10,0,"3000-01-01","2020-12-31","IP",0,"USD"]
["PS6246","Siti Nursaadah binti Mat Yusoff",10,0,"3000-01-01","2020-12-31","IP",0,"USD"]
["PS6247","Nor Azmi bin Sagiman",10,0,"3000-01-01","2020-12-31","IP",0,"USD"]
["PS6248","Jamaluddin Bin A. Rashid",10,0,"3000-01-01","2020-12-31","IP",0,"USD"]
["PS6249","Noor Hasni Binti Mohd Hassim",10,0,"3000-01-01","2020-12-31","IP",0,"USD"]
["PS6250","Nor Azli Bin Ismail",10,0,"3000-01-01","2020-12-31","IP",0,"USD"]
["PS6251","Kumaramangalem A/L Mukia",10,0,"3000-01-01","2020-12-31","IP",0,"USD"]
["PS6252","Maamor Bin Salam",10,0,"3000-01-01","2020-12-31","IP",0,"USD"]
["PS6253","V.Suresh Kumar A/L S.V.Vijayathevan",10,0,"3000-01-01","2020-12-31","IP",0,"USD"]
["PS6254","Abdul Aziz bin Abdullah",10,0,"3000-01-01","2020-12-31","IP",0,"USD"]
["PS6255","Raffie BIn Ishak",10,0,"3000-01-01","2020-12-31","IP",0,"USD"]
["PS6256","Tunku Aziah Binti Tunku Abdul Razak",10,0,"3000-01-01","2020-12-31","IP",0,"USD"]
["PS6257","Mazlan Bin Alias",10,0,"3000-01-01","2020-12-31","IP",0,"USD"]
["PS6258","Mohd Nazrey bin Arun & Marnie Binti Yusof",10,0,"3000-01-01","2020-12-31","IP",0,"USD"]
["PS6259","MUHAMMAD ALIFF HAIKAL BIN SAPAR",10,0,"3000-01-01","2020-12-31","IP",0,"USD"]
["PS6260","UMMUL MATHANIYA BANU BINTI ABDUL RAHIM",10,0,"3000-01-01","2020-12-31","IP",0,"USD"]
["PS6261","Hadhoratton Binti Mohamad Mustag",10,0,"3000-01-01","2020-12-31","IP",0,"USD"]
["PS6262","Abdul Halik Bin Ibrahim",10,0,"3000-01-01","2020-12-31","IP",0,"USD"]
["PS6263","Mohd Khirul Izuan Bin Ashaari",10,0,"3000-01-01","2020-12-31","IP",0,"USD"]
["PS6264","Chew Chong Yong",10,0,"3000-01-01","2020-12-31","IP",0,"USD"]
["PS6265","MD Latifi bin AB Lotib",10,0,"3000-01-01","2020-12-31","IP",0,"USD"]
["PS6266","Raja Faruq Bin Raja baharuddin",10,0,"3000-01-01","2020-12-31","IP",0,"USD"]
["PS6267","MOHAMAD FARID BIN ZAINUDIN & LINDA AMALIA",10,0,"3000-01-01","2020-12-31","IP",0,"USD"]
["PS6268","MUSTAZA BIN SALIM ",10,0,"3000-01-01","2020-12-31","IP",0,"USD"]
["PS6269","MUHAMMAD DIMYATI BIN ABDULLAH",10,0,"3000-01-01","2020-12-31","IP",0,"USD"]
["PS6270","Ahmad Nizam Bin Yaakup",10,0,"3000-01-01","2020-12-31","IP",0,"USD"]
["PS6271","PS6271",10,0,"3000-01-01","2020-12-31","IP",0,"USD"]
["PS6272","Tirana Binti Sabri",10,0,"3000-01-01","2020-12-31","IP",0,"USD"]
["PS6273","Mazlan Bin Mas'od",10,0,"3000-01-01","2020-12-31","IP",0,"USD"]
["PS6274","Ramlan Bin Sulaiman",10,0,"3000-01-01","2020-12-31","IP",0,"USD"]
["PS6275","Khalid bin Mohamed",10,0,"3000-01-01","2020-12-31","IP",0,"USD"]
["PS6276","Mohd Nor bin Abu Bakar",10,0,"3000-01-01","2020-12-31","IP",0,"USD"]
["PS6277","Hairuddin bin Abd Hamid",10,0,"3000-01-01","2020-12-31","IP",0,"USD"]
["PS6278","Noor Azah binti Abdul Aziz",10,0,"3000-01-01","2020-12-31","IP",0,"USD"]
["PS6279","Saiful Bahri bin Md Atan",10,0,"3000-01-01","2020-12-31","IP",0,"USD"]
["PS6280","Norizmah Binti Mustaffa",10,0,"3000-01-01","2020-12-31","IP",0,"USD"]
["PS6281","Zaidi Bin Omar",10,0,"3000-01-01","2020-12-31","IP",0,"USD"]
["PS6282","Ahmad Asfanizam Bin Mohamad",10,0,"3000-01-01","2020-12-31","IP",0,"USD"]
["PS6283","MUHAMMAD KHALID BIN NOORAZMI",10,0,"3000-01-01","2020-12-31","IP",0,"USD"]
["PS6284","Mahyudin @ Sallehudin Bin Sulaiman",10,0,"3000-01-01","2020-12-31","IP",0,"USD"]
["PS6285","Nur Izzati Binti Mahat",10,0,"3000-01-01","2020-12-31","IP",0,"USD"]
["PS6289","Mohamad Nasir Bin Ismail",10,0,"3000-01-01","2020-12-31","IP",0,"USD"]
["PS6290","Zuraidah Binti Abdullah",10,0,"3000-01-01","2020-12-31","IP",0,"USD"]
["PS6291","Faridah Binti Zinol",10,0,"3000-01-01","2020-12-31","IP",0,"USD"]
["PS6292","PS6292",10,0,"3000-01-01","2020-12-31","IP",0,"USD"]
["PS6293","PS6293",10,0,"3000-01-01","2020-12-31","IP",0,"USD"]
["PS6294","PS6294",10,0,"3000-01-01","2020-12-31","IP",0,"USD"]
["PS6295","Muhammad Azizul Azwar bin Abdul Adi",10,0,"3000-01-01","2020-12-31","IP",0,"USD"]
["PS6296","Jumy Darlina Binti Abd Ghafar",10,0,"3000-01-01","2020-12-31","IP",0,"USD"]
["PS6297","Mohammad Suffian Ab Ghani",10,0,"3000-01-01","2020-12-31","IP",0,"USD"]
["PS6298","Nur Rabbuaah Binti Haji Ismail",10,0,"3000-01-01","2020-12-31","IP",0,"USD"]
["PS6299","Aishah Binti Azmi",10,0,"3000-01-01","2020-12-31","IP",0,"USD"]
["PS6300","SORTIAH BT TAMSIR",10,0,"3000-01-01","2020-12-31","IP",0,"USD"]
["PS6301","Jamaluddin Bin Abdullah",10,0,"3000-01-01","2020-12-31","IP",0,"USD"]
["PS6302","Azrifina Idayu Binti Aripin",10,0,"3000-01-01","2020-12-31","IP",0,"USD"]
["PS6303","Muhammad Imran Bin Fauzan",10,0,"3000-01-01","2020-12-31","IP",0,"USD"]
["PS6304","Mohd Rizal Bin Mohd Zain ",10,0,"3000-01-01","2020-12-31","IP",0,"USD"]
["PS6305","Fatin Nabila binti Mohamed Sam",10,0,"3000-01-01","2020-12-31","IP",0,"USD"]
["PS6306","Thanabalan A/L Shanmugam",10,0,"3000-01-01","2020-12-31","IP",0,"USD"]
["PS6307","Yang Emirza-Ain Binti Mat Aris",10,0,"3000-01-01","2020-12-31","IP",0,"USD"]
["PS6308","PS6308",10,0,"3000-01-01","2020-12-31","IP",0,"USD"]
["PS6309","Muhamad Adam Bin Ibrahim ",10,0,"3000-01-01","2020-12-31","IP",0,"USD"]
["PS6310","Aizal Fazlan Bin Hamzah ",10,0,"3000-01-01","2020-12-31","IP",0,"USD"]
["PS6311","Abd Aziz bin Abu Bakar",10,0,"3000-01-01","2020-12-31","IP",0,"USD"]
["PS6312","AB RAHMAN BIN AHMAD",10,0,"3000-01-01","2020-12-31","IP",0,"USD"]
["PS6313","MOHD IKMALUL IMTIHAN BIN ZAINAL ABIDIN",10,0,"3000-01-01","2020-12-31","IP",0,"USD"]
["PS6314","ROHANA BINTI IBRAHIM",10,0,"3000-01-01","2020-12-31","IP",0,"USD"]
["PS6315","ABDUL HALIM BIN SHAHARI",10,0,"3000-01-01","2020-12-31","IP",0,"USD"]
["PS6316","IMELDA WANI BINTI OTHMAN",10,0,"3000-01-01","2020-12-31","IP",0,"USD"]
["PS6317","Mohamad Hisham bin Tajuddin",10,0,"3000-01-01","2020-12-31","IP",0,"USD"]
["PS6318","Tejvinder Singh A/L Gurdev Singh",10,0,"3000-01-01","2020-12-31","IP",0,"USD"]
["PS6319","Ramlah binti Abdullah",10,0,"3000-01-01","2020-12-31","IP",0,"USD"]
["PS6320","Mohd Kamal Bin Bakar",10,0,"3000-01-01","2020-12-31","IP",0,"USD"]
["PS6321","Mustafa Kamal bin Shaik Mohamad",10,0,"3000-01-01","2020-12-31","IP",0,"USD"]
["PS6322","Mohd Afiz Arif Bin Ismail",10,0,"3000-01-01","2020-12-31","IP",0,"USD"]
["PS6323","Faridah Hani Binti Abu ",10,0,"3000-01-01","2020-12-31","IP",0,"USD"]
["PS6324","Mohamad Sani bin Abdul Manan",10,0,"3000-01-01","2020-12-31","IP",0,"USD"]
["PS6325","Hasmira Binti Yusoff Mohd Zaidi Bin Barkis",10,0,"3000-01-01","2020-12-31","IP",0,"USD"]
["PS6326","Ahadi Bin Haji Mohd Nasir",10,0,"3000-01-01","2020-12-31","IP",0,"USD"]
["PS6327","Irwana Binti Abd Malek ",10,0,"3000-01-01","2020-12-31","IP",0,"USD"]
["PS6328","Ida Harlina binti Ikhwan Nasir",10,0,"3000-01-01","2020-12-31","IP",0,"USD"]
["PS6329","Noor Sayani Binti Mustappa",10,0,"3000-01-01","2020-12-31","IP",0,"USD"]
["PS6330","PS6330",10,0,"3000-01-01","2020-12-31","IP",0,"USD"]
["PS6331","Naharudin Bin Ani & Norziah Binti Mohd Shariff",10,0,"3000-01-01","2020-12-31","IP",0,"USD"]
["PS6332","Shaiful Nizam bin Samsudin",10,0,"3000-01-01","2020-12-31","IP",0,"USD"]
["PS6333","PS6333",10,0,"3000-01-01","2020-12-31","IP",0,"USD"]
["PS6334","PS6334",10,0,"3000-01-01","2020-12-31","IP",0,"USD"]
["PS6335","PS6335",10,0,"3000-01-01","2020-12-31","IP",0,"USD"]
["PS6336","PS6336",10,0,"3000-01-01","2020-12-31","IP",0,"USD"]
["PS6337","PS6337",10,0,"3000-01-01","2020-12-31","IP",0,"USD"]
["PS6338","PS6338",10,0,"3000-01-01","2020-12-31","IP",0,"USD"]
["PS6339","Mohamad Ferdaus Bin Ismail ",10,0,"3000-01-01","2020-12-31","IP",0,"USD"]
["PS6340","Mohd Ngisomuddin Bin Masduki",10,0,"3000-01-01","2020-12-31","IP",0,"USD"]
["PS6341","Mohd Aznan Bin Md Aris",10,0,"3000-01-01","2020-12-31","IP",0,"USD"]
["PS6342","Norman Bin Mahat",10,0,"3000-01-01","2020-12-31","IP",0,"USD"]
["PS6343","Mohd Fairusham Bin Che Mat Zain",10,0,"3000-01-01","2020-12-31","IP",0,"USD"]
["PS6344","Megat Mohd Hazwan Zamirbin Zairi",10,0,"3000-01-01","2020-12-31","IP",0,"USD"]
["PS6345","Shahri Bin Inek",10,0,"3000-01-01","2020-12-31","IP",0,"USD"]
["PS6346","LUKMANULHAKIM BIN ABDUL MAJID",10,0,"3000-01-01","2020-12-31","IP",0,"USD"]
["PS6347","AHMAD MUSTAFIZUL BIN ABDUL MANAP",10,0,"3000-01-01","2020-12-31","IP",0,"USD"]
["PS6348","NIK RAHIMAN BIN NIK WAN",10,0,"3000-01-01","2020-12-31","IP",0,"USD"]
["PS6349","ABDUL RAHMAN BIN ABDULLAH",10,0,"3000-01-01","2020-12-31","IP",0,"USD"]
["PS6350","Mohd Hairolnezam Bin Kahmis",10,0,"3000-01-01","2020-12-31","IP",0,"USD"]
["PS6351","Rahizanbinti Mohd Yusof",10,0,"3000-01-01","2020-12-31","IP",0,"USD"]
["PS6352","Muhammad Farid Anwarbinmohdshukri",10,0,"3000-01-01","2020-12-31","IP",0,"USD"]
["PS6353","Hishammuddin Bin Sirat",10,0,"3000-01-01","2020-12-31","IP",0,"USD"]
["PS6354","Shaliza Binti Abdul Shukor",10,0,"3000-01-01","2020-12-31","IP",0,"USD"]
["PS6355","Mohd Haniff Bin Mohd Ramza  Noor Fadhilah Binti No",10,0,"3000-01-01","2020-12-31","IP",0,"USD"]
["PS6356","Norhamimah Binti Abdul Hamid",10,0,"3000-01-01","2020-12-31","IP",0,"USD"]
["PS6357","Puvanabalan A/ L Veerasamy",10,0,"3000-01-01","2020-12-31","IP",0,"USD"]
["PS6358","Mardiana Binti Mahadi",10,0,"3000-01-01","2020-12-31","IP",0,"USD"]
["PS6359","Wan Juanibinti Wan Seman",10,0,"3000-01-01","2020-12-31","IP",0,"USD"]
["PS6360","Muhammad Farhan Bin Azizan",10,0,"3000-01-01","2020-12-31","IP",0,"USD"]
["PS6361","Megat Ainul Hasnan Bin Megat Ibrahim",10,0,"3000-01-01","2020-12-31","IP",0,"USD"]
["PS6362","Mohd Aznan Bin Abd Llah",10,0,"3000-01-01","2020-12-31","IP",0,"USD"]
["PS6363","Hasbi Bin Harun",10,0,"3000-01-01","2020-12-31","IP",0,"USD"]
["PS6364","Mohammad Safian Bin Abdul Rahman",10,0,"3000-01-01","2020-12-31","IP",0,"USD"]
["PS6365","HASIN @ HASHIM BIN BEDRIN",10,0,"3000-01-01","2020-12-31","IP",0,"USD"]
["PS6366","BEDROLL BIN MUSA",10,0,"3000-01-01","2020-12-31","IP",0,"USD"]
["PS6367","Khalida Shajaratuddur Binti Harun",10,0,"3000-01-01","2020-12-31","IP",0,"USD"]
["PS6368","HAIROLL BIN MUSA",10,0,"3000-01-01","2020-12-31","IP",0,"USD"]
["PS6369","NADIANATRA BINTI MUSA",10,0,"3000-01-01","2020-12-31","IP",0,"USD"]
["PS6370","Izhar Efendi B In Mohd Sharif",10,0,"3000-01-01","2020-12-31","IP",0,"USD"]
["PS6371","PS6371",10,0,"3000-01-01","2020-12-31","IP",0,"USD"]
["PS6372","PS6372",10,0,"3000-01-01","2020-12-31","IP",0,"USD"]
["PS6373","PS6373",10,0,"3000-01-01","2020-12-31","IP",0,"USD"]
["PS6374","NOR HAYATI BINTI SUHARI & AHMAD REFAEI BIN SAIBON",10,0,"3000-01-01","2020-12-31","IP",0,"USD"]
["PS6375","SYED MUHAMMAD BIN SYED HAMZAH",10,0,"3000-01-01","2020-12-31","IP",0,"USD"]
["PS6376","AHMAD WASFI BIN SAIAN",10,0,"3000-01-01","2020-12-31","IP",0,"USD"]
["PS6377","ROZIAH BINTI ALIAS",10,0,"3000-01-01","2020-12-31","IP",0,"USD"]
["PS6378","ALIZA BINTI JAMALUDDIN",10,0,"3000-01-01","2020-12-31","IP",0,"USD"]
["PS6379","SHAHRUL EDRIN BIN ROSLI",10,0,"3000-01-01","2020-12-31","IP",0,"USD"]
["PS6380","FATIMAH RODHIAH BINTI MOHD YUSOF",10,0,"3000-01-01","2020-12-31","IP",0,"USD"]
["PS6381","KARUPPIAH A/L K.R.KARUPPAN CHETTY",10,0,"3000-01-01","2020-12-31","IP",0,"USD"]
["PS6382","ABDUL RAHMAN BIN RAMLI",10,0,"3000-01-01","2020-12-31","IP",0,"USD"]
["PS6383","AHMAD FARID BIN ABDUL RASHID & RASHIDAH BINTI ABDU",10,0,"3000-01-01","2020-12-31","IP",0,"USD"]
["PS6384","PS6384",10,0,"3000-01-01","2020-12-31","IP",0,"USD"]
["PS6385","PS6385",10,0,"3000-01-01","2020-12-31","IP",0,"USD"]
["PS6386","MOHD SHUKOR BIN NORFIAH",10,0,"3000-01-01","2020-12-31","IP",0,"USD"]
["PS6387","MAZLINA BINTI MD NOR",10,0,"3000-01-01","2020-12-31","IP",0,"USD"]
["PS6388","MOHD BADLI BIN MOHD ALI",10,0,"3000-01-01","2020-12-31","IP",0,"USD"]
["PS6389","ABU HANIFAH BIN KASSIM & ROZINA BIN MAT YUSOFF",10,0,"3000-01-01","2020-12-31","IP",0,"USD"]
["PS6390","SITI FATIMAH BINTI MAHAMUD",10,0,"3000-01-01","2020-12-31","IP",0,"USD"]
["PS6391","ALFITRI BIN ABDUL JALIL",10,0,"3000-01-01","2020-12-31","IP",0,"USD"]
["PS6392","NOOR HAZREEN BINTI AB GHANI",10,0,"3000-01-01","2020-12-31","IP",0,"USD"]
["PS6393","NUR AINNA EMIRA BINTI E.ZANI & E.ZANI BIN MOHD HUS",10,0,"3000-01-01","2020-12-31","IP",0,"USD"]
["PS6394","AHMAD KHAERILANUAR BIN E.ZANI & E.ZANI BIN MOHD HU",10,0,"3000-01-01","2020-12-31","IP",0,"USD"]
["PS6395","AHMAD KHAEDHIR BIN E.ZANI & E.ZANI BIN MOHD HUSSAI",10,0,"3000-01-01","2020-12-31","IP",0,"USD"]
["PS6396","Azrul Reza Bin Aziz",10,0,"3000-01-01","2020-12-31","IP",0,"USD"]
["PS6397","KARTINAH BINTI HAMZAH",10,0,"3000-01-01","2020-12-31","IP",0,"USD"]
["PS6398","SYED ZAHARUDIN BIN SYED ZAINOLDIN",10,0,"3000-01-01","2020-12-31","IP",0,"USD"]
["PS6399","ABDUL RAHIM BIN ABU BAKAR",10,0,"3000-01-01","2020-12-31","IP",0,"USD"]
["PS6400","AZMAN BIN ENDAN",10,0,"3000-01-01","2020-12-31","IP",0,"USD"]
["PS6401","HAFIZE BIN HARUN",10,0,"3000-01-01","2020-12-31","IP",0,"USD"]
["PS6402","EFFENDI BIN AWI",10,0,"3000-01-01","2020-12-31","IP",0,"USD"]
["PS6403","FUZIAH BINTI ADAN",10,0,"3000-01-01","2020-12-31","IP",0,"USD"]
["PS6404","HUSNUDDIN BIN ABDUL MOKTI",10,0,"3000-01-01","2020-12-31","IP",0,"USD"]
["PS6405","FARUK BIN MUHAMMAD",10,0,"3000-01-01","2020-12-31","IP",0,"USD"]
["PS6406","NORRAIDAH BINTI AHMAD",10,0,"3000-01-01","2020-12-31","IP",0,"USD"]
["PS6407","MOHD AZRAIN HIDAYAT BIN MOHD PODZI",10,0,"3000-01-01","2020-12-31","IP",0,"USD"]
["PS6408","NOOR AZAM BIN ABU BAKAR",10,0,"3000-01-01","2020-12-31","IP",0,"USD"]
["PS6409","HAKIMY SIEN CHENG HING",10,0,"3000-01-01","2020-12-31","IP",0,"USD"]
["PS6410","WAHID BIN LEHIN",10,0,"3000-01-01","2020-12-31","IP",0,"USD"]
["PS6411","MOHD SHARIF BIN A MANAP MOHD FAISAL BIN MOHD SHARI",10,0,"3000-01-01","2020-12-31","IP",0,"USD"]
["PS6412","AZMAN BIN MOHAMAD",10,0,"3000-01-01","2020-12-31","IP",0,"USD"]
["PS6413","MOHD NAZLIMARIS BIN MOHD NOOR",10,0,"3000-01-01","2020-12-31","IP",0,"USD"]
["PS6414","NOOR KAMARUL  ANUAR BIN NURUDDIN",10,0,"3000-01-01","2020-12-31","IP",0,"USD"]
["PS6415","ROHAINI BINTI MOHD SALEHAN",10,0,"3000-01-01","2020-12-31","IP",0,"USD"]
["PS6416","AZMAN ZAHIDI BIN ARIFFIN",10,0,"3000-01-01","2020-12-31","IP",0,"USD"]
["PS6417","NOORAZIMAH BINTI MOHD SOFIAN",10,0,"3000-01-01","2020-12-31","IP",0,"USD"]
["PS6418","ILI HANISAH BINTI DANIEL HASNI",10,0,"3000-01-01","2020-12-31","IP",0,"USD"]
["PS6419","ABDUL MALEK FAISAL BIN MOHD HYFFNY",10,0,"3000-01-01","2020-12-31","IP",0,"USD"]
["PS6420","MOHD FARID BIN RAZALI",10,0,"3000-01-01","2020-12-31","IP",0,"USD"]
["PS6421","ABDULLAH BIN SAMAT",10,0,"3000-01-01","2020-12-31","IP",0,"USD"]
["PS6422","MOHD ZAMILI BIN CHE'MAN",10,0,"3000-01-01","2020-12-31","IP",0,"USD"]
["PS6423","ABD RAHIM BIN AHMAD",10,0,"3000-01-01","2020-12-31","IP",0,"USD"]
["PS6424","NORAINI BT JERAN ",10,0,"3000-01-01","2020-12-31","IP",0,"USD"]
["PS6425","FAIZAL BIN ZAINOL",10,0,"3000-01-01","2020-12-31","IP",0,"USD"]
["PS6426","NURLIZA BINTI MD NOR",10,0,"3000-01-01","2020-12-31","IP",0,"USD"]
["PS6427","NORHARLINA BINTI KASSIM",10,0,"3000-01-01","2020-12-31","IP",0,"USD"]
["PS6428","ALIP ASWALID BIN ASRI ",10,0,"3000-01-01","2020-12-31","IP",0,"USD"]
["PS6429","NAZLINA BINTI ALIAS",10,0,"3000-01-01","2020-12-31","IP",0,"USD"]
["PS6430","ASNILI MARNIWATI BINTI AHMAD",10,0,"3000-01-01","2020-12-31","IP",0,"USD"]
["PS6431","NOOR AZLINNA BINTI AZIZAN",10,0,"3000-01-01","2020-12-31","IP",0,"USD"]
["PS6432","NIK SEN @NIK HISHAM BIN NIK MUSTAFA",10,0,"3000-01-01","2020-12-31","IP",0,"USD"]
["PS6433","ROSLAN BIN ABU BAKAR",10,0,"3000-01-01","2020-12-31","IP",0,"USD"]
["PS6434","JOHARI BIN ZUBIR",10,0,"3000-01-01","2020-12-31","IP",0,"USD"]
["PS6435","ROSLILI BINTI MOHAMED RAMLI ",10,0,"3000-01-01","2020-12-31","IP",0,"USD"]
["PS6436","NURUL HIDAYAH BINTI MIZAN",10,0,"3000-01-01","2020-12-31","IP",0,"USD"]
["PS6437","ZULKIFLI BIN AHMAD",10,0,"3000-01-01","2020-12-31","IP",0,"USD"]
["PS6438","AHMAD NIZAM BIN OMAR",10,0,"3000-01-01","2020-12-31","IP",0,"USD"]
["PS6439","MOHD ARIFF FARIZAL BIN MAT ARIFFIN ",10,0,"3000-01-01","2020-12-31","IP",0,"USD"]
["PS6440","NOR HASLINA BINTI MD. DAHARI ",10,0,"3000-01-01","2020-12-31","IP",0,"USD"]
["PS6441","NORAZLIN BINTI MOHD DAHARI ",10,0,"3000-01-01","2020-12-31","IP",0,"USD"]
["PS6442","SALYANI BINTI SHARIFF",10,0,"3000-01-01","2020-12-31","IP",0,"USD"]
["PS6443","YUSOFF BIN SAAD ",10,0,"3000-01-01","2020-12-31","IP",0,"USD"]
["PS6444","MOHD YUSOF BIN A. BAKAR",10,0,"3000-01-01","2020-12-31","IP",0,"USD"]
["PS6445","RIZAL BIN OTHMAN",10,0,"3000-01-01","2020-12-31","IP",0,"USD"]
["PS6446","MOHD YUSRI BIN NAZRI ",10,0,"3000-01-01","2020-12-31","IP",0,"USD"]
["PS6447","NOR HAYATI BINTI SUHARI ",10,0,"3000-01-01","2020-12-31","IP",0,"USD"]
["PS6448","NAINA MOHD SHUKRI BIN OMAR",10,0,"3000-01-01","2020-12-31","IP",0,"USD"]
["PS6449","ABDUL RAZAK BIN MORAD ",10,0,"3000-01-01","2020-12-31","IP",0,"USD"]
["PS6450","MOHD SABRI BIN SULAIMAN &\nMUHAMMAD SALIHIN BIN MOH",10,0,"3000-01-01","2020-12-31","IP",0,"USD"]
["PS6451","MOHD SABRI BIN SULAIMAN &\nRAIHAH SYAZLYN BINTI MOH",10,0,"3000-01-01","2020-12-31","IP",0,"USD"]
["PS6452","MOHD SABRI BIN SULAIMAN &\nRAMIZAH SYAHIRAH BINTI M",10,0,"3000-01-01","2020-12-31","IP",0,"USD"]
["PS6453","SITI MARIAM BINTI MD. ZIN ",10,0,"3000-01-01","2020-12-31","IP",0,"USD"]
["PS6454","MOHD TAMIZI BIN HANAFI ",10,0,"3000-01-01","2020-12-31","IP",0,"USD"]
["PS6455","SAMSURI BIN AHMAD",10,0,"3000-01-01","2020-12-31","IP",0,"USD"]
["PS6456","ABD RASHID BIN HARUN",10,0,"3000-01-01","2020-12-31","IP",0,"USD"]
["PS6457","ZULKEPLE BIN MAHMOD",10,0,"3000-01-01","2020-12-31","IP",0,"USD"]
["PS6458","SHARINA @ NADIAH BINTI ANDEK ARIFFIN",10,0,"3000-01-01","2020-12-31","IP",0,"USD"]
["PS6459","KANEEZAKHTER BINTI BAZZIR ALI ",10,0,"3000-01-01","2020-12-31","IP",0,"USD"]
["PS6460","SAIFUL AZMI BIN SHAMSUDIN",10,0,"3000-01-01","2020-12-31","IP",0,"USD"]
["PS6461","MOHD NASIR BIN HAMID ",10,0,"3000-01-01","2020-12-31","IP",0,"USD"]
["PS6462","NORMAH BINTI ABDULLAH",10,0,"3000-01-01","2020-12-31","IP",0,"USD"]
["PS6463","SARIF BIN KADRI",10,0,"3000-01-01","2020-12-31","IP",0,"USD"]
["PS6464","MUHAMAD FAUZEE BIN ZAKARIA",10,0,"3000-01-01","2020-12-31","IP",0,"USD"]
["PS6465","IMAWATI BINTI IDRIS",10,0,"3000-01-01","2020-12-31","IP",0,"USD"]
["PS6466","SARAJUZZ FAHMI BIN ABDULLAH PIRUS",10,0,"3000-01-01","2020-12-31","IP",0,"USD"]
["PS6467","AZRIN BIN ABDUL MANAN",10,0,"3000-01-01","2020-12-31","IP",0,"USD"]
["PS6468","NORENAH BINTI SALLEH",10,0,"3000-01-01","2020-12-31","IP",0,"USD"]
["PS6469","JOHARI BIN MARPANI",10,0,"3000-01-01","2020-12-31","IP",0,"USD"]
["PS6470","SARUDIN BIN KASIMAN",10,0,"3000-01-01","2020-12-31","IP",0,"USD"]
["PS6471","NASARUDDIN SHAM BIN MOHAMAD KASSIM & KURRATU AINI ",10,0,"3000-01-01","2020-12-31","IP",0,"USD"]
["PS6472","LOKMAN HAKIM BIN AHMAD SUBKI",10,0,"3000-01-01","2020-12-31","IP",0,"USD"]
["PS6473","RABIATUL ADAWIYAH BINTI RASOL",10,0,"3000-01-01","2020-12-31","IP",0,"USD"]
["PS6474","MOHD HILMI BIN YUSOF",10,0,"3000-01-01","2020-12-31","IP",0,"USD"]
["PS6475","MOHD HAFIZ BIN MD KHAS",10,0,"3000-01-01","2020-12-31","IP",0,"USD"]
["PS6476","ISKANDAR BIN HUSSIN ",10,0,"3000-01-01","2020-12-31","IP",0,"USD"]
["PS6477","MOHD HAMZAH BIN KAMARUL ZAMAN",10,0,"3000-01-01","2020-12-31","IP",0,"USD"]
["PS6478","ABDUL JALIL BIN HASHIM",10,0,"3000-01-01","2020-12-31","IP",0,"USD"]
["PS6479","MOHAMMAD ZALI BIN YUSOFF",10,0,"3000-01-01","2020-12-31","IP",0,"USD"]
["PS6480","TAJUDDIN BIN MOHD. ZIN",10,0,"3000-01-01","2020-12-31","IP",0,"USD"]
["PS6481","AMINUDDIN BIN AHMAD",10,0,"3000-01-01","2020-12-31","IP",0,"USD"]
["PS6482","AZHARUDDIN BIN ABDUL GHANI @ ABDUL RANI",10,0,"3000-01-01","2020-12-31","IP",0,"USD"]
["PS6483","YATI LAILA BINTI TAKIM",10,0,"3000-01-01","2020-12-31","IP",0,"USD"]
["PS6484","MOHAMMAD SALAHUDDIN BIN ABDULLAH",10,0,"3000-01-01","2020-12-31","IP",0,"USD"]
["PS6485","HALIMAHTUL SAADIAH BINTI YAHYA",10,0,"3000-01-01","2020-12-31","IP",0,"USD"]
["PS6486","NOREHAN BINTI MOHD KASSIM ",10,0,"3000-01-01","2020-12-31","IP",0,"USD"]
["PS6487","MOHD NORDIN BIN MOHD RAZALI ",10,0,"3000-01-01","2020-12-31","IP",0,"USD"]
["PS6488","ZARINA BINTI ABU SAMAT",10,0,"3000-01-01","2020-12-31","IP",0,"USD"]
["PS6489","MOHAMED IDRIS KHAN BIN AHMAD KHAN",10,0,"3000-01-01","2020-12-31","IP",0,"USD"]
["PS6490","MHD HADIRIN BIN OTHMAN",10,0,"3000-01-01","2020-12-31","IP",0,"USD"]
["PS6491","ZAHARI BIN ZAKARIAH",10,0,"3000-01-01","2020-12-31","IP",0,"USD"]
["PS6492","AHMAD SYAFIQ BIN ALIAS",10,0,"3000-01-01","2020-12-31","IP",0,"USD"]
["PS6493","JASMIN BINTI AHMAD",10,0,"3000-01-01","2020-12-31","IP",0,"USD"]
["PS6494","HAAMEEZAA BINTI MOHD YUSUFF",10,0,"3000-01-01","2020-12-31","IP",0,"USD"]
["PS6495","FATIMAHTUL ASYIKIN BINTI ABD HALIM",10,0,"3000-01-01","2020-12-31","IP",0,"USD"]
["PS6496","WINI ROSWITA BINTI AB.DULLAH",10,0,"3000-01-01","2020-12-31","IP",0,"USD"]
["PS6497","WAN MAT BIN WAN MUSA ",10,0,"3000-01-01","2020-12-31","IP",0,"USD"]
["PS6498","AZNI BINTI IBRAHIM ",10,0,"3000-01-01","2020-12-31","IP",0,"USD"]
["PS6499","AHMAD FUAD BIN AHMAD @ AHMAD SHAHIMI",10,0,"3000-01-01","2020-12-31","IP",0,"USD"]
["PS6500","AMUTHA A/P SHANMUGAM",10,0,"3000-01-01","2020-12-31","IP",0,"USD"]
["PS6501","MOHD ZAIM BIN DIN & NUR DIYANA BINTI MD NAWAWI",10,0,"3000-01-01","2020-12-31","IP",0,"USD"]
["PS6502","ROSELAN BIN SALLEH",10,0,"3000-01-01","2020-12-31","IP",0,"USD"]
["PS6503","SAFIAH @ YUSMAH BINTI MUHAMMAD YUSOFF",10,0,"3000-01-01","2020-12-31","IP",0,"USD"]
["PS6504","MOHD HUSSNI BIN MUHAMED HASSAN ",10,0,"3000-01-01","2020-12-31","IP",0,"USD"]
["PS6505","A'QILAH BINTI MUHAMMAD BUKHARI",10,0,"3000-01-01","2020-12-31","IP",0,"USD"]
["PS6506","DINI MARINAH BINTI MOHD YASSIN",10,0,"3000-01-01","2020-12-31","IP",0,"USD"]
["PS6507","HABIBAH BINTI MUHD YUSOFF",10,0,"3000-01-01","2020-12-31","IP",0,"USD"]
["PS6508","MAHATHIR BIN SULAIMAN",10,0,"3000-01-01","2020-12-31","IP",0,"USD"]
["PS6509","MOHD NORAZHAR BIN SULAIMAN & \nZAKIAH BINTI A. RAZA",10,0,"3000-01-01","2020-12-31","IP",0,"USD"]
["PS6510","YAYASAN BASMI KEMISKINAN (SELANGOR DARUL EHSAN)",10,0,"3000-01-01","2020-12-31","IP",0,"USD"]
["PS6511","ROHANI BINTI MAISA",10,0,"3000-01-01","2020-12-31","IP",0,"USD"]
["PS6512","AMIR SABRI BIN ABD GHANI ",10,0,"3000-01-01","2020-12-31","IP",0,"USD"]
["PS6513","NOOR ZAKIRAH BINTI AHMAD NORDIN",10,0,"3000-01-01","2020-12-31","IP",0,"USD"]
["PS6514","ABDUL RAHIM BIN ABDUL HAMID ",10,0,"3000-01-01","2020-12-31","IP",0,"USD"]
["PS6515","ZAMINUDDIN BIN ZAINAL ABIDIN",10,0,"3000-01-01","2020-12-31","IP",0,"USD"]
["PS6516","SURIANY BINTI MAT NOOR",10,0,"3000-01-01","2020-12-31","IP",0,"USD"]
["PS6517","ARIIF BIN MENTERI",10,0,"3000-01-01","2020-12-31","IP",0,"USD"]
["PS6518","MOHD KAMAL BIN RASIP",10,0,"3000-01-01","2020-12-31","IP",0,"USD"]
["PS6519","ZAINUDIN BIN ZAKARIA",10,0,"3000-01-01","2020-12-31","IP",0,"USD"]
["PS6520","MOHD KHAIRI BIN MOHD SAAD @ SUHAIMI",10,0,"3000-01-01","2020-12-31","IP",0,"USD"]
["PS6521","WAN FARRAH BINTI WAN YUSOFF",10,0,"3000-01-01","2020-12-31","IP",0,"USD"]
["PS6522","MOHD NAZRULHISHAM BIN MUHAMAD",10,0,"3000-01-01","2020-12-31","IP",0,"USD"]
["PS6523","MANOGARAN A/L MUNIANDY",10,0,"3000-01-01","2020-12-31","IP",0,"USD"]
["PS6524","IZWARDY BIN AMIRUDDIN",10,0,"3000-01-01","2020-12-31","IP",0,"USD"]
["PS6525","RAIZAL BIN ABDUL RAHIM",10,0,"3000-01-01","2020-12-31","IP",0,"USD"]
["PS6526","AZNI BINTI ABDULLAH ",10,0,"3000-01-01","2020-12-31","IP",0,"USD"]
["PS6527","ABDULLAH SANI BIN ISMAIL ",10,0,"3000-01-01","2020-12-31","IP",0,"USD"]
["PS6528","MAT YUSRIZAL BIN MAT YUSOP",10,0,"3000-01-01","2020-12-31","IP",0,"USD"]
["PS6529","HAFIDZAH BINTI MAHMOOD",10,0,"3000-01-01","2020-12-31","IP",0,"USD"]
["PS6530","HANIZA BINTI ABDUL HAMID ",10,0,"3000-01-01","2020-12-31","IP",0,"USD"]
["PS6531","ZALINA BINTI ISMAIL",10,0,"3000-01-01","2020-12-31","IP",0,"USD"]
["PS6532","MOHAMMAD ZAIM BIN ZULKIPLI &\nNORFARIZAH BINTI GHAZ",10,0,"3000-01-01","2020-12-31","IP",0,"USD"]
["PS6533","MOHD RASHID BIN GELAMDIN  & YUSHRAF JIHAN BEGUM BI",10,0,"3000-01-01","2020-12-31","IP",0,"USD"]
["PS6534","NURASYIK BIN RAZALI ",10,0,"3000-01-01","2020-12-31","IP",0,"USD"]
["PS6535","ABDUL HALIM BIN HASHIM",10,0,"3000-01-01","2020-12-31","IP",0,"USD"]
["PS6553","Rosni Binti Abdillah",10,0,"3000-01-01","2020-12-31","IP",0,"USD"]
["PS6554","ZAILAN BIN AB TALIB",10,0,"3000-01-01","2020-12-31","IP",0,"USD"]
["PS7000","ARIFAH BINTI ARIFFIN",10,0,"3000-01-01","2020-12-31","IP",0,"USD"]
["PS7001","MOHAMMED YUSOF BIN JANALLAH ABIDIN",10,0,"3000-01-01","2020-12-31","IP",0,"USD"]
["PS7002","NIZAF MOVER & LOGISTICS SDN BHD",10,0,"3000-01-01","2020-12-31","IP",0,"USD"]
["PS7003","MARIANI BINTI OMAR",10,0,"3000-01-01","2020-12-31","IP",0,"USD"]
["PS7004","SALEMAH BINTI MAT SALLEH",10,0,"3000-01-01","2020-12-31","IP",0,"USD"]
["PS7005","CHEMPAWAN BINTI NANYAN",10,0,"3000-01-01","2020-12-31","IP",0,"USD"]
["PS7006","MOHAMAD AZNAN BIN MAT KHATIF",10,0,"3000-01-01","2020-12-31","IP",0,"USD"]
["PS7007","MOHD FAUZI BIN MOHD FADZIL",10,0,"3000-01-01","2020-12-31","IP",0,"USD"]
["PS7008","KHAIR BIN JOHARI",10,0,"3000-01-01","2020-12-31","IP",0,"USD"]
["PS7009","ZAIDI BIN YAHAYA",10,0,"3000-01-01","2020-12-31","IP",0,"USD"]
["PS7010","ZUL BIN WAGIMIM",10,0,"3000-01-01","2020-12-31","IP",0,"USD"]
["PS7011","KHAIRUDIN BIN MOHAMAD SUKRI",10,0,"3000-01-01","2020-12-31","IP",0,"USD"]
["PS7012","MUHAMAD NAZRI BIN WANSHAH",10,0,"3000-01-01","2020-12-31","IP",0,"USD"]
["PS7013","MOHD RADZI BIN DALIM",10,0,"3000-01-01","2020-12-31","IP",0,"USD"]
["PS7014","MASNAH BINTI MAT HASHIM",10,0,"3000-01-01","2020-12-31","IP",0,"USD"]
["PS7015","ROHANI BINTI AHMAD",10,0,"3000-01-01","2020-12-31","IP",0,"USD"]
["PS7016","HAMIR BIN LEHEN",10,0,"3000-01-01","2020-12-31","IP",0,"USD"]
["PS7017","ROHANI BINTI CHE KADIR",10,0,"3000-01-01","2020-12-31","IP",0,"USD"]
["PS7018","MOHD IKHSAN BIN YAACOB",10,0,"3000-01-01","2020-12-31","IP",0,"USD"]
["PS7019","BAHAYA@NORBAHIYAH BINTI BAKI",10,0,"3000-01-01","2020-12-31","IP",0,"USD"]
["PS7020","AHMAD TERMIDI BIN SAHALAN",10,0,"3000-01-01","2020-12-31","IP",0,"USD"]
["PS7021","MUHAMAD RUSDI BIN ISMAIL",10,0,"3000-01-01","2020-12-31","IP",0,"USD"]
["PS7022","MOHD NORFIRDAUS BIN GHOZALI",10,0,"3000-01-01","2020-12-31","IP",0,"USD"]
["PS7023","MOHD AKRAM BIN MOHD HASSAN",10,0,"3000-01-01","2020-12-31","IP",0,"USD"]
["PS7024","FARAH WAHIDAH BINTI MOHAMAD GAZALI",10,0,"3000-01-01","2020-12-31","IP",0,"USD"]
["PS7025","MUKHTAR BIN AWANG MOHD",10,0,"3000-01-01","2020-12-31","IP",0,"USD"]
["PS7026","AMIR HAMZAH BIN HAIRAN",10,0,"3000-01-01","2020-12-31","IP",0,"USD"]
["PS7027","MOHD FAUZEE BIN YUSOFF",10,0,"3000-01-01","2020-12-31","IP",0,"USD"]
["PS7028","AFFENDY BIN NANYAN",10,0,"3000-01-01","2020-12-31","IP",0,"USD"]
["PS7029","JEFFERI BIN MAHRAN",10,0,"3000-01-01","2020-12-31","IP",0,"USD"]
["PS7030","NOR HIDAYATI BINTI SUHADI",10,0,"3000-01-01","2020-12-31","IP",0,"USD"]
["PS7031","AHMAD FUAD BIN ABU SAHID",10,0,"3000-01-01","2020-12-31","IP",0,"USD"]
["PS7032","MOHD FIKRI BIN OTHMAN & ROBIAH BINTI ABD MANAP",10,0,"3000-01-01","2020-12-31","IP",0,"USD"]
["PS7033","ROHAYA BINTI TAHARIN",10,0,"3000-01-01","2020-12-31","IP",0,"USD"]
["PS7034","ZAKARIA BIN AHMAD",10,0,"3000-01-01","2020-12-31","IP",0,"USD"]
["PS7035","ANNUAR BIN MOHD SAFFAR",10,0,"3000-01-01","2020-12-31","IP",0,"USD"]
["PS7036","ROZAIDAH BINTI OTHMAN",10,0,"3000-01-01","2020-12-31","IP",0,"USD"]
["PS7037","SUHANIZA BIN SHAFIE",10,0,"3000-01-01","2020-12-31","IP",0,"USD"]
["PS7038","NOOR HAMIDI BIN AHMAD",10,0,"3000-01-01","2020-12-31","IP",0,"USD"]
["PS7039","CHAIRIL ASHRAFF BIN ARSHAD",10,0,"3000-01-01","2020-12-31","IP",0,"USD"]
["PS7040","MOHD SAFIEE BIN MOHD YUSOF",10,0,"3000-01-01","2020-12-31","IP",0,"USD"]
["PS7041","SAIFUL ZAZELEEN BIN  CHE YUSSOF",10,0,"3000-01-01","2020-12-31","IP",0,"USD"]
["PS7042","SHAHZARIMIN BIN SALIM ",10,0,"3000-01-01","2020-12-31","IP",0,"USD"]
["PS7043","ROHAYA BINTI HARUN",10,0,"3000-01-01","2020-12-31","IP",0,"USD"]
["PS7044","ASH SYIMA BINTI MOHAMED",10,0,"3000-01-01","2020-12-31","IP",0,"USD"]
["PS7045","RUSLAN BIN RAMLI",10,0,"3000-01-01","2020-12-31","IP",0,"USD"]
["PS7046","ERNI KESUMAWATI BINTI MOHD SAID & ABDUL LATIF BIN ",10,0,"3000-01-01","2020-12-31","IP",0,"USD"]
["PS7047","MD RAZIF BIN WAN",10,0,"3000-01-01","2020-12-31","IP",0,"USD"]
["PS7048","MOHD KHALID BIN IBRAHIM",10,0,"3000-01-01","2020-12-31","IP",0,"USD"]
["PS7049","ROSDIAN BIN HASSAN",10,0,"3000-01-01","2020-12-31","IP",0,"USD"]
["PS7050","NORIZAM BINTI YAACOB & NURHIDAYAH BINTI MOHD YAZID",10,0,"3000-01-01","2020-12-31","IP",0,"USD"]
["PS7051","JUNAYDI BIN BAHARUDIN",10,0,"3000-01-01","2020-12-31","IP",0,"USD"]
["PS7052","SATE KAJANG HJ. SAMURI MARKETING SDN BHD",10,0,"3000-01-01","2020-12-31","IP",0,"USD"]
["PS7053","KELVIN LOW HOE CHEE",10,0,"3000-01-01","2020-12-31","IP",0,"USD"]
["PS7054","ADRIAN MOHD FAZRIN BIN MOHD FAIROZ",10,0,"3000-01-01","2020-12-31","IP",0,"USD"]
["PS7055","ZAINAL BIN PATTATE",10,0,"3000-01-01","2020-12-31","IP",0,"USD"]
["PS7056","MAZNAH BINTI OMAR",10,0,"3000-01-01","2020-12-31","IP",0,"USD"]
["PS7057","AZAINI AIZAT BIN ABDUL JALIL",10,0,"3000-01-01","2020-12-31","IP",0,"USD"]
["PS7058","MUTIARA BINTI ADNAN",10,0,"3000-01-01","2020-12-31","IP",0,"USD"]
["PS7059","SIDEK BIN SIDIN",10,0,"3000-01-01","2020-12-31","IP",0,"USD"]
["PS7060","WAN BONG@FAUZIAH BINTI SETAPA",10,0,"3000-01-01","2020-12-31","IP",0,"USD"]
["PS7061","HAIKAL BIN ALIAS",10,0,"3000-01-01","2020-12-31","IP",0,"USD"]
["PS7062","ADZLIN BIN ABU",10,0,"3000-01-01","2020-12-31","IP",0,"USD"]
["PS7063","RAFIEZON BIN RAMLI",10,0,"3000-01-01","2020-12-31","IP",0,"USD"]
["PS7064","MOHD NOH BIN AHMAD",10,0,"3000-01-01","2020-12-31","IP",0,"USD"]
["PS7065","MAT GHAFFAR BIN BABA",10,0,"3000-01-01","2020-12-31","IP",0,"USD"]
["PS7066","ABDULLAH BIN ABDUL",10,0,"3000-01-01","2020-12-31","IP",0,"USD"]
["PS7067","MOHAMAD BIN MOKHTAR",10,0,"3000-01-01","2020-12-31","IP",0,"USD"]
["PS7068","KHAIRIEL AZIRA BIN AZAHARI",10,0,"3000-01-01","2020-12-31","IP",0,"USD"]
["PS7069","ABD HALIM BIN MD NOOR",10,0,"3000-01-01","2020-12-31","IP",0,"USD"]
["PS7070","MOHD BAZLIN BIN HUSSIN",10,0,"3000-01-01","2020-12-31","IP",0,"USD"]
["PS7071","SURIATI BINTI MOHAMAD",10,0,"3000-01-01","2020-12-31","IP",0,"USD"]
["PS7072","HAMSIAH BINTI NAJDI@NAJIDI",10,0,"3000-01-01","2020-12-31","IP",0,"USD"]
["PS7073","SAHRULZAMAN BIN AB RAHIM",10,0,"3000-01-01","2020-12-31","IP",0,"USD"]
["PS7074","MUHAMMAD SUHAIMI BIN HAJI ASHARI",10,0,"3000-01-01","2020-12-31","IP",0,"USD"]
["PS7075","OTHMAN BIN AROFF",10,0,"3000-01-01","2020-12-31","IP",0,"USD"]
["PS7076","SABRI BIN AHMAD",10,0,"3000-01-01","2020-12-31","IP",0,"USD"]
["PS7077","ABD HADI BIN ABDULLAH",10,0,"3000-01-01","2020-12-31","IP",0,"USD"]
["PS7078","ABU BAKAR BIN MAHMUD",10,0,"3000-01-01","2020-12-31","IP",0,"USD"]
["PS7079","MOHD ROSDI BIN ISMAIL",10,0,"3000-01-01","2020-12-31","IP",0,"USD"]
["PS7080","ZULKIFLEE BIN SALIM",10,0,"3000-01-01","2020-12-31","IP",0,"USD"]
["PS7081","SALAMAH BINTI RAMLAN",10,0,"3000-01-01","2020-12-31","IP",0,"USD"]
["PS7082","HALISA BINTI ALI",10,0,"3000-01-01","2020-12-31","IP",0,"USD"]
["PS7083","NOOR HANYTA BINTI JOHARI",10,0,"3000-01-01","2020-12-31","IP",0,"USD"]
["PS7084","MOHIDIN BIN JAFAR",10,0,"3000-01-01","2020-12-31","IP",0,"USD"]
["PS7085","MUHAMAD FUAD BIN OSMAN",10,0,"3000-01-01","2020-12-31","IP",0,"USD"]
["PS7086","AB SAMAD BIN TALIB",10,0,"3000-01-01","2020-12-31","IP",0,"USD"]
["PS7087","Hamirul Hafiz Bin Abu Hassan",10,0,"3000-01-01","2020-12-31","IP",0,"USD"]
["PS7088","JOHARI BIN ISMAIL & ZAINAB BINTI HAMZAH",10,0,"3000-01-01","2020-12-31","IP",0,"USD"]
["PS7089","FAIZUL HISHAM BIN ABD WAHAB",10,0,"3000-01-01","2020-12-31","IP",0,"USD"]
["PS7090","MOHD HAKIM IKHMAL BIN AZMI",10,0,"3000-01-01","2020-12-31","IP",0,"USD"]
["PS7091","MOHD ALAMIN BIN PARDI",10,0,"3000-01-01","2020-12-31","IP",0,"USD"]
["PS7092","ZAINAB BINTI MD DEWA",10,0,"3000-01-01","2020-12-31","IP",0,"USD"]
["PS7093","ABDUL RAHMAN BIN DAHALAN & ABDUL ZAHIN BIN ABDUL R",10,0,"3000-01-01","2020-12-31","IP",0,"USD"]
["PS7094","SALINA BINTI SELAMAT ",10,0,"3000-01-01","2020-12-31","IP",0,"USD"]
["PS7095","JAMIL BIN MAHZAN",10,0,"3000-01-01","2020-12-31","IP",0,"USD"]
["PS7096","KHAIRUL SHAMIL BIN KHAIRUDIN",10,0,"3000-01-01","2020-12-31","IP",0,"USD"]
["PS7097","MAZLAN BIN SABTHU",10,0,"3000-01-01","2020-12-31","IP",0,"USD"]
["PS7098","ZARINAH BINTI ALI@ALE",10,0,"3000-01-01","2020-12-31","IP",0,"USD"]
["PS7099","NORBISHAH BINTI MD ISA",10,0,"3000-01-01","2020-12-31","IP",0,"USD"]
["PS7100","NORHISHAM BIN KAMAL & NORMALAWATI BINTI WAHIDUDIN",10,0,"3000-01-01","2020-12-31","IP",0,"USD"]
["PS7101","LOR CHIN YOON",10,0,"3000-01-01","2020-12-31","IP",0,"USD"]
["PS7102","DATO ADLAN BIN HJ MOHAMED DAUD",10,0,"3000-01-01","2020-12-31","IP",0,"USD"]
["PS7103","NOR AZMAN BIN ASMON",10,0,"3000-01-01","2020-12-31","IP",0,"USD"]
["PS7104","SUHAIMI BIN ADAM ",10,0,"3000-01-01","2020-12-31","IP",0,"USD"]
["PS7105","NOR AZIAH BINTI ADNAN",10,0,"3000-01-01","2020-12-31","IP",0,"USD"]
["PS7106","MAHMUD BIN MOIDEEN",10,0,"3000-01-01","2020-12-31","IP",0,"USD"]
["PS7107","MOHD SAYUTI BIN SHAMSURI & ADILAH BINTI ADAM",10,0,"3000-01-01","2020-12-31","IP",0,"USD"]
["PS7108","JAMARI BIN ABDUL HAMID",10,0,"3000-01-01","2020-12-31","IP",0,"USD"]
["PS7109","UMMI MOHLISI BINTI MOHD ASMAWI & NORAZMIR BIN MD N",10,0,"3000-01-01","2020-12-31","IP",0,"USD"]
["PS7110","NORAZA BINTI ABD AZIZ",10,0,"3000-01-01","2020-12-31","IP",0,"USD"]
["PS7111","RAFIDAH BINTI MD NOOR",10,0,"3000-01-01","2020-12-31","IP",0,"USD"]
["PS7112","ABDULLAH BIN SANIP",10,0,"3000-01-01","2020-12-31","IP",0,"USD"]
["PS7113","SHAFIQ BIN OMAR HISHAM",10,0,"3000-01-01","2020-12-31","IP",0,"USD"]
["PS7114","NORLAILI BINTI TEGOH",10,0,"3000-01-01","2020-12-31","IP",0,"USD"]
["PS7115","RSI VICTORIA SDN BHD",10,0,"3000-01-01","2020-12-31","IP",0,"USD"]
["PS7116","SAIFUL BIN IBRAHIM",10,0,"3000-01-01","2020-12-31","IP",0,"USD"]
["PS7117","ZAINAB BINTI HAMZAH",10,0,"3000-01-01","2020-12-31","IP",0,"USD"]
["PS7118","NORMALA BINTI SAARANI & NUR NABILAH BINTI MUHAMMAD",10,0,"3000-01-01","2020-12-31","IP",0,"USD"]
["PS7119","MAIMUNAH BINTI YAHAYA & IYLIA SYAMIMI BINTI MOHAMA",10,0,"3000-01-01","2020-12-31","IP",0,"USD"]
["PS7120","MOHD ZAKEE BIN MOHAMAD",10,0,"3000-01-01","2020-12-31","IP",0,"USD"]
["PS7121","NORMALA BINTI SAARANI & NUR NAIMAH BINTI MUHAMMAD ",10,0,"3000-01-01","2020-12-31","IP",0,"USD"]
["PS7122","ABD KHALID BIN ABU",10,0,"3000-01-01","2020-12-31","IP",0,"USD"]
["PS7123","NIK SUHANNI BINTI NIK MOHD@NIK MOHD NOOR",10,0,"3000-01-01","2020-12-31","IP",0,"USD"]
["PS7124","ANUAR BIN ISHAK",10,0,"3000-01-01","2020-12-31","IP",0,"USD"]
["PS7125","LATIFAH BINTI MOHAMED",10,0,"3000-01-01","2020-12-31","IP",0,"USD"]
["PS7126","ZAI AZLIN BINTI KASIM @ ABDUL AZIZ",10,0,"3000-01-01","2020-12-31","IP",0,"USD"]
["PS7127","AMRY BIN MUDA",10,0,"3000-01-01","2020-12-31","IP",0,"USD"]
["PS7128","ABDUL HALIM BIN MOHD ALI",10,0,"3000-01-01","2020-12-31","IP",0,"USD"]
["PS7129","SHAHIDAN BIN SAAD",10,0,"3000-01-01","2020-12-31","IP",0,"USD"]
["PS7130","MOHD KHAIRUL BIN SAAD",10,0,"3000-01-01","2020-12-31","IP",0,"USD"]
["PS7131","NOOR ALIZA BINTI GHAZALI",10,0,"3000-01-01","2020-12-31","IP",0,"USD"]
["PS7132","ZAIDI BIN MOHAMAD",10,0,"3000-01-01","2020-12-31","IP",0,"USD"]
["PS7133","MOHD SAYUTI BIN SHAMSURI,ADILAH BINTI ADAM",10,0,"3000-01-01","2020-12-31","IP",0,"USD"]
["PS7134","MOHD FAIZAL BIN MOHD ALI",10,0,"3000-01-01","2020-12-31","IP",0,"USD"]
["PS7135","IHSAN BIN ISMAIL",10,0,"3000-01-01","2020-12-31","IP",0,"USD"]
["PS7136","MOHD NAZRI BIN ROSLI ",10,0,"3000-01-01","2020-12-31","IP",0,"USD"]
["PS7137","MUHAMAD SALEHIN BIN DAIM",10,0,"3000-01-01","2020-12-31","IP",0,"USD"]
["PS7138","ZAINUDDIN BIN HAMIN",10,0,"3000-01-01","2020-12-31","IP",0,"USD"]
["PS7139","AZLINA BINTI SURATMAN ",10,0,"3000-01-01","2020-12-31","IP",0,"USD"]
["PS7140","ZAWIAH BINTI HUSIN",10,0,"3000-01-01","2020-12-31","IP",0,"USD"]
["PS7141","ZARINA BINTI MOHD NASIR",10,0,"3000-01-01","2020-12-31","IP",0,"USD"]
["PS7142","MUHAMMAD ZAID BIN ABDUL MANAP",10,0,"3000-01-01","2020-12-31","IP",0,"USD"]
["PS7143","LING KAE CHING",10,0,"3000-01-01","2020-12-31","IP",0,"USD"]
["PS7144","ZAINAL ABIDIN BIN MD YASIN",10,0,"3000-01-01","2020-12-31","IP",0,"USD"]
["PS7145","ZARINA BINTI MAT FIAH ",10,0,"3000-01-01","2020-12-31","IP",0,"USD"]
["PS7146","NUR ASHIQIN BINTI MOHD SUFFIAN",10,0,"3000-01-01","2020-12-31","IP",0,"USD"]
["PS7147","NURUL AZURA BINTI AHMAD",10,0,"3000-01-01","2020-12-31","IP",0,"USD"]
["PS7148","YASMIN BINTI JALAL AHMAD",10,0,"3000-01-01","2020-12-31","IP",0,"USD"]
["PS7149","YASIR BIN SHUKUR",10,0,"3000-01-01","2020-12-31","IP",0,"USD"]
["PS7150","SUKIMAN JOHARI BIN SULAIMAN",10,0,"3000-01-01","2020-12-31","IP",0,"USD"]
["PS7151","ROSLI BIN MD TAWIL",10,0,"3000-01-01","2020-12-31","IP",0,"USD"]
["PS7153","MAT ISA BIN OSMAN",10,0,"3000-01-01","2020-12-31","IP",0,"USD"]
["PS7155","HASSAN BIN BACHO",10,0,"3000-01-01","2020-12-31","IP",0,"USD"]
["PS7156","IMRAN BIN GHAZALI & SITI NOORLIYEANTI KHAN BINTI S",10,0,"3000-01-01","2020-12-31","IP",0,"USD"]
["PS7157","WAN ROHAIMI BIN WAN ISMAIL",10,0,"3000-01-01","2020-12-31","IP",0,"USD"]
["PS7158","NORAZMAH BINTI OSMAN",10,0,"3000-01-01","2020-12-31","IP",0,"USD"]
["PS7159","RUZMAN BIN JOHARI",10,0,"3000-01-01","2020-12-31","IP",0,"USD"]
["PS7160","MOHD KHAIRI BIN MOHD YASSIN",10,0,"3000-01-01","2020-12-31","IP",0,"USD"]
["PS7161","MOHD RAMLI BIN AWANG",10,0,"3000-01-01","2020-12-31","IP",0,"USD"]
["PS7162","SOFIAH BINTI HASSAN @ RAMLI",10,0,"3000-01-01","2020-12-31","IP",0,"USD"]
["PS7163","NOR AZNIZA BINTI CHE ZAINUDIN",10,0,"3000-01-01","2020-12-31","IP",0,"USD"]
["PS7164","SHAHIRAH BINTI SAHARUDIN",10,0,"3000-01-01","2020-12-31","IP",0,"USD"]
["PS7165","SHARIMAN BIN RIDZWAN",10,0,"3000-01-01","2020-12-31","IP",0,"USD"]
["PS7166","HANIF BIN GHAZALI",10,0,"3000-01-01","2020-12-31","IP",0,"USD"]
["PS7167","AMRAN BIN MOKHTAR",10,0,"3000-01-01","2020-12-31","IP",0,"USD"]
["PS7168","MOHD JIHADI BIN HAJI AHMAD NORMARIYANI BINTI MANSO",10,0,"3000-01-01","2020-12-31","IP",0,"USD"]
["PS7170","ISMADI BIN MOHAMADIAH&NUR LELAWATI BINTI HASHIM",10,0,"3000-01-01","2020-12-31","IP",0,"USD"]
["PS7171","TAJUDIN BIN AHMAD",10,0,"3000-01-01","2020-12-31","IP",0,"USD"]
["PS7172","MOHAMED SOBIRINE BIN ISHAK",10,0,"3000-01-01","2020-12-31","IP",0,"USD"]
["PS7173","MD AZREE BIN OTHUMAN MYDIN",10,0,"3000-01-01","2020-12-31","IP",0,"USD"]
["PS7174","SHAFIZAH UMAMAH BINTI ABDUL MUTALIB",10,0,"3000-01-01","2020-12-31","IP",0,"USD"]
["PS7175","MOIDEEN BIN KUNJAYU",10,0,"3000-01-01","2020-12-31","IP",0,"USD"]
["PS7176","HOSANNA CHRISTLY JOLY",10,0,"3000-01-01","2020-12-31","IP",0,"USD"]
["PS7177","KAMARULZAMAN BIN KAMALUL ARIFFIN",10,0,"3000-01-01","2020-12-31","IP",0,"USD"]
["PS7178","SAIFUL ADLI BIN ISMAIL",10,0,"3000-01-01","2020-12-31","IP",0,"USD"]
["PS7179","AZRIN BIN LINUS",10,0,"3000-01-01","2020-12-31","IP",0,"USD"]
["PS7180","SHAHRIM BIN SHAMSUDDIN",10,0,"3000-01-01","2020-12-31","IP",0,"USD"]
["PS7181","AMMAR BIN GHAZALI",10,0,"3000-01-01","2020-12-31","IP",0,"USD"]
["PS7182","NORLI BINTI YUNOS @ YUNUS",10,0,"3000-01-01","2020-12-31","IP",0,"USD"]
["PS7184","ROSLAN BIN BABA & AZIZAH BINTI HASHIM",10,0,"3000-01-01","2020-12-31","IP",0,"USD"]
["PS7185","AMINAH BINTI YAAKUB",10,0,"3000-01-01","2020-12-31","IP",0,"USD"]
["PS7188","AIZAT AFFANDI BIN ABD MALEK",10,0,"3000-01-01","2020-12-31","IP",0,"USD"]
["PS7189","AHMAD FIRDAUZ BIN JA'AFAR",10,0,"3000-01-01","2020-12-31","IP",0,"USD"]
["PS7190","SHAHRIZAL BIN ABDUL AZIZ",10,0,"3000-01-01","2020-12-31","IP",0,"USD"]
["PS7191","MOHD ALISJABANA BIN RAMLI ",10,0,"3000-01-01","2020-12-31","IP",0,"USD"]
["PS7192","JAMALUDDIN BIN MUSTAFFA ",10,0,"3000-01-01","2020-12-31","IP",0,"USD"]
["PS7193","FARHANAH BINTI MUSA ",10,0,"3000-01-01","2020-12-31","IP",0,"USD"]
["PS7194","MOHD ASHARI BIN YAAKUB ",10,0,"3000-01-01","2020-12-31","IP",0,"USD"]
["PS7195","ASHARAH BINTI GHAZALI ",10,0,"3000-01-01","2020-12-31","IP",0,"USD"]
["PS7196","OTHMAN BIN WAHID ",10,0,"3000-01-01","2020-12-31","IP",0,"USD"]
["PS7197","AZLAN BIN MOHAMAD ",10,0,"3000-01-01","2020-12-31","IP",0,"USD"]
["PS7198","NOORMA BINTI DALIM ",10,0,"3000-01-01","2020-12-31","IP",0,"USD"]
["PS7199","MOHD TUPAR BIN SALIKIN ",10,0,"3000-01-01","2020-12-31","IP",0,"USD"]
["PS7200","ROZIDI BIN RAZALI ",10,0,"3000-01-01","2020-12-31","IP",0,"USD"]
["PS7201","JAMI'AH BINTI DARJAD ",10,0,"3000-01-01","2020-12-31","IP",0,"USD"]
["PS7202","BAHRUDDIN BIN AHMAD ",10,0,"3000-01-01","2020-12-31","IP",0,"USD"]
["PS7203","HADIJAH BINTI MOHD DOM ",10,0,"3000-01-01","2020-12-31","IP",0,"USD"]
["PS7204","SARIPOL BAHRI BIN MD SIN ",10,0,"3000-01-01","2020-12-31","IP",0,"USD"]
["PS7205","RUSLI BIN MUSLIM",10,0,"3000-01-01","2020-12-31","IP",0,"USD"]
["PS7206","JAFRI BIN L AHMAD ",10,0,"3000-01-01","2020-12-31","IP",0,"USD"]
["PS7207","MOHD UZIER BIN ABDUL RAHIM ",10,0,"3000-01-01","2020-12-31","IP",0,"USD"]
["PS7208","NOR HAIDAWATI BINTI AB MALEK ",10,0,"3000-01-01","2020-12-31","IP",0,"USD"]
["PS7209","WAN ABU BAKAR BIN YUSOFF ",10,0,"3000-01-01","2020-12-31","IP",0,"USD"]
["PS7210","MOHD HAIRULHISYAM BIN NGATIMAN",10,0,"3000-01-01","2020-12-31","IP",0,"USD"]
["PS7211","MARLINI BINTI MUHAMAD",10,0,"3000-01-01","2020-12-31","IP",0,"USD"]
["PS7212","JAMIL DIN BIN SHARIFF",10,0,"3000-01-01","2020-12-31","IP",0,"USD"]
["PS7213","NURUL AIN BINTI ROSLAN",10,0,"3000-01-01","2020-12-31","IP",0,"USD"]
["PS7214","SURYHAYATI DAMANIK",10,0,"3000-01-01","2020-12-31","IP",0,"USD"]
["PS7215","FARIDAH BINTI HAJI HASSAN",10,0,"3000-01-01","2020-12-31","IP",0,"USD"]
["PS7216","MUHAMMAD HIJJAZ BIN AZWAN FAIRUZ",10,0,"3000-01-01","2020-12-31","IP",0,"USD"]
["PS7217","NIZAM SHAH BIN MOHD NOOR",10,0,"3000-01-01","2020-12-31","IP",0,"USD"]
["PS7218","NIK ROHAJAR BINTI NIK WAIL",10,0,"3000-01-01","2020-12-31","IP",0,"USD"]
["PS7219","ZALEHA BINTI MOHAMED ",10,0,"3000-01-01","2020-12-31","IP",0,"USD"]
["PS7220","AHMAD BIN ABU BAKAR",10,0,"3000-01-01","2020-12-31","IP",0,"USD"]
["PS7221","MOHD HASSAN BADRI BIN ABDULLAH ",10,0,"3000-01-01","2020-12-31","IP",0,"USD"]
["PS7222","MOHD AQWA BIN MOHD SHARIF & HAZIQAH BINTI MOHD SHA",10,0,"3000-01-01","2020-12-31","IP",0,"USD"]
["PS7223","MIMINORA BINTI ABDUL KARIM & FAIRUL RIZA BIN RIDZU",10,0,"3000-01-01","2020-12-31","IP",0,"USD"]
["PS7224","MAZLAN BIN MOHD SALEH",10,0,"3000-01-01","2020-12-31","IP",0,"USD"]
["PS7225","EIKHWAN BAZURA BIN BAHARIN",10,0,"3000-01-01","2020-12-31","IP",0,"USD"]
["PS7229","NORAZAM BIN MD NOR",10,0,"3000-01-01","2020-12-31","IP",0,"USD"]
["PS7230","NORLIZAYANI BINTI MOHAMAD AKHIR",10,0,"3000-01-01","2020-12-31","IP",0,"USD"]
["PS7231","RUHAILA BINTI MASKAT",10,0,"3000-01-01","2020-12-31","IP",0,"USD"]
["PS7232","ASHRAF ALI BIN JALALUDEEN",10,0,"3000-01-01","2020-12-31","IP",0,"USD"]
["PS7233","MD KHASIMEE BIN MOHAMMED ",10,0,"3000-01-01","2020-12-31","IP",0,"USD"]
["PS7234","MOHD HASSAN BIN MOHAMED ZIN ",10,0,"3000-01-01","2020-12-31","IP",0,"USD"]
["PS7235","NOR AZURA BINTI ABD RAHMAN",10,0,"3000-01-01","2020-12-31","IP",0,"USD"]
["PS7236","RAYMOND SOOSAI A/L MARIA SOOSAI NATHAN",10,0,"3000-01-01","2020-12-31","IP",0,"USD"]
["PS7237","RAZAK BIN ROMLI ",10,0,"3000-01-01","2020-12-31","IP",0,"USD"]
["PS7238","ALWI BIN MAHMUD ",10,0,"3000-01-01","2020-12-31","IP",0,"USD"]
["PS7239","ABDUL TALIB BIN DOLAH KAMAR",10,0,"3000-01-01","2020-12-31","IP",0,"USD"]
["PS7240","MUHAMMAD YANI BIN CHE MEH ",10,0,"3000-01-01","2020-12-31","IP",0,"USD"]
["PS7241","ABU SOFIAN BIN SHAMSUDDIN",10,0,"3000-01-01","2020-12-31","IP",0,"USD"]
["PS7242","AHMAD SOBRI BIN ISMAIL ",10,0,"3000-01-01","2020-12-31","IP",0,"USD"]
["PS7243","NURI BAKHTIAR SHAH BIN IDRIS",10,0,"3000-01-01","2020-12-31","IP",0,"USD"]
["PS7244","HAZLINA BINTI ABD RAZAK ",10,0,"3000-01-01","2020-12-31","IP",0,"USD"]
["PS7246","MAHMUD BIN KHAIRUDIN",10,0,"3000-01-01","2020-12-31","IP",0,"USD"]
["PS7247","MOHD NASIR BIN ISMAIL",10,0,"3000-01-01","2020-12-31","IP",0,"USD"]
["PS7248","MOHD ZAID BIN ABDULLAH",10,0,"3000-01-01","2020-12-31","IP",0,"USD"]
["PS7249","NORAKMAL AQILAH BINTI MUDA",10,0,"3000-01-01","2020-12-31","IP",0,"USD"]
["PS7250","NORIA BINTI DERAHMAN",10,0,"3000-01-01","2020-12-31","IP",0,"USD"]
["PS7251","ROHANI BINTI MAMAT",10,0,"3000-01-01","2020-12-31","IP",0,"USD"]
["PS7252","AJ HASRIQ BIN BUSTOMI",10,0,"3000-01-01","2020-12-31","IP",0,"USD"]
["PS7253","MOHD SHAIPON BIN SHAFEE",10,0,"3000-01-01","2020-12-31","IP",0,"USD"]
["PS7254","MOHD SUFFIAN BIN AYOB",10,0,"3000-01-01","2020-12-31","IP",0,"USD"]
["PS7255","NURUL HAYATI BINTI ZAWAWI",10,0,"3000-01-01","2020-12-31","IP",0,"USD"]
["PS7256","MUHAMMAD NIZAM BIN SAHARUDIN",10,0,"3000-01-01","2020-12-31","IP",0,"USD"]
["PS7257","MUHAMMAD ZAWAWI BIN RABADA",10,0,"3000-01-01","2020-12-31","IP",0,"USD"]
["PS7258","WAN OTHMAN BIN WAN MUDA",10,0,"3000-01-01","2020-12-31","IP",0,"USD"]
["PS7261","NORAZFANI BINTI ABDUL RAHIM",10,0,"3000-01-01","2020-12-31","IP",0,"USD"]
["PS7262","ZAINI BIN MD AKHIR",10,0,"3000-01-01","2020-12-31","IP",0,"USD"]
["PS7265","FADZILLAH BINTI GHAZALLI",10,0,"3000-01-01","2020-12-31","IP",0,"USD"]
["PS7266","MOHD ZAKI BIN KAMALUDIN ",10,0,"3000-01-01","2020-12-31","IP",0,"USD"]
["PS7267","SHAHBUDIN BIN SHAARI ",10,0,"3000-01-01","2020-12-31","IP",0,"USD"]
["PS7268","SHAHRUL AMIN BIN ISMAIL ",10,0,"3000-01-01","2020-12-31","IP",0,"USD"]
["PS7269","NORMA BINTI TALIB ",10,0,"3000-01-01","2020-12-31","IP",0,"USD"]
["PS7270","MOHD EFFENDI BIN BAHAROM ",10,0,"3000-01-01","2020-12-31","IP",0,"USD"]
["PS7271","NURSHAIEEDAH BINTI A. KADIR",10,0,"3000-01-01","2020-12-31","IP",0,"USD"]
["PS7272","SUKINAH BINTI ZULKIFLI",10,0,"3000-01-01","2020-12-31","IP",0,"USD"]
["PS7273","MOHD FAUZI BIN MOHD SARFI @ MOHD IDRIS",10,0,"3000-01-01","2020-12-31","IP",0,"USD"]
["PS7274","MOHD KHAIRUL ANNUAR BIN MOHAMED NAPI",10,0,"3000-01-01","2020-12-31","IP",0,"USD"]
["PS7275","JALAINI BIN WAHAB ",10,0,"3000-01-01","2020-12-31","IP",0,"USD"]
["PS7276","MOHD SAIFUL MUNIR BIN MOHD ISA",10,0,"3000-01-01","2020-12-31","IP",0,"USD"]
["PS7277","ALLALDIN BIN BADARUDDIN ",10,0,"3000-01-01","2020-12-31","IP",0,"USD"]
["PS7278","MOHAMAD SHAMSUDDIN BIN HAJI SHUIB ",10,0,"3000-01-01","2020-12-31","IP",0,"USD"]
["PS7279","AMI AZMAN BIN ABD HAMID ",10,0,"3000-01-01","2020-12-31","IP",0,"USD"]
["PS7280","MOHD ZAMRI BIN SAMPOL ",10,0,"3000-01-01","2020-12-31","IP",0,"USD"]
["PS7281","ABD. AZIZ BIN ISMAIL ",10,0,"3000-01-01","2020-12-31","IP",0,"USD"]
["PS7282","MOHD HAFIZ BIN MOHD YUSOF ",10,0,"3000-01-01","2020-12-31","IP",0,"USD"]
["PS7283","MOHD KHAIRI BIN HJ A. MAJID ",10,0,"3000-01-01","2020-12-31","IP",0,"USD"]
["PS7284","WAN HASNAWIYAH BINTI WAN HARUN ",10,0,"3000-01-01","2020-12-31","IP",0,"USD"]
["PS7285","MOHD ZAWAWI BIN AHMAD MUGHNI ",10,0,"3000-01-01","2020-12-31","IP",0,"USD"]
["PS7286","NOOR ANIZA BINTI MD NOOR",10,0,"3000-01-01","2020-12-31","IP",0,"USD"]
["PS7287","RAZALEE BIN MOHAMED YIN ",10,0,"3000-01-01","2020-12-31","IP",0,"USD"]
["PS7288","RIZAL SHIHANAZ BIN ABDUL KARIM ",10,0,"3000-01-01","2020-12-31","IP",0,"USD"]
["PS7290","NORFADHILAH BINTI Z ARIFUDIN",10,0,"3000-01-01","2020-12-31","IP",0,"USD"]
["PS7291","MOHD FIRDAUS BIN MOHAMAD",10,0,"3000-01-01","2020-12-31","IP",0,"USD"]
["PS7293","AZIZAH BINTI BAKAR",10,0,"3000-01-01","2020-12-31","IP",0,"USD"]
["PS7294","MOHD QAYYUM BIN SALEMI &\nNUR NATASYA ELYA BINTI KA",10,0,"3000-01-01","2020-12-31","IP",0,"USD"]
["PS7295","MOHD HANAPI BIN MAT ALI",10,0,"3000-01-01","2020-12-31","IP",0,"USD"]
["PS7297","RUSNIDA BINTI ADAM ",10,0,"3000-01-01","2020-12-31","IP",0,"USD"]
["PS7300","AMELEYA BINTI MUHAMMAD GHAZALI",10,0,"3000-01-01","2020-12-31","IP",0,"USD"]
["PS7301","ZAFIAN BIN ZAWAWI ",10,0,"3000-01-01","2020-12-31","IP",0,"USD"]
["PS7302","KAMARUZAMAN BIN A. HAMID ",10,0,"3000-01-01","2020-12-31","IP",0,"USD"]
["PS7303","SITI ZURIZAN BINTI S.K AHMAD",10,0,"3000-01-01","2020-12-31","IP",0,"USD"]
["PS7305","MOHAMAD AZHARI BIN ZABIDI",10,0,"3000-01-01","2020-12-31","IP",0,"USD"]
["PS7309","TUNKU INDERA ISKANDAR BIN TUNKU MAKMAR NIZAMUDDIN",10,0,"3000-01-01","2020-12-31","IP",0,"USD"]
["PS7312","MAHAZAN BIN MUKTAR",10,0,"3000-01-01","2020-12-31","IP",0,"USD"]
["PS7313","IBRAHIM BIN ABD GHANI",10,0,"3000-01-01","2020-12-31","IP",0,"USD"]
["PS7314","NOORSYAFURA BINTI HUSIN",10,0,"3000-01-01","2020-12-31","IP",0,"USD"]
["PS7315","AZMAN BIN ZAINOL",10,0,"3000-01-01","2020-12-31","IP",0,"USD"]
["PS7316","ROHALIZA BINTI ABDULLAH ",10,0,"3000-01-01","2020-12-31","IP",0,"USD"]
["PS7317","ADAWIYAH BINTI AWANG ABD RAHMAN@JUSOH",10,0,"3000-01-01","2020-12-31","IP",0,"USD"]
["PS7318","ZALIHA BINTI JAAFAR",10,0,"3000-01-01","2020-12-31","IP",0,"USD"]
["PS7319","FADHRUL HISHAM BIN MOHD AMIN",10,0,"3000-01-01","2020-12-31","IP",0,"USD"]
["PS7320","MAIMUNAH BINTI MOHAMMAD",10,0,"3000-01-01","2020-12-31","IP",0,"USD"]
["PS7321","SAMIUN BIN SALLEH",10,0,"3000-01-01","2020-12-31","IP",0,"USD"]
["PS7322","AHMAD FIRDAUS BIN AZHAR & MOHD ANIQ HILMAN BIN MOH",10,0,"3000-01-01","2020-12-31","IP",0,"USD"]
["PS7324","HUZAIRI BIN ISMAIL",10,0,"3000-01-01","2020-12-31","IP",0,"USD"]
["PS7325","MOHAMAD RAZEEF BIN MUSA",10,0,"3000-01-01","2020-12-31","IP",0,"USD"]
["PS7328","MOHAMAD RAZMAN BIN SHARIFF",10,0,"3000-01-01","2020-12-31","IP",0,"USD"]
["PS7329","RUHAIZAM BIN HUSIN",10,0,"3000-01-01","2020-12-31","IP",0,"USD"]
["PS7330","MUQRI BIN ABDULL RAZAB",10,0,"3000-01-01","2020-12-31","IP",0,"USD"]
["PS7331","MUHAMMAD HAIQAL HAKIMI BIN MOHD RAFI",10,0,"3000-01-01","2020-12-31","IP",0,"USD"]
["PS7332","AHMAD FAIZAL BIN SALLEH ",10,0,"3000-01-01","2020-12-31","IP",0,"USD"]
["PS7333","RUSLAN BIN ALI",10,0,"3000-01-01","2020-12-31","IP",0,"USD"]
["PS7334","SUZANA BINTI MAT DIN",10,0,"3000-01-01","2020-12-31","IP",0,"USD"]
["PS7335","WAN ROSLI BIN WAN IDRIS",10,0,"3000-01-01","2020-12-31","IP",0,"USD"]
["PS7336","MD EMRAN BIN SAIDI",10,0,"3000-01-01","2020-12-31","IP",0,"USD"]
["PS7337","MOHD AWALLUDIN BIN RAHIM",10,0,"3000-01-01","2020-12-31","IP",0,"USD"]
["PS7338","NOR NAIMAH BINTI YAHYA",10,0,"3000-01-01","2020-12-31","IP",0,"USD"]
["PS7339","Muhamad Abdan Bin Sohod",10,0,"3000-01-01","2020-12-31","IP",0,"USD"]
["RAS0010001","Raimy Bin Mazlan Hardev",10,0,"3000-01-01","2020-12-31","IP",0,"USD"]
["RAS0010002","Azlin Binti Ibrahim",10,0,"3000-01-01","2020-12-31","IP",0,"USD"]
["RAS0010003","Farah Filzah Binti Ismail",10,0,"3000-01-01","2020-12-31","IP",0,"USD"]
["RAS0010004","Hanizar Binti Ameril Khanah",10,0,"3000-01-01","2020-12-31","IP",0,"USD"]
["RAS0010005","Zaida Binti Zainuddin",10,0,"3000-01-01","2020-12-31","IP",0,"USD"]
["RAS0010006","MUHAMMAD ASRI",10,0,"3000-01-01","2020-12-31","IP",0,"USD"]
["REM0010001","Zainal Ariffin bin Osman",10,0,"3000-01-01","2020-12-31","IP",0,"USD"]
["REM0010002","Roslee Bin Kartawi",10,0,"3000-01-01","2020-12-31","IP",0,"USD"]
["REM0010003","Aizat Murtaza Bin Abas",10,0,"3000-01-01","2020-12-31","IP",0,"USD"]
["REM0010004","Ahmad Bin Fadzil",10,0,"3000-01-01","2020-12-31","IP",0,"USD"]
["REM0010005","Mohamad Syukri Bin Abdul Wakhi",10,0,"3000-01-01","2020-12-31","IP",0,"USD"]
["REM0010006","Zakaria Bin Abd Wahid",10,0,"3000-01-01","2020-12-31","IP",0,"USD"]
["REM0010007","Irwan Bin Matsusah",10,0,"3000-01-01","2020-12-31","IP",0,"USD"]
["REM0010008","Anis Ridwani Binti Razali",10,0,"3000-01-01","2020-12-31","IP",0,"USD"]
["REM0010009","Joharah Binti Jaafar",10,0,"3000-01-01","2020-12-31","IP",0,"USD"]
["REM0010010","Zuraida Binti Mohd Zakaria",10,0,"3000-01-01","2020-12-31","IP",0,"USD"]
["REM0010011","Rusli Bin Awang Kechik",10,0,"3000-01-01","2020-12-31","IP",0,"USD"]
["REM0010012","Raihan @ Hani Binti Ikhwan",10,0,"3000-01-01","2020-12-31","IP",0,"USD"]
["REM0010013","Nadiah Aqilah Binti Askury",10,0,"3000-01-01","2020-12-31","IP",0,"USD"]
["REM0010014","Zalihuddin Bin Abdul Rahman",10,0,"3000-01-01","2020-12-31","IP",0,"USD"]
["REM0010015","Zalina Binti Salleh",10,0,"3000-01-01","2020-12-31","IP",0,"USD"]
["REM0010016","Nor Zila Binti Zakaria Ansari",10,0,"3000-01-01","2020-12-31","IP",0,"USD"]
["REM0010017","Qaisara Neelum Rani Binti Abdullah",10,0,"3000-01-01","2020-12-31","IP",0,"USD"]
["SGA0010001","Aznita Binti Ab. Ghani @ Abdul Wahab",10,0,"3000-01-01","2020-12-31","IP",0,"USD"]
["SGA0010002","Aida Wafa Binti Zulkufle",10,0,"3000-01-01","2020-12-31","IP",0,"USD"]
["SGA0010003","Norsiah binti Salleh",10,0,"3000-01-01","2020-12-31","IP",0,"USD"]
["SGA0010004","Nazarudin Farhan Bin Mohd Tahrin",10,0,"3000-01-01","2020-12-31","IP",0,"USD"]
["SGA0010005","Nurul Kamaliah Binti Abu Bakar",10,0,"3000-01-01","2020-12-31","IP",0,"USD"]
["SGA0010006","Azura Binti Iyeeni",10,0,"3000-01-01","2020-12-31","IP",0,"USD"]
["SGA0010007","Suhailah Binti A.Rahman",10,0,"3000-01-01","2020-12-31","IP",0,"USD"]
["SGA0010008","Mohd Junaidi bin Juri",10,0,"3000-01-01","2020-12-31","IP",0,"USD"]
["SGA0010009","Muhamad Ariff Saufi Bin Adz'mir",10,0,"3000-01-01","2020-12-31","IP",0,"USD"]
["SGA0010010","Muhammad Fitri Bin Khairuddin",10,0,"3000-01-01","2020-12-31","IP",0,"USD"]
["SGA0010011","Mohamad Sulbie Bin Hakimar",10,0,"3000-01-01","2020-12-31","IP",0,"USD"]
["SGA0010012","Siti Aisyah Binti Mahadzir",10,0,"3000-01-01","2020-12-31","IP",0,"USD"]
["SGA0010013","Siti Noor Azura Binti Yahya",10,0,"3000-01-01","2020-12-31","IP",0,"USD"]
["SGA0010014","Nor Liza Binti Alias @ Abdullah",10,0,"3000-01-01","2020-12-31","IP",0,"USD"]
["SGA0010015","Dr Shahril Nizam Bin Mokthar",10,0,"3000-01-01","2020-12-31","IP",0,"USD"]
["SGA0010016","Mohammad Haikal Asyraf Bin Anuar",10,0,"3000-01-01","2020-12-31","IP",0,"USD"]
["SGA0010017","Mohd Azamanizam Baharon",10,0,"3000-01-01","2020-12-31","IP",0,"USD"]
["SGA0010018","Nur Faizal Bin Johar",10,0,"3000-01-01","2020-12-31","IP",0,"USD"]
["SGA0010019","Mohd Nurhasif Bin Abd Aziz",10,0,"3000-01-01","2020-12-31","IP",0,"USD"]
["SGA0010020","Mohd Aznizam Bin Abd Aziz",10,0,"3000-01-01","2020-12-31","IP",0,"USD"]
["SGA0010021","Khairul Anwar Bin Mohd Ariff",10,0,"3000-01-01","2020-12-31","IP",0,"USD"]
["SGA0010022","Mohd Ridzuan Bin Ab Hana",10,0,"3000-01-01","2020-12-31","IP",0,"USD"]
["SGA0010023","Mohammad Hissan Bin Daud",10,0,"3000-01-01","2020-12-31","IP",0,"USD"]
["SGA0010024","Ruslan Bin Rusli",10,0,"3000-01-01","2020-12-31","IP",0,"USD"]
["SGA0010025","Mohammed Afzan Bin Che Hamat",10,0,"3000-01-01","2020-12-31","IP",0,"USD"]
["SGA0010026","Muhammad Syazwan Aiman Bin Mohd Ridzuan",10,0,"3000-01-01","2020-12-31","IP",0,"USD"]
["SGA0010027","Mohd Iqlas Bin Shami",10,0,"3000-01-01","2020-12-31","IP",0,"USD"]
["SGA0010028","Mohd Nazran Bin Mustapha",10,0,"3000-01-01","2020-12-31","IP",0,"USD"]
["SGA0010029","Maizura Binti Mokhtar",10,0,"3000-01-01","2020-12-31","IP",0,"USD"]
["SGA0010030","Rohaliza Binti Abdullah",10,0,"3000-01-01","2020-12-31","IP",0,"USD"]
["SGA0010031","Raja Nur Syaheerah Binti Raja Suhaimi",10,0,"3000-01-01","2020-12-31","IP",0,"USD"]
["SGA0010032","MUHAMMAD NAHRI BIN ISMAIL",10,0,"3000-01-01","2020-12-31","IP",0,"USD"]
["SGA0010033","AIMI BINTI MOHAMMED NASHAN",10,0,"3000-01-01","2020-12-31","IP",0,"USD"]
["SGA0010034","NORMALA BINTI LAMBAK",10,0,"3000-01-01","2020-12-31","IP",0,"USD"]
["SGA0010035","WAN AHMAD FARIZ BIN WAN MAT ALLI",10,0,"3000-01-01","2020-12-31","IP",0,"USD"]
["SGA0010036","MOHD FAIRUL HAFIFI BIN KAMARUDIN",10,0,"3000-01-01","2020-12-31","IP",0,"USD"]
["SGA0010037","AZNAN BIN HAMAD",10,0,"3000-01-01","2020-12-31","IP",0,"USD"]
["SGA0010038","NUR BALQIS BINTI YUNUS",10,0,"3000-01-01","2020-12-31","IP",0,"USD"]
["SGA0010039","MOHAIZAM BIN KASIM",10,0,"3000-01-01","2020-12-31","IP",0,"USD"]
["SGA0010040","AHMAD ZAHIRUDDIN BIN MOHD AJRAN",10,0,"3000-01-01","2020-12-31","IP",0,"USD"]
["SPM0010001","Suraidah Binti Ya'cob",10,0,"3000-01-01","2020-12-31","IP",0,"USD"]
["SPM0010002","Fakrur Rozi bin Ramli",10,0,"3000-01-01","2020-12-31","IP",0,"USD"]
["SPM0010003","Che Engku Amin bin Che Engku Aziz",10,0,"3000-01-01","2020-12-31","IP",0,"USD"]
["SPM0010004","Siti Nuraishah binti Iberahim",10,0,"3000-01-01","2020-12-31","IP",0,"USD"]
["SPM0010005","Mimizairol binti Mior Ahmat Zaudi",10,0,"3000-01-01","2020-12-31","IP",0,"USD"]
["SPM0010006","Diana binti Samsudin",10,0,"3000-01-01","2020-12-31","IP",0,"USD"]
["SPM0010007","Mohd Fahmi bin Zainal Abidin",10,0,"3000-01-01","2020-12-31","IP",0,"USD"]
["SPM0010008","Noor Aziean binti Omar",10,0,"3000-01-01","2020-12-31","IP",0,"USD"]
["SPM0010009","Muhammad Hariz bin Alias",10,0,"3000-01-01","2020-12-31","IP",0,"USD"]
["SPM0010010","Amiliah Binti Lathy Mohamed",10,0,"3000-01-01","2020-12-31","IP",0,"USD"]
["SPM0010011","Ainul Azuar bin Ibrahim",10,0,"3000-01-01","2020-12-31","IP",0,"USD"]
["SPM0010012","Shaiful Izam bin Abd. Malek",10,0,"3000-01-01","2020-12-31","IP",0,"USD"]
["SPM0010013","Norhasliza Binti Ismail",10,0,"3000-01-01","2020-12-31","IP",0,"USD"]
["SPM0010014","Nur Diyana Zafira Binti Zaidi",10,0,"3000-01-01","2020-12-31","IP",0,"USD"]
["SPM0010015","Mohd Hasri Bin Mohd Yatim",10,0,"3000-01-01","2020-12-31","IP",0,"USD"]
["SPM0010016","Rosmina @ Muniroh Binti Ariffin @ Awang",10,0,"3000-01-01","2020-12-31","IP",0,"USD"]
["SPWA0010001","Sazrina Thera Binti Mohd Taufiq",10,0,"3000-01-01","2020-12-31","IP",0,"USD"]
["SPWA0010002","Muhammad Huzaim bin Che Rosli",10,0,"3000-01-01","2020-12-31","IP",0,"USD"]
["SPWA0010003","Nik Nadzirul Aizat Bin Nik Ampuan",10,0,"3000-01-01","2020-12-31","IP",0,"USD"]
["SPWA0010004","Mohd Safwan Bin Alwee",10,0,"3000-01-01","2020-12-31","IP",0,"USD"]
["SPWA0010005","Izzul Safiq Bin Rosli",10,0,"3000-01-01","2020-12-31","IP",0,"USD"]
["SPWA0010006","Badrul Hafiz Bin Alias",10,0,"3000-01-01","2020-12-31","IP",0,"USD"]
["SPWA0010007","Ismail Bin Mahmood",10,0,"3000-01-01","2020-12-31","IP",0,"USD"]
["SPWA0010008","Zaza Zahurin Binti Ahmad Zohdi",10,0,"3000-01-01","2020-12-31","IP",0,"USD"]
["SPWA0010009","Nik Nur Aswad Bin Nik Sulaiman",10,0,"3000-01-01","2020-12-31","IP",0,"USD"]
["SPWA0010010","Nik Nur Amin Bin Nik Sulaiman ",10,0,"3000-01-01","2020-12-31","IP",0,"USD"]
["SPWA0010011","Nik Rahiman Bin Nik Wan",10,0,"3000-01-01","2020-12-31","IP",0,"USD"]
["SPWA0010012","Mohammed Shahril Bin Sarapudin",10,0,"3000-01-01","2020-12-31","IP",0,"USD"]
["SPWA0010013","Suhailah Binti Abu Bakar",10,0,"3000-01-01","2020-12-31","IP",0,"USD"]
["SPWA0010014","Muhammad Danial Bin Muhammad",10,0,"3000-01-01","2020-12-31","IP",0,"USD"]
["SPWA0010015","Airudin Bin Jamaludin",10,0,"3000-01-01","2020-12-31","IP",0,"USD"]
["SPWA0010016","ANAS BIN ABU SAMAH",10,0,"3000-01-01","2020-12-31","IP",0,"USD"]
["SPWA0010017","NOR SYAZWANI BINTI SHARIPUDIN",10,0,"3000-01-01","2020-12-31","IP",0,"USD"]
["SPWA0010018","MUHAIMIZWAN BIN MOHAMED",10,0,"3000-01-01","2020-12-31","IP",0,"USD"]
["SPWA0010019","MUHAMMAD UMAIR AZIZ BIN ABDUL KHODIR",10,0,"3000-01-01","2020-12-31","IP",0,"USD"]
["TI3000","Peng Soo Bee",3,0,"3000-01-01","2020-12-31","IP",0,"MYR"]
["TI3002","Sew Boon Ee",3,0,"3000-01-01","2020-12-31","IP",0,"MYR"]
["TI3003","Chu Pek Kim",3,0,"3000-01-01","2020-12-31","IP",0,"MYR"]
["TI3004","Low Nam Chuan",3,0,"3000-01-01","2020-12-31","IP",0,"MYR"]
["TI3005","Tan Choon Lui",3,0,"3000-01-01","2020-12-31","IP",0,"MYR"]
["TI3006","Yeo Cheng Hee",3,0,"3000-01-01","2020-12-31","IP",0,"MYR"]
["TI3007","Ong Tze Hian",3,0,"3000-01-01","2020-12-31","IP",0,"MYR"]
["TI3008","Chan Jin-Mae",3,0,"3000-01-01","2020-12-31","IP",0,"MYR"]
["TI3009","Kong Ying Leng",3,0,"3000-01-01","2020-12-31","IP",0,"MYR"]
["TI3010","Chan Kien Sing",3,0,"3000-01-01","2020-12-31","IP",0,"MYR"]
["TI3011","Robert Yong Kuen Loke & Ng Kwai Foong",3,0,"3000-01-01","2020-12-31","IP",0,"MYR"]
["TI3012","Lee Oi Fun",3,0,"3000-01-01","2020-12-31","IP",0,"MYR"]
["TI3013","Hew Chee Wai & Hew Mei Lan",3,0,"3000-01-01","2020-12-31","IP",0,"MYR"]
["TI3014","Hew Mei Lan",3,0,"3000-01-01","2020-12-31","IP",0,"MYR"]
["TI3015","Loh Hwee Whye",3,0,"3000-01-01","2020-12-31","IP",0,"MYR"]
["TI3016","Inter-Pacific Securities Sdn Bhd - Remisiers Trust",3,0,"3000-01-01","2020-12-31","IP",0,"MYR"]
["TI3017","Yap Leong Chew & Tai Wai Sum",3,0,"3000-01-01","2020-12-31","IP",0,"MYR"]
["TI3018","Tan Ying Li Emily",3,0,"3000-01-01","2020-12-31","IP",0,"MYR"]
["TI3019","Muhammad Bin Azmi",3,0,"3000-01-01","2020-12-31","IP",0,"MYR"]
["TI3020","Mohamed Faruk Bin Rahmatullah",3,0,"3000-01-01","2020-12-31","IP",0,"MYR"]
["TI3021","Puan Seri Jameela I/K Ali Abul Hassan",3,0,"3000-01-01","2020-12-31","IP",0,"MYR"]
["TI3022","Yap Leong Wah & Chin Sook Yi",3,0,"3000-01-01","2020-12-31","IP",0,"MYR"]
["TI3024","Long Suhaimi Bin Long Hassan",3,0,"3000-01-01","2020-12-31","IP",0,"MYR"]
["TI3025","Kimberly Ong Su Wen",3,0,"3000-01-01","2020-12-31","IP",0,"MYR"]
["TI3026","Loy Soo Fong",3,0,"3000-01-01","2020-12-31","IP",0,"MYR"]
["TI3030","Anabelle Ong Su Ling",3,0,"3000-01-01","2020-12-31","IP",0,"MYR"]
["TI3031","Ong Eu Jin",3,0,"3000-01-01","2020-12-31","IP",0,"MYR"]
["TI3032","Nattrah Binti Hassan",3,0,"3000-01-01","2020-12-31","IP",0,"MYR"]
["TI3038","Koperasi Angkatan Tentera Malaysia Berhad",3,0,"3000-01-01","2020-12-31","IP",0,"MYR"]
["TI3039","Tun Putera Iskandar Alam Shah Bin Mohamed Moiz",3,0,"3000-01-01","2020-12-31","IP",0,"MYR"]
["TI3040","Tengku Nong Fatimah Binti Sultan Ahmad Shah",3,0,"3000-01-01","2020-12-31","IP",0,"MYR"]
["TI3041","Puteri Suraiya Afzan Binti Mohamed Moiz",3,0,"3000-01-01","2020-12-31","IP",0,"MYR"]
["TI3042","Tun Putera Yasir Ahmad Shah Bin Mohamed Moiz",3,0,"3000-01-01","2020-12-31","IP",0,"MYR"]
["TI3043","Tan Li Yee",3,0,"3000-01-01","2020-12-31","IP",0,"MYR"]
["TI3044","Lee Siew Weng",3,0,"3000-01-01","2020-12-31","IP",0,"MYR"]
["TI3045","Poh Khee Pow",3,0,"3000-01-01","2020-12-31","IP",0,"MYR"]
["TI3046","Wong Nyuk Voon",3,0,"3000-01-01","2020-12-31","IP",0,"MYR"]
["TI3047","Tey Chooi Huan",3,0,"3000-01-01","2020-12-31","IP",0,"MYR"]
["TI3048","Dato' Seri Yeoh Choon San",3,0,"3000-01-01","2020-12-31","IP",0,"MYR"]
["TI3049","Dato' Choo Keng Kit",3,0,"3000-01-01","2020-12-31","IP",0,"MYR"]
["TI3050","Dato' Lee Kok Chuan",3,0,"3000-01-01","2020-12-31","IP",0,"MYR"]
["TI3051","Dato' Amer Hamzah bin Ahmad",3,0,"3000-01-01","2020-12-31","IP",0,"MYR"]
["TI3052","Lee Ai Hoon",3,0,"3000-01-01","2020-12-31","IP",0,"MYR"]
["TI3053","Lee Choy Foong",3,0,"3000-01-01","2020-12-31","IP",0,"MYR"]
["TI3054","Lim Ann Mui",3,0,"3000-01-01","2020-12-31","IP",0,"MYR"]
["TI3055","Yeo Kean Chye",3,0,"3000-01-01","2020-12-31","IP",0,"MYR"]
["TI3056","Lee Bee Lin",3,0,"3000-01-01","2020-12-31","IP",0,"MYR"]
["TI3057","Loh Paik Yoong",3,0,"3000-01-01","2020-12-31","IP",0,"MYR"]
["TI3058","Dorathy Choo Wai Hui",3,0,"3000-01-01","2020-12-31","IP",0,"MYR"]
["TI3059","Azmanuddin Haq bin Ahmad",3,0,"3000-01-01","2020-12-31","IP",0,"MYR"]
["TI3061","Sydney Lawrence Quay",3,0,"3000-01-01","2020-12-31","IP",0,"MYR"]
["TI3062","Ee Shiu Loong",3,0,"3000-01-01","2020-12-31","IP",0,"MYR"]
["TI3063","Beh Hark Yim",3,0,"3000-01-01","2020-12-31","IP",0,"MYR"]
["TI3064","Lung Hian Kiat",3,0,"3000-01-01","2020-12-31","IP",0,"MYR"]
["TI3065","Chin Wan Ching",3,0,"3000-01-01","2020-12-31","IP",0,"MYR"]
["TI3066","Wong Kim Seng",3,0,"3000-01-01","2020-12-31","IP",0,"MYR"]
["TI3067","Chock Eng Tah",3,0,"3000-01-01","2020-12-31","IP",0,"MYR"]
["TI3069","Tan Ai Chin",3,0,"3000-01-01","2020-12-31","IP",0,"MYR"]
["TI3070","Sun Soh Hun",3,0,"3000-01-01","2020-12-31","IP",0,"MYR"]
["TI3071","Tan Yen One",3,0,"3000-01-01","2020-12-31","IP",0,"MYR"]
["TI3072","Tan Boon Pien",3,0,"3000-01-01","2020-12-31","IP",0,"MYR"]
["TI3073","Sue Suehiro",3,0,"3000-01-01","2020-12-31","IP",0,"MYR"]
["TI3074","Perbadanan Melaka Holdings Sdn Bhd",3,0,"3000-01-01","2020-12-31","IP",0,"MYR"]
["TI3075","Koh Huey Min",3,0,"3000-01-01","2020-12-31","IP",0,"MYR"]
["TI3076","Chong Yew Yih",3,0,"3000-01-01","2020-12-31","IP",0,"MYR"]
["TI8888","SINGER RETIREMENT BENEFIT PLAN",3,0,"3000-01-01","2020-12-31","IP",0,"MYR"]
["TI9889","LEE PENG LEONG",3,0,"3000-01-01","2020-12-31","IP",0,"MYR"]
["TI9898","GAN POH SAN",3,0,"3000-01-01","2020-12-31","IP",0,"MYR"]
["TI9901","TOH A.L. & CHEW E.K",3,0,"3000-01-01","2020-12-31","IP",0,"MYR"]
["TI9903","TAN SAN HUI",3,0,"3000-01-01","2020-12-31","IP",0,"MYR"]
["TI9906","JARING KENCANA SDN BHD",3,0,"3000-01-01","2020-12-31","IP",0,"MYR"]
["TI9912","TAN SAN LI",3,0,"3000-01-01","2020-12-31","IP",0,"MYR"]
["TI9916","LIEW CHEE KONG",3,0,"3000-01-01","2020-12-31","IP",0,"MYR"]
["TI9917","YAP MEI KUAN",3,0,"3000-01-01","2020-12-31","IP",0,"MYR"]
["TI9918","JALEX (L) FOUNDATION",3,0,"3000-01-01","2020-12-31","IP",0,"MYR"]
["TI9919","REDTONE DIGITAL BERHAD",3,0,"3000-01-01","2020-12-31","IP",0,"MYR"]
["USDPMA","Private Client  Template",10,0,"3000-01-01","2020-12-31","IP",0,"USD"]
["VHI0010001","Datin Hasmawatie Binti Samsudin",10,0,"3000-01-01","2020-12-31","IP",0,"USD"]
["VHI0010002","Masitah Binti Abd Ghani",10,0,"3000-01-01","2020-12-31","IP",0,"USD"]
["VHI0010003","Nurul Amirah Binti Abdul Rahman",10,0,"3000-01-01","2020-12-31","IP",0,"USD"]
["VHI0010004","Noor Dianie Binti Nur Baladin",10,0,"3000-01-01","2020-12-31","IP",0,"USD"]
["VHI0010005","Siti Muliani Binti Abd Aziz",10,0,"3000-01-01","2020-12-31","IP",0,"USD"]
["VHI0010006","Umair Bin Hafiz",10,0,"3000-01-01","2020-12-31","IP",0,"USD"]

{"sheet":"InIntRec","index":4,"n_rows":10,"n_cols":7,"rows_kept":10,"cut":false,"hidden":true,"merged":[]}
["CustNo","AccName","accdate","ExRateSCUSD","ExRateUSDMYR","qCurrencyCode","Amount"]
[212401,"EPF-SHWORLD-AUD","2021-09-30",0.72234996740612478,4.1864999999999997,"AUD",3.62]
[212401,"EPF-SHWORLD-AUD","2021-10-29",0.75109994455830875,4.1425000000000001,"AUD",1.17]
[212401,"EPF-SHWORLD-GBP","2021-10-29",1.3707499452453933,4.1425000000000001,"GBP",0.3]
[212401,"EPF-SHWORLD-AUD","2021-11-30",0.70904996777226093,4.2115,"AUD",0.62]
[212401,"EPF-SHWORLD-GBP","2021-11-30",1.3229999627443212,4.2115,"GBP",0.04]
[212401,"EPF-SHWORLD-GBP","2021-12-31",1.3544499484625021,4.1660000000000004,"GBP",0.11]
[212401,"EPF-SHWORLD-GBP","2022-01-31",1.3416499530623762,4.1855000000000002,"GBP",0.89]
[212401,"EPF-SHWORLD-AUD","2022-02-28",0.72564996812328542,4.1985000000000001,"AUD",1.63]
[212401,"EPF-SHWORLD-AUD","2022-04-29",0.71064996813587678,4.3499999999999996,"AUD",3.04]

{"sheet":"InHolding","index":5,"n_rows":5,"n_cols":23,"rows_kept":5,"cut":false,"hidden":true,"merged":[]}
["HistoryDate","qStockCode","StockName","UnitFaceValue","costfc","MarketValueFC","ExchgRate","StockCurrency","CustNo","CostPrice","MVPrice","MthEndPrice","MthEndMV","MthEndUint","MthEndCost","ISINCode","OtherCode1","CostSC","MarketValueSC","Price","AccIntSC","AccIntFC","curUFV"]
["2021-12-20","BYP20B9","BAYCURRENT CONSULTING INC",7200,3063971.5,2793773.98,113.395,"JPY",212401,425.5515972222222,388.02416388888889,333.05032400000005,832625.81,2500,1063878.9930555555,"JP3835250006","6532 JP",349127897,316800000,44000,0,0,2500]
["2022-03-21",2459020,"INTUIT INC",7242,3922076.37,3378393,1,"USD",212401,541.57364954432478,466.5,418.75,3032587.5,7242,3922076.37,"US4612021034","INTU US",3922076.37,3378393,466.5,0,0,7242]
["2022-05-10","BQ7ZVF1","EUROAPI SASU",2740,32234.66,41887.339999999997,0.94849664,"EUR",212401,11.764474452554744,15.287350364963503,null,null,null,null,"FR0014008VX5","EAPI FP",30458.91,39730,14.5,0,0]
["2022-05-13","BLDBN85","ATLAS COPCO AB-B RDS",162879,0,129326.78,10.0755,"SEK",212401,0,0.79400524315596244,null,null,null,null,"SE0017486871","ATCOILB SS",0,1303032,8,0,0]

{"sheet":"Descriptions","index":6,"n_rows":14,"n_cols":3,"rows_kept":14,"cut":false,"hidden":false,"merged":[[13,1,13,8],[3,2,3,9],[4,2,4,9],[5,2,5,9],[6,2,6,9],[7,2,7,9],[11,1,11,9]]}
[null,{"$f":"FundCode","v":"EPF-SHWORLD"}]
[]
[]
[null,"Worksheet Name","Descriptions"]
[null,"1) List of Reclassed Securities","Listing of all securities in the portfolio that are reclassified from shariah to non-shariah on the effective date of reclassification (MMYYYY) based on the periodic review by the shariah index used as performance benchmark as stated in the mandate (i.e. FTSE and MSCI)."]
[null,"2) ITM Reclassed Securities","Disclosure of all the transactions related to the in-the-money (ITM)1 reclassed securites for the month."]
[null,"3) OTM Reclassed Securities","Disclosure of all the transactions related to the out-of-the-money (OTM)2 reclassed securites for the month."]
[null,"4) Reclassed Sec Not Disposed","Listing of the remaining reclassed securities that have yet to be disposed in the following month."]
[]
[null,"Note :"]
[]
[null,"1. In-the-money (ITM) = Average investment cost per share on the Reclass Date more than or equal to Investment Cost per share."]
[]
[null,"2. Out-of-the-money (OTM) = Average investment cost per share on the Reclass Date less than Investment Cost per share."]

{"sheet":"1) List of Reclassed Securities","index":7,"n_rows":58,"n_cols":23,"rows_kept":58,"cut":false,"hidden":false,"merged":[]}
[null,null,{"$f":"IF(OR(U1=\"\",U1=\"(blank)\"),\"\",U1)","v":""},{"$f":"IF(OR(N1=\"\",N1=\"(blank)\"),\"\",N1)","v":""},{"$f":"IF(OR(O1=\"\",O1=\"(blank)\"),\"\",O1)","v":""},{"$f":"IF(OR(P1=\"\",P1=\"(blank)\"),\"\",P1)","v":""},{"$f":"IF(OR(M1=\"\",M1=\"(blank)\"),\"\",M1)","v":""},{"$f":"IF(OR(W1=\"\",W1=\"(blank)\"),\"\",ROUND(W1,2))","v":""},{"$f":"IF(OR(Q1=\"\",Q1=\"(blank)\"),\"\",ROUND(SUMIFS(BNYM_NAV_HistCost_RCdate!$AA:$AA,BNYM_NAV_HistCost_RCdate!C:C,G1,BNYM_NAV_HistCost_RCdate!I:I,D1),2))","v":""},{"$f":"IF(OR(V1=\"\",V1=\"(blank)\"),\"\",IF(F1=0,0,ROUND(I1/F1,2)))","v":""},{"$f":"IF(D1=\"\",\"\",IF(H1>=J1,\"IN-THE-MONEY\",\"OUT-OF-THE-MONEY\"))","v":""},{"$f":"IF(OR(R1=\"\",R1=\"(blank)\"),\"\",R1)","v":""}]
[null,{"$f":"\"LIST OF SECURITIES RECLASSIFIED FROM SHARIAH TO NON-SHARIAH IN \" & UPPER(TEXT(EndDate,\"MMMm-yyyy\"))","v":"LIST OF SECURITIES RECLASSIFIED FROM SHARIAH TO NON-SHARIAH IN MAY-2022"}]
[null,null,null," "]
[null,"Mandate :",null,{"$f":"FundName","v":"EPF SHARIAH WORLD NOMURA ISLAMIC"}]
[null,"Portfolio Manager :",null,"NOMURA ISLAMIC ASSET MANAGEMENT SDN BHD"]
[null,null,null," "]
[null,"No.","Custody Account No.","Security Identifier\n(Sedol)","Security Name","Total No. of Shares1\n[a]","Reclass Date2\n(DD/MM/YY)","Reclass Price3 Per Share \n[b]","Investment Cost4 as of Reclass Date\n[c]","Average Investment Cost Per Share \n[d = c / a]","In-the-money or   Out-of-the-money\n(Reclass Date)","Trading Currency"]
[null,1,212401,"B4W9F29","Mead Johnson Nutrition Co.",41816,"2015-06-22",91.29,4076253.79,97.480720059307444,"OUT-OF-THE-MONEY","USD"]
[null,2,212401,2654320,"Monsanto Co",51033,"2016-06-20",108.71,5549088.46,108.73529794446731,"OUT-OF-THE-MONEY","USD"]
[null,3,212401,"B1YXBJ7","Air Liquide",52835,"2016-09-19",108.3856884640863,6177913.3600000003,116.92842547553705,"OUT-OF-THE-MONEY","EUR"]
[null,4,212401,2257019,"Cognizant Tech Solutions",89869,"2016-09-19",53.33,5517821.3899999997,61.398495476749488,"OUT-OF-THE-MONEY","USD"]
[null,5,212401,"BZB1Y59","LINE CORPORATION",118100,"2017-03-20",36.017231414055885,4921763.6100000003,41.674543691786624,"OUT-OF-THE-MONEY","JPY"]
[null,6,212401,"BDTYZ53","BIOVERATIV INC",9119,"2017-03-20",49.169999999999995,569099.27,62.408078736703587,"OUT-OF-THE-MONEY","USD"]
[null,7,212401,"BDSFG98","TECHNIPFMC PLC",62737,"2017-03-20",31.39,2149258.4300000002,34.258227680635038,"OUT-OF-THE-MONEY","USD"]
[null,8,212401,2369174,"GILEAD SCIENCES INC",80560,"2017-09-18",82.97,8717505.3900000006,108.21133800893745,"OUT-OF-THE-MONEY","USD"]
[null,9,212401,"B24CGK7","RECKITT BENCKISER GROUP PLC",58259,"2017-09-18",92.416914124856248,5569721.2000000002,95.602760088570008,"OUT-OF-THE-MONEY","GBP"]
[null,10,212401,2182348,"CELGENE CORP",54655,"2017-12-18",108.04,7379900.5999999996,135.02699844479005,"OUT-OF-THE-MONEY","USD"]
[null,11,212401,6667733,"PARK24 CO LTD",121200,"2018-03-19",27.129695214521451,3846676.89,31.738258168316833,"OUT-OF-THE-MONEY","JPY"]
[null,12,212401,"B3CTNK6","SIGNET JEWELERS LTD",30171,"2018-03-19",39.459999999999994,3055359.47,101.26808756753174,"OUT-OF-THE-MONEY","USD"]
[null,13,212401,6496584,"KOMATSU LTD",175200,"2018-06-18",29.520662671232873,6322006.2000000002,36.084510273972604,"OUT-OF-THE-MONEY","JPY"]
[null,14,212401,"B12T3J1","UNILEVER NV-CVA",136655,"2018-09-24",55.99425619260181,7803307.4199999999,57.102245947824812,"OUT-OF-THE-MONEY","EUR"]
[null,15,212401,"BPF0548","AMS AG",44783,"2018-09-24",64.913285845075137,5195693.26,116.01932117098005,"OUT-OF-THE-MONEY","CHF"]
[null,16,212401,3091357,"BT GROUP PLC",625651,"2018-12-24",3.0955617908386626,2612596.35,4.175804641885013,"OUT-OF-THE-MONEY","GBP"]
[null,17,212401,6194468,"KOSE CORP",18400,"2018-12-24",147.67226141304346,3982864.16,216.46000869565219,"OUT-OF-THE-MONEY","JPY"]
[null,18,212401,6895675,"TOKYO ELECTRON",9100,"2019-03-18",140.95947582417583,1877058.46,206.27016043956044,"OUT-OF-THE-MONEY","JPY"]
[null,19,212401,"BDZ78H9","BROADCOM INC",34082,"2019-06-24",279.2,10243450.08,300.55308021829705,"OUT-OF-THE-MONEY","USD"]
[null,20,212401,2126335,"BRISTOL-MYERS SQUIBB CO",108062,"2019-09-23",50.52,6564361.2000000002,60.746249375358595,"OUT-OF-THE-MONEY","USD"]
[null,21,212401,2459020,"INTUIT INC",24213,"2019-09-23",269,6758049.1299999999,279.10829430471233,"OUT-OF-THE-MONEY","USD"]
[null,22,212401,2595708,"3M CO",21924,"2019-09-23",166.76000000000002,4335448.01,197.74895137748584,"OUT-OF-THE-MONEY","USD"]
[null,23,212401,6185495,"CSL LTD",11615,"2019-09-23",160.32193112354713,1891408.97,162.84192595781317,"OUT-OF-THE-MONEY","AUD"]
[null,24,212401,"BKM7ZR0","BRISTOL-MYERS SQUIBB-CVR",28105,null,null,0,0,"OUT-OF-THE-MONEY","USD"]
[null,25,212401,3091357,"BT GROUP PLC",556135,"2020-03-23",1.3533513085851459,2322306.9500000002,4.1757971535688281,"OUT-OF-THE-MONEY","GBP"]
[null,26,212401,"B06CMQ9","GMO PAYMENT GATEWAY INC",17500,"2020-03-23",66.45413317129821,1222063.5900000001,69.832205142857148,"OUT-OF-THE-MONEY","JPY"]
[null,27,212401,"BH4HKS3","VODAFONE GROUP PLC",2504866,"2020-03-23",1.266253312552448,7798144.6299999999,3.1131983227845321,"OUT-OF-THE-MONEY","GBP"]
[null,28,212401,"B92SR70","ABBVIE INC",17843,"2020-05-11",87.899999999999991,1958115.89,109.74140503278596,"OUT-OF-THE-MONEY","USD"]
[null,29,212401,2595708,"3M CO",20942,"2020-06-22",156.69,4141245.33,197.74832059975171,"OUT-OF-THE-MONEY","USD"]
[null,30,212401,"BDRXDB4","BOOKING HOLDINGS INC",4246,"2020-06-22",1633.52,8733862.5500000007,2056.9624470089498,"OUT-OF-THE-MONEY","USD"]
[null,31,212401,"B4R28B3","FLEETCOR TECHNOLOGIES INC",32789,"2020-09-21",235.44,9316962.8699999992,284.14903992192501,"OUT-OF-THE-MONEY","USD"]
[null,32,212401,"BF09HX3","TAPESTRY INC",136967,"2020-09-21",16.509999999999998,4147133.1,30.278337847802756,"OUT-OF-THE-MONEY","USD"]
[null,33,212401,"BH4HKS3","VODAFONE GROUP PLC",2464465,"2021-03-22",1.8378721345200681,7672368.3099999996,3.1131983249914281,"OUT-OF-THE-MONEY","GBP"]
[null,34,212401,2989301,"TJX COMPANIES INC",165316,"2021-06-21",64.91,11199273.9,67.744646011275378,"OUT-OF-THE-MONEY","USD","Row Labels","qStockCode","StockName","UnitFaceValue","costfc","StockCurrency","MarketValueFC","ExchgRate","CustNo","CostPrice","MVPrice"]
[null,35,212401,"BYP20B9","BAYCURRENT CONSULTING INC",7200,"2021-12-20",388.02,3063971.51,425.55,"OUT-OF-THE-MONEY","JPY","2021-12-20","BYP20B9","BAYCURRENT CONSULTING INC",7200,3063971.5,"JPY",2793773.98,113.395,212401,425.5515972222222,388.02416388888889]
[null,36,212401,2459020,"INTUIT INC",7242,"2022-03-21",466.5,3922076.37,541.57000000000005,"OUT-OF-THE-MONEY","USD","2022-03-21",2459020,"INTUIT INC",7242,3922076.37,"USD",3378393,1,212401,541.57364954432478,466.5]
[null,37,212401,"BQ7ZVF1","EUROAPI SASU",2740,"2022-05-10",15.29,34956.93,12.76,"IN-THE-MONEY","EUR","2022-05-10","BQ7ZVF1","EUROAPI SASU",2740,32234.66,"EUR",41887.339999999997,0.94849664,212401,11.764474452554744,15.287350364963503]
[null,38,212401,"BLDBN85","ATLAS COPCO AB-B RDS",162879,"2022-05-13",0.79,174044.25,1.07,"OUT-OF-THE-MONEY","SEK","2022-05-13","BLDBN85","ATLAS COPCO AB-B RDS",162879,0,"SEK",129326.78,10.0755,212401,0,0.79400524315596244]
[null,null,"","","","","","","","","","","(blank)","(blank)","(blank)","(blank)","(blank)","(blank)","(blank)","(blank)","(blank)","(blank)","(blank)"]
[]
[null,"Note :"]
[]
[null,"All transactions are in USD unless stated otherwise."]
[]
[null,"1. Total no. of shares are as at ending of the Reclass Date."]
[]
[null,"2. Reclass Date = Effective date of reclassification (MMYYYY) based on the periodic review by the shariah index used as performance benchmark as stated in the mandate (i.e. FTSE and MSCI)."]
[]
[null,"3. Reclass Price = Closing market price on Reclass Date."]
[]
[null,"4. Investment Cost = Original investment cost excluding impairment."]

{"sheet":"2) ITM Reclassed Securities","index":8,"n_rows":34,"n_cols":73,"rows_kept":34,"cut":false,"hidden":false,"merged":[[5,7,5,9],[5,10,5,15],[5,16,5,18],[5,19,5,22],[6,17,8,17],[6,12,8,12],[6,13,8,13],[6,14,8,14],[6,15,8,15],[6,16,8,16],[6,18,8,18],[6,19,8,19],[6,20,8,20],[6,21,8,21],[6,22,8,22],[5,29,5,30],[5,31,5,34],[5,35,5,38],[5,39,8,39],[5,23,5,26],[5,27,5,28],[6,28,8,28],[6,29,8,29],[6,23,8,23],[6,38,8,38],[6,30,8,30],[6,31,7,32],[6,33,7,34],[6,35,8,35],[6,36,8,36],[6,37,8,37],[6,24,8,24],[6,25,8,25],[6,26,8,26],[6,27,8,27],[7,1,8,1],[7,2,8,2],[7,3,8,3],[7,4,8,4],[7,5,8,5],[6,6,8,6],[6,7,8,7],[6,8,8,8],[6,9,8,9],[6,10,8,10],[6,11,8,11]]}
[null,null,{"$f":"IF(OR(AR1=\"\",AT1=\"\"),\"\",AT1)","v":""},{"$f":"IF(OR(AR1=\"\",AU1=\"\"),\"\",AU1)","v":""},{"$f":"IF(OR(AR1=\"\",AV1=\"\"),\"\",AV1)","v":""},{"$f":"IF(OR(AW1=\"\",AW1=\"(blank)\"),\"\",AW1)","v":""},{"$f":"IF(OR(AX1=\"\",AX1=0),\"\",ROUND(AX1,4))","v":""},{"$f":"IF(OR(AY1=\"\",AY1=0),\"\",IF(F1=\"Corporate Action\",BB1,AY1))","v":""},{"$f":"IF(BM1=\"\",\"\",IF(BM1=1,AZ1,AZ1))","v":""},{"$f":"IF(H1=\"\",\"\",I1*H1)","v":""},{"$f":"IF(OR(BG1=\"\",BH1<>\"SS\"),\"\",BG1)","v":""},{"$f":"IF(OR(BB1=\"\",BH1<>\"SS\"),\"\",BB1)","v":""},{"$f":"IF(OR(BC1=\"\",BH1<>\"SS\"),\"\",BC1)","v":""},{"$f":"IF(OR(BE1=\"\",BH1<>\"SS\"),\"\",BE1)","v":""},{"$f":"IF(L1=\"\",\"\",L1*I1)","v":""},{"$f":"IF(OR(BE1=\"\",BH1<>\"SS\"),\"\",BE1-BD1)","v":""},{"$f":"IF(OR(BI1=0,BI1=\"\"),\"\",BI1)","v":""},{"$f":"IF(OR(BJ1=\"\",BJ1=0),\"\",BJ1)","v":""},{"$f":"IF(OR(R1=\"\",L1=0),\"\",L1*R1)","v":""},{"$f":"IF(OR(BG1=\"\",BH1<>\"SI\"),\"\",BG1)","v":""},{"$f":"IF(OR(AS1=\"\",BH1<>\"SI\"),\"\",AS1)","v":""},{"$f":"IF(OR(BC1=\"\",BH1<>\"SI\"),\"\",W1/H1)","v":""},{"$f":"IF(OR(BD1=\"\",BH1<>\"SI\"),\"\",BD1)","v":""},{"$f":"IF(OR(BL1=\"\",BL1=\"(blank)\",BH1=\"SI\",BH1=\"SS\"),\"\",BL1)","v":""},{"$f":"IF(OR(BG1=\"\",BG1=\"(blank)\",BH1=\"SI\",BH1=\"SS\",BL1=\"(blank)\"),\"\",BG1)","v":""},{"$f":"IF(OR(BB1=\"\",BB1=\"(blank)\",BH1=\"SI\",BH1=\"SS\",BH1=\"\",BL1=\"(blank)\"),\"\",BB1)","v":""},{"$f":"IF(OR(BD1=\"\",BD1=\"(blank)\",BH1=\"SI\",BH1=\"SS\",BH1=\"\",BL1=\"(blank)\"),\"\",BD1)","v":""},{"$f":"IF(N1=\"\",\"\",N1-O1-P1)","v":""},{"$f":"IF(W1=\"\",\"\",W1)","v":""},{"$f":"IF(S1=\"\",\"\",IF(S1=\"\",0,S1)-IF(O1=\"\",0,O1)-IF(P1=\"\",0,P1))","v":""},{"$f":"IF(AC1=\"\",\"\",AC1)","v":""},{"$f":"IF(N1=\"\",\"\",N1-S1)","v":""},{"$f":"IF(OR(AF1=\"\",G1=\"\"),\"\",AF1*G1)","v":""},{"$f":"IF(AE1=\"\",\"\",AE1)","v":""},{"$f":"IF(OR(AH1=\"\",G1=\"\"),\"\",AH1*G1)","v":""},{"$f":"IF(H1=\"\",\"\",IF(BH1=\"SS\",H1-L1,IF(F1<>\"\",H1,\"\")))","v":""},{"$f":"IF($F1=\"\",\"\",IF($F1=\"Dividend\",$AL1/$AJ1,IF($F1=\"SELL\",IF(I1=0,AZ1,$I1),($J1-IF($AA1=\"\",0,$AA1))/$AJ1)))","v":""},{"$f":"IF($F1=\"\",\"\",IF($F1=\"Dividend\",$BA1,AK1*AJ1))","v":""},{"$f":"IF(R1=\"\",\"\",IF(BH1=\"SS\",R1,IF(F1<>\"\",R1,\"\")))","v":""}]
[null,{"$f":"\"TRANSACTIONS OF THE IN-THE-MONEY (ITM) RECLASSED SECURITIES FOR THE MONTH OF \"&UPPER(TEXT(EndDate,\"MMMm-yyyy\"))","v":"TRANSACTIONS OF THE IN-THE-MONEY (ITM) RECLASSED SECURITIES FOR THE MONTH OF MAY-2022"}]
[]
[null,"Mandate :",null,{"$f":"FundName","v":"EPF SHARIAH WORLD NOMURA ISLAMIC"}]
[null,"Portfolio Manager :",null,"NOMURA ISLAMIC ASSET MANAGEMENT SDN BHD"]
[null,null,null,null,null,null,null,"Beginning Holdings",null,null,"Disposal \nof \nReclassed Securities",null,null,null,null,null,"Details \nof \nReclassed Securities",null,null,"Dividend Received \nfrom \nReclassed Securities",null,null,null,"Corporate Action \nEvents of the Reclassed Securities",null,null,null,"Total Income ",null,"Shariah Income",null,"Non-Compliant Income (NCI) ",null,null,null,"Remaining Holdings",null,null,null,"Note"]
[null,null,null,null,null,null,"USD to Ringgit Malaysia Exchange Rate1","No. of Shares \n[a]","Average  Investment Cost Per Share2\n[b]","Total Investment Cost \n[c = a x b]","Disposal Date\n(DD/MM/YY)","No. of Shares Disposed\n[d]","Disposal Price \n[e]","Disposal Value\n[f = d x e]","Investment Cost\n[g = b x d]","Commission and Trade Expense\n[h]","Reclass Date\n(DD/MM/YY)","Reclass Price \n[i]","Reclass Value\n[j = d x i]","Ex Date\n","Payment Date","Dividend Per Share \n[k]","Entitlement Value \n[l = a x k]","Type","Date \n(DD/MM/YY)","No. of Shares \n(If applicable)","Entitlement Value  ","Total Capital Gain/Loss\n[m = f - g - h]","Dividend \nIncome ","Capital Gain3 [n = j - g - h]","Dividend \nIncome4","Capital Gain5 ",null,"Dividend \nIncome6",null,"No. of Shares \n[o]","Average Investment Cost Per Share \n[p]","Total  Investment Cost \n[q = o x p]","Reclass Price",null,null,null,null,"FilterInOut",0]
[null,"No.","Custody Account No.","Security Identifier\n(Sedol)","Security Name","Type of Transaction"]
[null,null,null,null,null,null,null,null,null,null,null,null,null,null,null,null,null,null,null,null,null,null,null,null,null,null,null,null,null,null,null,{"$f":"FundCur","v":"USD"},"RM",{"$f":"FundCur","v":"USD"},"RM",null,null,null,null,null,null,null,null,"Row Labels","PayDate","CustNo","qStockCode","StockName","TranType","ExRate","BeginUFV","BeginCostPrice","BeginCostFC","UnitFaceValue","TranPrice","FCNetProceed","FCGrossProceed","MVPrice","TradeDate","qTrnCode","ReclassDt","ReclassPrice","ReClassMV","TranDesc","row_num","ImportCost",null,"Stock Code","ReClassDt","Unit","Price","Cost","Last"]
[null,1,212401,"BQ7ZVF1","EUROAPI SASU","SELL",4.3765000000000001,2740,{"$f":"IF(BB10=\"\",\"\",IF(BM10=1,BN10/H10,AK9))","v":12.758003649635036},{"$f":"IF(H10=\"\",\"\",IF(BM10=1,BN10,H10*I10))","v":34956.93},"2022-05-11",2740,14.691486819349659,40254.675999999999,{"$f":"IF(L10=\"\",\"\",L10*I10)","v":34956.93},40.256000000001222,"2022-05-10",15.287350364963503,41887.339999999997,"","","","","","","","",{"$f":"IF(N10=\"\",\"\",N10-O10-P10)","v":5257.489999999998},"",{"$f":"IF(S10=\"\",\"\",IF(S10=\"\",0,S10)-IF(O10=\"\",0,O10)-IF(P10=\"\",0,P10))","v":6890.153999999995},"",-1632.663999999997,-7145.3539959999871,"","",0,{"$f":"IF(F10=\"\",\"\",IF(F10=\"Dividend\",AL10/AJ10,IF(F10=\"SELL\",IF(I10=0,AZ10,$I10),(J10-IF(AA10=\"\",0,AA10))/$AJ10)))","v":12.758003649635036},{"$f":"IF(F10=\"\",\"\",IF(F10=\"Dividend\",IF(BM10=1,BN10-AE10,AL9-AE10),AK10*AJ10))","v":0},15.287350364963503,null,null,null,null,"202205_BQ7ZVF1","2022-05-11",212401,"BQ7ZVF1","EUROAPI SASU","SELL",4.3765000000000001,2740,11.764474452554744,32234.66,2740,14.691486819349659,40214.42,40254.675999999999,15.287350364963503,"2022-05-11","SS","2022-05-10",15.287350364963503,41887.339999999997,"Share Sale",1,34956.93,null,"BQ7ZVF1",44691,0,12.758003649635036,0,1]
[null,null,"","","","","","","","","","","","","","","","","","","","","","","","","","","","","","","","","","","","",""]
[null,null,null,null,null,null,null,null,null,null,null,null,null,null,null,null,null,null,null,null,null,null,null,null,null,null,null,null,null,null,"Total NCI",-1632.663999999997,-7145.3539959999871,0,0]
[null,null,null,null,null,null,null,null,null,null,null,null,null,null,null,null,null,null,null,null,null,null,null,null,null,null,null,null,null,null,null,"Grand total NCI (USD)",null,null,-1632.663999999997]
[null,null,null,null,null,null,null,null,null,null,null,null,null,null,null,null,null,null,null,null,null,null,null,null,null,null,null,null,null,null,null,"Grand total NCI (RM)",null,null,-7145.3539959999871]
[]
[null,"Important: "]
[null,"When the reclassed securities are \"in-the-money\" on the Reclass Date, all holdings need to be disposed immediately. "]
[null,"Disposal in stages is allowed only if there is no liquidity in the market or any other reasons that could prevent the Portfolio Manager from trading on the Reclass Date and any entitlement of shares resulting from corporate action must be disposed immediately."]
[]
[null,"Note :"]
[]
[null,"All transactions are in USD unless stated otherwise."]
[]
[null,"1. Except for corporate action involving dividend, exchange rate is based on the rate on the transaction date. For dividend, exchange rate is based on the payment date."]
[]
[null,"2. Average Investment Cost Per Share should reflect the latest (adjusted, if any) average investment cost excluding impairment."]
[]
[null,"3. Any capital gain up to Reclass Price is deemed shariah-compliant."]
[]
[null,"4. Dividend income (net of withholding tax) are deemed shariah-compliant if the ex-date is before/on the Reclass Date"]
[]
[null,"5. Any excess capital gain above Reclass Price is considered as NCI."]
[]
[null,"6. Dividend income (net of withholding tax) is deemed as NCI when the Ex-Date is after the Reclass Date"]

{"sheet":"3) OTM Reclassed Securities","index":9,"n_rows":317,"n_cols":62,"rows_kept":317,"cut":false,"hidden":false,"merged":[[5,27,5,30],[6,19,8,19],[5,31,5,33],[5,34,8,34],[6,6,8,6],[6,7,8,7],[6,8,8,8],[6,9,8,9],[6,10,8,10],[6,11,8,11],[6,12,8,12],[6,13,8,13],[5,7,5,9],[5,10,5,15],[5,16,5,19],[5,20,5,23],[5,24,5,25],[6,14,8,14],[6,15,8,15],[6,16,8,16],[6,17,8,17],[6,18,8,18],[6,33,8,33],[6,20,8,20],[6,21,8,21],[6,22,8,22],[6,23,8,23],[6,24,8,24],[6,25,8,25],[6,26,8,26],[6,27,7,28],[6,29,7,30],[6,31,8,31],[6,32,8,32],[7,1,8,1],[7,2,8,2],[7,3,8,3],[7,4,8,4],[7,5,8,5]]}
[null,null,{"$f":"IF(OR(AK1=\"\",AM1=\"\"),\"\",AM1)","v":""},{"$f":"IF(OR(AK1=\"\",AN1=\"\"),\"\",AN1)","v":""},{"$f":"IF(OR(AK1=\"\",AO1=\"\"),\"\",AO1)","v":""},{"$f":"IF(OR(AP1=\"\",AP1=\"(blank)\"),\"\",AP1)","v":""},{"$f":"IF(OR(AQ1=\"\",AQ1=0),\"\",AQ1)","v":""},{"$f":"IF(AR1=\"\",\"\",IF(F1=\"Corporate Action\",AU1,AR1))","v":""},{"$f":"IF(BB1=\"\",\"\",IF(BB1=1,AS1,AS1))","v":""},{"$f":"IF(H1=\"\",\"\",I1*H1)","v":""},{"$f":"IF(OR(AY1=\"\",AZ1<>\"SS\"),\"\",AY1)","v":""},{"$f":"IF(OR(AU1=\"\",AZ1<>\"SS\"),\"\",AU1)","v":""},{"$f":"IF(OR(AV1=\"\",AZ1<>\"SS\"),\"\",AV1)","v":""},{"$f":"IF(OR(AX1=\"\",AZ1<>\"SS\"),\"\",AX1)","v":""},{"$f":"IF(L1=\"\",\"\",L1*I1)","v":""},{"$f":"IF(OR(AX1=\"\",AZ1<>\"SS\"),\"\",AX1-AW1)","v":""},{"$f":"IF(OR(AY1=\"\",AZ1<>\"SI\"),\"\",AY1)","v":""},{"$f":"IF(OR(AL1=\"\",AZ1<>\"SI\"),\"\",AL1)","v":""},{"$f":"IF(OR(AV1=\"\",AZ1<>\"SI\"),\"\",T1/H1)","v":""},{"$f":"IF(OR(AW1=\"\",AZ1<>\"SI\"),\"\",AW1)","v":""},{"$f":"IF(OR(BA1=\"\",BA1=\"(blank)\",AZ1=\"SI\",AZ1=\"SS\"),\"\",BA1)","v":""},{"$f":"IF(OR(AY1=\"\",AY1=\"(blank)\",AZ1=\"SI\",AZ1=\"SS\",BA1=\"(blank)\"),\"\",AY1)","v":""},{"$f":"IF(OR(AU1=\"\",AU1=\"(blank)\",AZ1=\"SI\",AZ1=\"SS\",BA1=\"(blank)\"),\"\",AU1)","v":""},{"$f":"IF(OR(AW1=\"\",AW1=\"(blank)\",AZ1=\"SI\",AZ1=\"SS\",BA1=\"(blank)\"),\"\",AW1)","v":""},{"$f":"IF(N1=\"\",\"\",N1-O1-P1)","v":""},{"$f":"IF(T1=\"\",\"\",T1)","v":""},{"$f":"IF(Z1=\"\",\"\",IF(J1>0,Z1,\"\"))","v":""},{"$f":"IF(Y1=\"\",\"\",IF(Y1>=0,Y1,\"\"))","v":""},{"$f":"IF(AB1=\"\",\"\",IF(G1=\"\",\"\",AB1*G1))","v":""},{"$f":"IF(Z1=\"\",\"\",IF(J1<=0,Z1,\"\"))","v":""},{"$f":"IF(AD1=\"\",\"\",IF(G1=\"\",\"\",AD1*G1))","v":""},{"$f":"IF(H1=\"\",\"\",IF(AZ1=\"SS\",H1-L1,IF(F1<>\"\",H1,\"\")))","v":""},{"$f":"IF($F1=\"\",\"\",IF($F1=\"Dividend\",$AH1/$AF1,IF($F1=\"SELL\",$I1,($J1-IF($X1=\"\",0,$X1))/$AF1)))","v":""},{"$f":"IF($F1=\"\",\"\",IF($F1=\"Dividend\",$AT1,AG1*AF1))","v":""}]
[null,{"$f":"\"TRANSACTIONS OF THE OUT-OF-THE-MONEY (OTM) RECLASSED SECURITIES FOR THE MONTH OF \"&UPPER(TEXT(EndDate,\"MMMm-yyyy\"))","v":"TRANSACTIONS OF THE OUT-OF-THE-MONEY (OTM) RECLASSED SECURITIES FOR THE MONTH OF MAY-2022"}]
[]
[null,"Mandate :",null,{"$f":"FundName","v":"EPF SHARIAH WORLD NOMURA ISLAMIC"}]
[null,"Portfolio Manager :",null,"NOMURA ISLAMIC ASSET MANAGEMENT SDN BHD"]
[null,null,null,null,null,null,null,"Beginning Holdings",null,null,"Disposal \nof \nReclassed Securities",null,null,null,null,null,"Dividend Received \nfrom \nReclassed Securities",null,null,null,"Corporate Action \nEvents of the Reclassed Securities",null,null,null,"Total Income ",null,"Shariah Income ","Non-Compliant Income (NCI)",null,null,null,"Remaining Holdings",null,null,"Note"]
[null,null,null,null,null,null,"USD to Ringgit Malaysia Exchange Rate1","No. of Shares \n[a]","Recoverable Average  Investment Cost Per Share2\n[b]","Total Recoverable Investment Cost \n[c = a x b]","Disposal Date\n(DD/MM/YY)","No. of Shares Disposed\n[d]","Disposal Price \n[e]","Disposal Value\n[f = d x e]","Investment Cost\n[g = b x d]","Commission and Trade Expense\n[h]","Ex Date\n","Payment Date","Dividend Per Share \n[k]","Entitlement Value \n[l = a x k]","Type","Date \n(DD/MM/YY)","No. of Shares \n(If applicable)","Entitlement Value  ","Total Capital Gain/Loss\n[m = f - g - h]","Dividend \nIncome ","Dividend \nIncome3","Capital Gain4",null,"Dividend Income5",null,"No. of Shares\n[n]","Recoverable Average Investment Cost Per Share (adjusted, if any)\n[o]"," Total Recoverable Investment Cost\n[p = n x o]"]
[null,"No.","Custody Account No.","Security Identifier\n(Sedol)","Security Name","Type of Transaction"]
[null,null,null,null,null,null,null,null,null,null,null,null,null,null,null,null,null,null,null,null,null,null,null,null,null,null,null,{"$f":"FundCur","v":"USD"},"RM",{"$f":"FundCur","v":"USD"},"RM",null,null,null,null,null,null,null,null,null,null,null,null,null,null,null,null,null,null,null,null,null,null,null,null,null,"Stock Code","ReClassDt","Unit","Price","Cost","Last"]
[null,1,212401,"B4W9F29","Mead Johnson Nutrition Co.","Dividend",4.4005000000000001,41816,97.480720059307444,4076253.79,"","","","","N/A","","2015-09-10","2015-10-01",0.28875000000000001,12074.37,"","","","","",12074.37,12074.37,"","","","",41816,97.191970059307437,4064179.42,null,null,null,null,null,null,null,null,null,null,null,null,null,null,null,null,null,null,null,null,null,null,"B4W9F29","2015-06-22",41816,97.191970059307437,4064179.42]
[null,null,null,null,null,"Dividend",4.3490000000000002,41816,97.191970059307437,4064179.42,"","","","","N/A","","2015-12-10","2016-01-04",0.28875000000000001,12074.37,"","","","","",12074.37,12074.37,"","","","",41816,96.903220059307444,4052105.05,null,null,null,null,null,null,null,null,null,null,null,null,null,null,null,null,null,null,null,null,null,null,"B4W9F29","2015-06-22",41816,96.903220059307444,4052105.05]
[null,null,null,null,null,"Dividend",3.8915000000000002,41816,96.903220059307444,4052105.0500000003,"","","","","N/A","","2016-03-10","2016-04-01",0.28875000000000001,12074.37,"","","","","",12074.37,12074.37,"","","","",41816,96.614470059307436,4040030.6799999997,null,null,null,null,null,null,null,null,null,null,null,null,null,null,null,null,null,null,null,null,null,null,"B4W9F29","2015-06-22",41816,96.614470059307436,4040030.6799999997]
[null,null,null,null,null,"Dividend",4.0250000000000004,41816,96.614470059307436,4040030.6799999997,"","","","","N/A","","2016-06-16","2016-07-05",0.28875000000000001,12074.37,"","","","","",12074.37,12074.37,"","","","",41816,96.325720059307429,4027956.3099999996,null,null,null,null,null,null,null,null,null,null,null,null,null,null,null,null,null,null,null,null,null,null,"B4W9F29","2015-06-22",41816,96.325720059307429,4027956.3099999996]
[null,null,null,null,null,"SELL",4.0750000000000002,41816,96.325720059307429,4027956.3099999996,"2016-07-29",2367,89.247600337980572,211249.07,228002.97938038068,99.29,"","","","","","","","",-16853.199380380676,"","","","","","",39449,96.325720059307429,3799953.3306196188,null,null,null,null,null,null,null,null,null,null,null,null,null,null,null,null,null,null,null,null,null,null,"B4W9F29","2015-06-22",39449,96.325720059307429,3799953.3306196188]
[null,null,null,null,null,"Dividend",4.1355000000000004,39449,96.325720059307429,3799953.3306196188,"","","","","N/A","","2016-09-15","2016-10-03",0.28875003168648128,11390.9,"","","","","",11390.9,11390.9,"","","","",39449,96.036970027620953,3788562.4306196189,null,null,null,null,null,null,null,null,null,null,null,null,null,null,null,null,null,null,null,null,null,null,"B4W9F29","2015-06-22",39449,96.036970027620953,3788562.4306196189]
[null,null,null,null,null,"Dividend",4.4755000000000003,39449,96.036970027620953,3788562.4306196189,"","","","","N/A","","2016-12-21","2017-01-06",0.28875003168648128,11390.9,"","","","","",11390.9,11390.9,"","","","",39449,95.748219995934477,3777171.5306196189,null,null,null,null,null,null,null,null,null,null,null,null,null,null,null,null,null,null,null,null,null,null,"B4W9F29","2015-06-22",39449,95.748219995934477,3777171.5306196189]
[null,null,null,null,null,"SELL",4.4260000000000002,39449,95.748219995934477,3777171.5306196189,"2017-02-02",3864,85.32659937888198,329701.98,369971.1220642908,135.77000000000001,"","","","","","","","",-40404.912064290816,"","","","","","",35585,95.748219995934477,3407200.4085553284,null,null,null,null,null,null,null,null,null,null,null,null,null,null,null,null,null,null,null,null,null,null,"B4W9F29","2015-06-22",35585,95.748219995934477,3407200.4085553284]
[null,null,null,null,null,"SELL",4.4279999999999999,35585,95.748219995934477,3407200.4085553284,"2017-02-06",1027,84.121801363193768,86393.09,98333.421935824706,42.97,"","","","","","","","",-11983.301935824709,"","","","","","",34558,95.748219995934477,3308866.9866195037,null,null,null,null,null,null,null,null,null,null,null,null,null,null,null,null,null,null,null,null,null,null,"B4W9F29","2015-06-22",34558,95.748219995934477,3308866.9866195037]
[null,null,null,null,null,"SELL",4.4344999999999999,34558,95.748219995934477,3308866.9866195037,"2017-02-07",410,84.121195121951231,34489.69,39256.770198333135,17.149999999999999,"","","","","","","","",-4784.2301983331326,"","","","","","",34148,95.748219995934477,3269610.2164211706,null,null,null,null,null,null,null,null,null,null,null,null,null,null,null,null,null,null,null,null,null,null,"B4W9F29","2015-06-22",34148,95.748219995934477,3269610.2164211706]
[null,null,null,null,null,"SELL",4.4405000000000001,34148,95.748219995934477,3269610.2164211706,"2017-02-08",416,84.034206730769242,34958.230000000003,39831.25951830874,17.400000000000002,"","","","","","","","",-4890.4295183087361,"","","","","","",33732,95.748219995934477,3229778.9569028616,null,null,null,null,null,null,null,null,null,null,null,null,null,null,null,null,null,null,null,null,null,null,"B4W9F29","2015-06-22",33732,95.748219995934477,3229778.9569028616]
[null,null,null,null,null,"SELL",4.4455,33732,95.748219995934477,3229778.9569028616,"2017-02-10",2409,87.443798256537974,210652.11,230657.46197020615,100.95,"","","","","","","","",-20106.301970206161,"","","","","","",31323,95.748219995934477,2999121.4949326557,null,null,null,null,null,null,null,null,null,null,null,null,null,null,null,null,null,null,null,null,null,null,"B4W9F29","2015-06-22",31323,95.748219995934477,2999121.4949326557]
[null,null,null,null,null,"Dividend",4.4275000000000002,31323,95.748219995934477,2999121.4949326557,"","","","","N/A","","2017-03-09","2017-04-03",0.28875011972033332,9044.52,"","","","","",9044.52,9044.52,"","","","",31323,95.459469876214143,2990076.9749326557,null,null,null,null,null,null,null,null,null,null,null,null,null,null,null,null,null,null,null,null,null,null,"B4W9F29","2015-06-22",31323,95.459469876214143,2990076.9749326557]
[null,null,null,null,null,"Corporate Action",4.2645,31323,95.459469876214143,2990076.9749326557,"","","","","N/A","","","","","","CASH_MGR","2017-06-15",31323,2819070,-171006.97493265569,"","","","","","",0,95.46,0,null,null,null,null,null,null,null,null,null,null,null,null,null,null,null,null,null,null,null,null,null,null,"B4W9F29","2015-06-22",0,95.46,0,1]
[]
[null,2,212401,2654320,"Monsanto Co","Dividend",4.0750000000000002,51033,108.73529794446731,5549088.46,"","","","","N/A","","2016-07-06","2016-07-29",0.37799992161934437,19290.47,"","","","","",19290.47,19290.47,"","","","",51033,108.35729802284797,5529797.9900000002,null,null,null,null,null,null,null,null,null,null,null,null,null,null,null,null,null,null,null,null,null,null,2654320,"2016-06-20",51033,108.35729802284797,5529797.9900000002]
[null,null,null,null,null,"Dividend",4.1985000000000001,51033,108.35729802284797,5529797.9900000002,"","","","","N/A","","2016-10-05","2016-10-28",0.37799992161934437,19290.47,"","","","","",19290.47,19290.47,"","","","",51033,107.97929810122862,5510507.5200000005,null,null,null,null,null,null,null,null,null,null,null,null,null,null,null,null,null,null,null,null,null,null,2654320,"2016-06-20",51033,107.97929810122862,5510507.5200000005]
[null,null,null,null,null,"SELL",4.4705000000000004,51033,107.97929810122862,5510507.5200000005,"2017-01-11",7290,108.25620027434842,789187.7,787169.0831579566,253.95999999999998,"","","","","","","","",1764.6568420433532,"","",1764.6568420433532,7888.8984123548107,"","",43743,107.97929810122862,4723338.4368420439,null,null,null,null,null,null,null,null,null,null,null,null,null,null,null,null,null,null,null,null,null,null,2654320,"2016-06-20",43743,107.97929810122862,4723338.4368420439]
[null,null,null,null,null,"SELL",4.4615,43743,107.97929810122862,4723338.4368420439,"2017-01-12",100,108.07,10807,10797.929810122861,4.24,"","","","","","","","",4.8301898771385456,"","",4.8301898771385456,21.549892136853622,"","",43643,107.97929810122862,4712540.5070319204,null,null,null,null,null,null,null,null,null,null,null,null,null,null,null,null,null,null,null,null,null,null,2654320,"2016-06-20",43643,107.97929810122862,4712540.5070319204]
[null,null,null,null,null,"SELL",4.4654999999999996,43643,107.97929810122862,4712540.5070319204,"2017-01-17",3515,108.14910099573258,380144.09,379547.23282581859,148.88999999999999,"","","","","","","","",447.9671741814376,"","",447.9671741814376,2000.3974163072094,"","",40128,107.97929810122862,4332993.2742061019,null,null,null,null,null,null,null,null,null,null,null,null,null,null,null,null,null,null,null,null,null,null,2654320,"2016-06-20",40128,107.97929810122862,4332993.2742061019]
[null,null,null,null,null,"SELL",4.4444999999999997,40128,107.97929810122862,4332993.2742061019,"2017-01-18",3648,108.22779879385965,394815.01,393908.479473282,154.52999999999997,"","","","","","","","",752.00052671800836,"","",752.00052671800836,3342.2663409981878,"","",36480,107.97929810122862,3939084.7947328202,null,null,null,null,null,null,null,null,null,null,null,null,null,null,null,null,null,null,null,null,null,null,2654320,"2016-06-20",36480,107.97929810122862,3939084.7947328202]
[null,null,null,null,null,"SELL",4.4474999999999998,36480,107.97929810122862,3939084.7947328202,"2017-01-20",1824,108.32929824561404,197592.64,196954.239736641,77.27,"","","","","","","","",561.1302633590135,"","",561.1302633590135,2495.6268462892126,"","",34656,107.97929810122862,3742130.554996179,null,null,null,null,null,null,null,null,null,null,null,null,null,null,null,null,null,null,null,null,null,null,2654320,"2016-06-20",34656,107.97929810122862,3742130.554996179]
[null,null,null,null,null,"SELL",4.4379999999999997,34656,107.97929810122862,3742130.554996179,"2017-01-23",1824,108.30839912280702,197554.52,196954.239736641,77.27,"","","","","","","","",523.01026335898905,"","",523.01026335898905,2321.1195487871933,"","",32832,107.97929810122862,3545176.3152595381,null,null,null,null,null,null,null,null,null,null,null,null,null,null,null,null,null,null,null,null,null,null,2654320,"2016-06-20",32832,107.97929810122862,3545176.3152595381]
[null,null,null,null,null,"SELL",4.4355000000000002,32832,107.97929810122862,3545176.3152595381,"2017-01-24",1824,108.75120065789474,198362.19,196954.239736641,77.289999999999992,"","","","","","","","",1330.6602633590019,"","",1330.6602633590019,5902.1435981288532,"","",31008,107.97929810122862,3348222.0755228973,null,null,null,null,null,null,null,null,null,null,null,null,null,null,null,null,null,null,null,null,null,null,2654320,"2016-06-20",31008,107.97929810122862,3348222.0755228973]
[null,null,null,null,null,"SELL",4.4295,31008,107.97929810122862,3348222.0755228973,"2017-01-26",1802,110.19569922308546,198572.65,194578.69517841397,63.9,"","","","","","","","",3930.0548215860267,"","",3930.0548215860267,17408.177832215304,"","",29206,107.97929810122862,3153643.3803444831,null,null,null,null,null,null,null,null,null,null,null,null,null,null,null,null,null,null,null,null,null,null,2654320,"2016-06-20",29206,107.97929810122862,3153643.3803444831]
[null,null,null,null,null,"Dividend",4.4314999999999998,29206,107.97929810122862,3153643.3803444831,"","","","","N/A","","2017-01-04","2017-01-27",0.37799992161934437,19290.47,"","","","","",19290.47,19290.47,"","","","",29206,107.31880128550581,3134352.9103444829,null,null,null,null,null,null,null,null,null,null,null,null,null,null,null,null,null,null,null,null,null,null,2654320,"2016-06-20",29206,107.31880128550581,3134352.9103444829]
[null,null,null,null,null,"SELL",4.4290000000000003,29206,107.31880128550581,3134352.9103444829,"2017-01-31",1825,108.31420273972603,197673.42,195856.8123460481,83.38,"","","","","","","","",1733.2276539519125,"","",1733.2276539519125,7676.4652793530213,"","",27381,107.31880128550581,2938496.0979984347,null,null,null,null,null,null,null,null,null,null,null,null,null,null,null,null,null,null,null,null,null,null,2654320,"2016-06-20",27381,107.31880128550581,2938496.0979984347]
[null,null,null,null,null,"SELL",4.4269999999999996,27381,107.31880128550581,2938496.0979984347,"2017-02-03",1825,108.93190136986301,198800.72,195856.8123460481,63.97,"","","","","","","","",2879.9376539519012,"","",2879.9376539519012,12749.483994045066,"","",25556,107.31880128550581,2742639.2856523865,null,null,null,null,null,null,null,null,null,null,null,null,null,null,null,null,null,null,null,null,null,null,2654320,"2016-06-20",25556,107.31880128550581,2742639.2856523865]
[null,null,null,null,null,"SELL",4.4405000000000001,25556,107.31880128550581,2742639.2856523865,"2017-02-08",600,108.0167,64810.02,64391.280771303485,25.41,"","","","","","","","",393.32922869651139,"","",393.32922869651139,1746.578440026859,"","",24956,107.31880128550581,2678248.004881083,null,null,null,null,null,null,null,null,null,null,null,null,null,null,null,null,null,null,null,null,null,null,2654320,"2016-06-20",24956,107.31880128550581,2678248.004881083]
[null,null,null,null,null,"SELL",4.4489999999999998,24956,107.31880128550581,2678248.004881083,"2017-02-15",2733,109.03949871935602,298004.95,293302.28391328739,95.9,"","","","","","","","",4606.7660867126197,"","",4606.7660867126197,20495.502319784446,"","",22223,107.31880128550581,2384945.7209677957,null,null,null,null,null,null,null,null,null,null,null,null,null,null,null,null,null,null,null,null,null,null,2654320,"2016-06-20",22223,107.31880128550581,2384945.7209677957]
[null,null,null,null,null,"SELL",4.4560000000000004,22223,107.31880128550581,2384945.7209677957,"2017-02-16",3703,108.83399945989737,403012.3,397401.521160228,156.91,"","","","","","","","",5453.8688397719852,"","",5453.8688397719852,24302.43955002397,"","",18520,107.31880128550581,1987544.1998075678,null,null,null,null,null,null,null,null,null,null,null,null,null,null,null,null,null,null,null,null,null,null,2654320,"2016-06-20",18520,107.31880128550581,1987544.1998075678]
[null,null,null,null,null,"SELL",4.4539999999999997,18520,107.31880128550581,1987544.1998075678,"2017-02-17",3402,108.91049970605526,370513.52,365098.56197329075,144.16000000000003,"","","","","","","","",5270.798026709268,"","",5270.798026709268,23476.134410963077,"","",15118,107.31880128550581,1622445.6378342768,null,null,null,null,null,null,null,null,null,null,null,null,null,null,null,null,null,null,null,null,null,null,2654320,"2016-06-20",15118,107.31880128550581,1622445.6378342768]
[null,null,null,null,null,"SELL",4.4574999999999996,15118,107.31880128550581,1622445.6378342768,"2017-02-21",15118,110.57530030427304,1671677.39,1622445.6378342768,641.16000000000008,"","","","","","","","",48590.592165723123,"","",48590.592165723123,216592.56457871079,"","",0,107.31880128550581,0,null,null,null,null,null,null,null,null,null,null,null,null,null,null,null,null,null,null,null,null,null,null,2654320,"2016-06-20",0,107.31880128550581,0,1]
[]
[null,3,212401,"B1YXBJ7","Air Liquide","SELL",4.1265000000000001,52835,116.92842547553705,6177913.3600000003,"2016-09-27",5355,105.16289449112979,563147.30000000005,626151.71842150087,844.72,"","","","","","","","",-63849.138421500829,"","","","","","",47480,116.92842547553705,5551761.6415784992,null,null,null,null,null,null,null,null,null,null,null,null,null,null,null,null,null,null,null,null,null,null,"B1YXBJ7","2016-09-19",47480,116.92842547553705,5551761.6415784992]
[null,null,null,null,null,"SELL",4.1369999999999996,47480,116.92842547553705,5551761.6415784992,"2016-09-28",3597,106.98327495134835,384818.84,420591.54643550678,577.23,"","","","","","","","",-36349.936435506759,"","","","","","",43883,116.92842547553705,5131170.0951429922,null,null,null,null,null,null,null,null,null,null,null,null,null,null,null,null,null,null,null,null,null,null,"B1YXBJ7","2016-09-19",43883,116.92842547553705,5131170.0951429922]
[null,null,null,null,null,"SELL",4.3695000000000004,43883,116.92842547553705,5131170.0951429922,"2017-04-25",43883,121.07548458400748,5313155.49,5131170.0951429922,1593.95,"","","","","","","","",180391.444857008,"","",180391.444857008,788220.41830269655,"","",0,116.92842547553705,0,null,null,null,null,null,null,null,null,null,null,null,null,null,null,null,null,null,null,null,null,null,null,"B1YXBJ7","2016-09-19",0,116.92842547553705,0,1]
[]
[null,4,212401,2257019,"Cognizant Tech Solutions","SELL",4.444,89869,61.398495476749488,5517821.3899999997,"2017-02-24",4839,59.163599917338288,286292.65999999997,297107.31961199077,92.13,"","","","","","","","",-10906.789611990791,"","","","","","",85030,61.398495476749488,5220714.0703880088,null,null,null,null,null,null,null,null,null,null,null,null,null,null,null,null,null,null,null,null,null,null,2257019,"2016-09-19",85030,61.398495476749488,5220714.0703880088]
[null,null,null,null,null,"SELL",4.4545000000000003,85030,61.398495476749488,5220714.0703880088,"2017-03-03",2481,59.884401451027813,148573.20000000001,152329.66727781549,62.67,"","","","","","","","",-3819.1372778154782,"","","","","","",82549,61.398495476749488,5068384.4031101931,null,null,null,null,null,null,null,null,null,null,null,null,null,null,null,null,null,null,null,null,null,null,2257019,"2016-09-19",82549,61.398495476749488,5068384.4031101931]
[null,null,null,null,null,"SELL",4.319,82549,61.398495476749488,5068384.4031101931,"2017-05-03",6243,60.561800416466447,378087.32,383310.80726134707,257.97000000000003,"","","","","","","","",-5481.4572613470655,"","","","","","",76306,61.398495476749488,4685073.5958488462,null,null,null,null,null,null,null,null,null,null,null,null,null,null,null,null,null,null,null,null,null,null,2257019,"2016-09-19",76306,61.398495476749488,4685073.5958488462]
[null,null,null,null,null,"SELL",4.3304999999999998,76306,61.398495476749488,4685073.5958488462,"2017-05-04",7562,60.830900555408626,460003.27,464295.42279517965,312.51,"","","","","","","","",-4604.6627951796308,"","","","","","",68744,61.398495476749488,4220778.1730536669,null,null,null,null,null,null,null,null,null,null,null,null,null,null,null,null,null,null,null,null,null,null,2257019,"2016-09-19",68744,61.398495476749488,4220778.1730536669]
[null,null,null,null,null,"SELL",4.3354999999999997,68744,61.398495476749488,4220778.1730536669,"2017-05-08",68744,64.072700017456071,4404613.6900000004,4220778.1730536669,2078.11,"","","","","","","","",181757.40694633347,"","",181757.40694633347,788009.23781582876,"","",0,61.398495476749488,0,null,null,null,null,null,null,null,null,null,null,null,null,null,null,null,null,null,null,null,null,null,null,2257019,"2016-09-19",0,61.398495476749488,0,1]
[]
[null,5,212401,"BZB1Y59","LINE CORPORATION","SELL",4.234,118100,41.674543691786624,4921763.6100000003,"2017-10-26",118100,42.418333615580018,5009605.2,4921763.6100000003,5510.57,"","","","","","","","",82331.019999999844,"","",82331.019999999844,348589.53867999936,"","",0,41.674543691786624,0,null,null,null,null,null,null,null,null,null,null,null,null,null,null,null,null,null,null,null,null,null,null,"BZB1Y59","2017-03-20",0,41.674543691786624,0,1]
[]
[null,6,212401,"BDTYZ53","BIOVERATIV INC","SELL",4.2770000000000001,9119,62.408078736703587,569099.27,"2017-07-24",9119,63.565200131593386,579651.06000000006,569099.27,378.15,"",null,"","","","","","",10173.640000000038,"","",10173.640000000038,43512.658280000163,"","",0,62.408078736703587,0,null,null,null,null,null,null,null,null,null,null,null,null,null,null,null,null,null,null,null,null,null,null,"BDTYZ53","2017-03-20",0,62.408078736703587,0,1]
[]
[null,7,212401,"BDSFG98","TECHNIPFMC PLC","Dividend",4.0875000000000004,62737,34.258227680635038,2149258.4300000002,"","","","","N/A","","2017-11-20","2017-12-01",0.13,8155.81,"","","","","",8155.81,8155.81,"","","","",62737,34.128227680635035,2141102.62,null,null,null,null,null,null,null,null,null,null,null,null,null,null,null,null,null,null,null,null,null,null,"BDSFG98","2017-03-20",62737,34.128227680635035,2141102.62]
[null,null,null,null,null,"SELL",4.0815000000000001,62737,34.128227680635035,2141102.62,"2017-12-14",8000,27.944299999999998,223554.4,273025.82144508028,325.17,"","","","","","","","",-49796.591445080281,"","","","","","",54737,34.128227680635035,1868076.7985549199,null,null,null,null,null,null,null,null,null,null,null,null,null,null,null,null,null,null,null,null,null,null,"BDSFG98","2017-03-20",54737,34.128227680635035,1868076.7985549199]
[null,null,null,null,null,"SELL",3.9125000000000001,54737,34.128227680635035,1868076.7985549199,"2018-03-16",16100,29.772199999999998,479332.42,549464.46565822407,655.07000000000005,null,null,null,null,null,null,null,null,-70787.115658224095,null,null,null,null,null,null,38637,34.128227680635035,1318612.3328966959,null,null,null,null,null,null,null,null,null,null,null,null,null,null,null,null,null,null,null,null,null,null,"BDSFG98","2017-03-20",38637,34.128227680635035,1318612.3328966959]
[null,null,null,null,null,"Dividend",3.8675000000000002,38637,34.128227680635035,1318612.3328966959,null,null,null,null,null,null,"2018-03-19","2018-04-04",0.13,5022.8100000000004,null,null,null,null,null,5022.8100000000004,5022.8100000000004,null,null,null,null,38637,33.998227680635033,1313589.5228966959,null,null,null,null,null,null,null,null,null,null,null,null,null,null,null,null,null,null,null,null,null,null,"BDSFG98","2017-03-20",38637,33.998227680635033,1313589.5228966959]
[null,null,null,null,null,"SELL",3.9805000000000001,38637,33.998227680635033,1313589.5228966956,"2018-05-25",8916,30.849100493494841,275050.58,303128.19800054195,58.589999999999996,null,null,null,null,null,null,null,null,-28136.20800054193,null,null,null,null,null,null,29721,33.998227680635033,1010461.3248961538,null,null,null,null,null,null,null,null,null,null,null,null,null,null,null,null,null,null,null,null,null,null,"BDSFG98","2017-03-20",29721,33.998227680635033,1010461.3248961538]
[null,null,null,null,null,"Dividend",3.9725000000000001,29721,33.998227680635033,1010461.3248961538,null,null,null,null,null,null,"2018-05-21","2018-06-06",0.13,5022.8100000000004,null,null,null,null,null,5022.8100000000004,5022.8100000000004,null,null,null,null,29721,33.829228992838523,1005438.5148961537,null,null,null,null,null,null,null,null,null,null,null,null,null,null,null,null,null,null,null,null,null,null,"BDSFG98","2017-03-20",29721,33.829228992838523,1005438.5148961537]
[null,null,null,null,null,"Dividend",4.1475,29721,33.829228992838523,1005438.5148961537,null,null,null,null,null,null,"2018-08-20","2018-09-05",0.13,3863.73,null,null,null,null,null,3863.73,3863.73,null,null,null,null,29721,33.69922899283852,1001574.7848961537,null,null,null,null,null,null,null,null,null,null,null,null,null,null,null,null,null,null,null,null,null,null,"BDSFG98","2017-03-20",29721,33.69922899283852,1001574.7848961537]
[null,null,null,null,null,"SELL",4.1775000000000002,29721,33.69922899283852,1001574.7848961537,"2018-11-09",3496,25.383100686498857,88739.32,117812.50455896347,106.03,null,null,null,null,null,null,null,null,-29179.21455896346,null,null,null,null,null,null,26225,33.69922899283852,883762.28033719026,null,null,null,null,null,null,null,null,null,null,null,null,null,null,null,null,null,null,null,null,null,null,"BDSFG98","2017-03-20",26225,33.69922899283852,883762.28033719026]
[null,null,null,null,null,"Dividend",4.1544999999999996,26225,33.69922899283852,883762.28033719026,null,null,null,null,null,"","2018-11-19","2018-12-05",0.13,3409.25,null,null,null,null,null,3409.25,3409.25,null,null,null,null,26225,33.569228992838525,880353.03033719026,null,null,null,null,null,null,null,null,null,null,null,null,null,null,null,null,null,null,null,null,null,null,"BDSFG98","2017-03-20",26225,33.569228992838525,880353.03033719026]
[null,null,null,null,null,"Dividend",4.0789999999999997,26225,33.569228992838525,880353.03033719037,null,null,null,null,null,"","2019-03-18","2019-04-03",0.13,3409.25,null,null,null,null,null,3409.25,3409.25,null,null,null,null,26225,33.439228992838522,876943.78033719026,null,null,null,null,null,null,null,null,null,null,null,null,null,null,null,null,null,null,null,null,null,null,"BDSFG98","2017-03-20",26225,33.439228992838522,876943.78033719026]
[null,null,null,null,null,"SELL",4.1935000000000002,26225,33.439228992838522,876943.78033719026,"2019-05-23",6051,21.939600066104774,132756.51999999999,202340.7746356659,244.79,"","","","",null,null,null,null,-69829.044635665909,"","",null,null,null,null,20174,33.439228992838522,674603.00570152432,null,null,null,null,null,null,null,null,null,null,null,null,null,null,null,null,null,null,null,null,null,null,"BDSFG98","2017-03-20",20174,33.439228992838522,674603.00570152432]
[null,null,null,null,null,"Dividend",4.1755000000000004,20174,33.439228992838522,674603.00570152432,null,null,null,null,null,"","2019-05-20","2019-06-05",0.13,3409.25,null,null,null,null,null,3409.25,3409.25,null,null,null,null,20174,33.270236725563812,671193.75570152432,null,null,null,null,null,null,null,null,null,null,null,null,null,null,null,null,null,null,null,null,null,null,"BDSFG98","2017-03-20",20174,33.270236725563812,671193.75570152432]
[null,null,null,null,null,"SELL",4.1105,20174,33.270236725563812,671193.75570152432,"2019-07-19",1834,25.009002181025082,45866.51,61017.61415468403,74.31,"","","","",null,null,null,null,-15225.414154684027,"","",null,null,null,null,18340,33.270236725563812,610176.14154684031,null,null,null,null,null,null,null,null,null,null,null,null,null,null,null,null,null,null,null,null,null,null,"BDSFG98","2017-03-20",18340,33.270236725563812,610176.14154684031]
[null,null,null,null,null,"Dividend",4.2030000000000003,18340,33.270236725563812,610176.14154684031,null,null,null,null,null,"","2019-08-19","2019-09-04",0.12999999999999998,2384.1999999999994,null,null,null,null,null,2384.1999999999994,2384.1999999999994,null,null,null,null,18340,33.140236725563817,607791.94154684036,null,null,null,null,null,null,null,null,null,null,null,null,null,null,null,null,null,null,null,null,null,null,"BDSFG98","2017-03-20",18340,33.140236725563817,607791.94154684036]
[null,null,null,null,null,"Dividend",4.1775000000000002,18340,33.140236725563817,607791.94154684036,null,null,null,null,null,"","2019-11-18","2019-12-04",0.12999999999999998,2384.1999999999994,null,null,null,null,null,2384.1999999999994,2384.1999999999994,null,null,null,null,18340,33.010236725563814,605407.74154684041,null,null,null,null,null,null,null,null,null,null,null,null,null,null,null,null,null,null,null,null,null,null,"BDSFG98","2017-03-20",18340,33.010236725563814,605407.74154684041]
[null,null,null,null,null,"SELL",4.1014999999999997,18340,33.010236725563814,605407.74154684041,"2020-01-03",18340,21.477499999999999,393897.35,605407.74154684041,126.33,"","","","",null,null,null,null,-211636.72154684042,"","",null,null,null,null,0,33.010236725563814,0,null,null,null,null,null,null,null,null,null,null,null,null,null,null,null,null,null,null,null,null,null,null,"BDSFG98","2017-03-20",0,33.010236725563814,0,1]
[]
[null,8,212401,2369174,"GILEAD SCIENCES INC","SELL",4.1885000000000003,80560,108.21133800893745,8717505.3900000006,"2017-09-20",5370,82.416100558659224,442574.46,581094.88510799408,225.03,"",null,"","","","","","",-138745.45510799406,"","","","","","",75190,108.21133800893745,8136410.5048920065,null,null,null,null,null,null,null,null,null,null,null,null,null,null,null,null,null,null,null,null,null,null,2369174,"2017-09-18",75190,108.21133800893745,8136410.5048920065]
[null,null,null,null,null,"SELL",4.2220000000000004,75190,108.21133800893745,8136410.5048920065,"2017-09-29",2163,80.615399907535817,174371.11,234061.12411333169,56.34,"",null,"","","","","","",-59746.354113331705,"","","","","","",73027,108.21133800893745,7902349.380778675,null,null,null,null,null,null,null,null,null,null,null,null,null,null,null,null,null,null,null,null,null,null,2369174,"2017-09-18",73027,108.21133800893745,7902349.380778675]
[null,null,null,null,null,"SELL",4.2374999999999998,73027,108.21133800893745,7902349.380778675,"2017-11-06",2921,72.669099623416642,212266.44,316085.31832410628,89.82,"",null,"","","","","","",-103908.69832410628,"","","","","","",70106,108.21133800893745,7586264.0624545682,null,null,null,null,null,null,null,null,null,null,null,null,null,null,null,null,null,null,null,null,null,null,2369174,"2017-09-18",70106,108.21133800893745,7586264.0624545682]
[null,null,null,null,null,"SELL",4.1894999999999998,70106,108.21133800893745,7586264.0624545682,"2017-11-13",3022,72.883398411647917,220253.63,327014.66346300894,71.17,"",null,"","","","","","",-106832.20346300893,"","","","","","",67084,108.21133800893745,7259249.3989915596,null,null,null,null,null,null,null,null,null,null,null,null,null,null,null,null,null,null,null,null,null,null,2369174,"2017-09-18",67084,108.21133800893745,7259249.3989915596]
[null,null,null,null,null,"Dividend",4.0664999999999996,67084,108.21133800893745,7259249.3989915596,null,null,null,null,null,null,"2017-12-14","2017-12-28",0.36400005962673665,24418.58,null,null,null,null,null,24418.58,24418.58,null,null,null,null,67084,107.84733794931071,7234830.8189915596,null,null,null,null,null,null,null,null,null,null,null,null,null,null,null,null,null,null,null,null,null,null,2369174,"2017-09-18",67084,107.84733794931071,7234830.8189915596]
[null,null,null,null,null,"SELL",3.9980000000000002,67084,107.84733794931071,7234830.8189915596,"2018-01-05",3164,73.960199115044247,234010.07,341228.97727161908,131.97,null,null,null,null,null,null,null,null,-107350.87727161907,null,null,null,null,null,null,63920,107.84733794931071,6893601.8417199412,null,null,null,null,null,null,null,null,null,null,null,null,null,null,null,null,null,null,null,null,null,null,2369174,"2017-09-18",63920,107.84733794931071,6893601.8417199412]
[null,null,null,null,null,"SELL",3.9954999999999998,63920,107.84733794931071,6893601.8417199412,"2018-01-08",3164,74.128498735777498,234542.57,341228.97727161908,75.78,null,null,null,null,null,null,null,null,-106762.18727161907,null,null,null,null,null,null,60756,107.84733794931071,6552372.864448322,null,null,null,null,null,null,null,null,null,null,null,null,null,null,null,null,null,null,null,null,null,null,2369174,"2017-09-18",60756,107.84733794931071,6552372.864448322]
[null,null,null,null,null,"SELL",3.9285000000000001,60756,107.84733794931071,6552372.864448322,"2018-01-23",13104,81.234000305250305,1064490.3400000001,1413231.5164877677,237.49,null,null,null,null,null,null,null,null,-348978.66648776759,null,null,null,null,null,null,47652,107.84733794931071,5139141.3479605541,null,null,null,null,null,null,null,null,null,null,null,null,null,null,null,null,null,null,null,null,null,null,2369174,"2017-09-18",47652,107.84733794931071,5139141.3479605541]
[null,null,null,null,null,"SELL",3.8849999999999998,47652,107.84733794931071,5139141.3479605541,"2018-01-29",47652,88.47679992445228,4216096.47,5139141.3479605541,1362.23,null,null,null,null,null,null,null,null,-924407.10796055431,null,null,null,null,null,null,0,107.84733794931071,0,null,null,null,null,null,null,null,null,null,null,null,null,null,null,null,null,null,null,null,null,null,null,2369174,"2017-09-18",0,107.84733794931071,0,1]
[]
[null,9,212401,"B24CGK7","RECKITT BENCKISER GROUP PLC","SELL",4.2164999999999999,58259,95.602760088570008,5569721.2000000002,"2017-10-16",6200,93.677158064516135,580798.38,592737.11254913406,175.57000000000002,"",null,"","","","","","",-12114.30254913406,"","","","","","",52059,95.602760088570008,4976984.0874508657,null,null,null,null,null,null,null,null,null,null,null,null,null,null,null,null,null,null,null,null,null,null,"B24CGK7","2017-09-18",52059,95.602760088570008,4976984.0874508657]
[null,null,null,null,null,"SELL",3.9329999999999998,52059,95.602760088570008,4976984.0874508657,"2018-01-22",52059,96.272338500547448,5011841.67,4976984.0874508657,1504.95,"",null,"","","","","","",33352.632549134272,"","",33352.632549134272,131175.90381574509,"","",0,95.602760088570008,0,null,null,null,null,null,null,null,null,null,null,null,null,null,null,null,null,null,null,null,null,null,null,"B24CGK7","2017-09-18",0,95.602760088570008,0,1]
[]
[null,10,212401,2182348,"CELGENE CORP","SELL",3.9784999999999999,54655,135.02699844479005,7379900.6000000006,"2018-05-21",1782,75.770101010101016,135022.32,240618.11122861586,55.22,"",null,"","","","","","",-105651.01122861585,"","","","","","",52873,135.02699844479005,7139282.4887713846,null,null,null,null,null,null,null,null,null,null,null,null,null,null,null,null,null,null,null,null,null,null,2182348,"2017-12-18",52873,135.02699844479005,7139282.4887713846]
[null,null,null,null,null,"SELL",4.1924999999999999,52873,135.02699844479005,7139282.4887713846,"2018-11-13",3110,71.09639871382636,221109.8,419933.96516329708,96.17,"",null,"","","","","","",-198920.3351632971,"","","","","","",49763,135.02699844479005,6719348.5236080876,null,null,null,null,null,null,null,null,null,null,null,null,null,null,null,null,null,null,null,null,null,null,2182348,"2017-12-18",49763,135.02699844479005,6719348.5236080876]
[null,null,null,null,null,"SELL",4.1124999999999998,49763,135.02699844479005,6719348.5236080876,"2019-01-09",957,87.238296760710554,83487.05,129220.83751166408,39.370000000000005,null,null,null,null,null,null,null,null,-45773.157511664082,null,null,null,null,null,null,48806,135.02699844479005,6590127.6860964233,null,null,null,null,null,null,null,null,null,null,null,null,null,null,null,null,null,null,null,null,null,null,2182348,"2017-12-18",48806,135.02699844479005,6590127.6860964233]
[null,null,null,null,null,"SELL",4.0904999999999996,48806,135.02699844479005,6590127.6860964233,"2019-02-01",1479,89.693901284651787,132657.28,199704.9306998445,60.889999999999993,null,null,null,null,null,null,null,null,-67108.540699844496,null,null,null,null,null,null,47327,135.02699844479005,6390422.7553965785,null,null,null,null,null,null,null,null,null,null,null,null,null,null,null,null,null,null,null,null,null,null,2182348,"2017-12-18",47327,135.02699844479005,6390422.7553965785]
[null,null,null,null,null,"SELL",4.0785,47327,135.02699844479005,6390422.7553965785,"2019-02-12",976,89.703196721311485,87550.32,131786.35048211509,40.18,null,null,null,null,null,null,null,null,-44276.210482115079,null,null,null,null,null,null,46351,135.02699844479005,6258636.4049144639,null,null,null,null,null,null,null,null,null,null,null,null,null,null,null,null,null,null,null,null,null,null,2182348,"2017-12-18",46351,135.02699844479005,6258636.4049144639]
[null,null,null,null,null,"SELL",4.0715000000000003,46351,135.02699844479005,6258636.4049144639,"2019-02-14",1495,90.581397993311043,135419.19,201865.36267496113,61.559999999999995,null,null,null,null,null,null,null,null,-66507.732674961124,null,null,null,null,null,null,44856,135.02699844479005,6056771.042239503,null,null,null,null,null,null,null,null,null,null,null,null,null,null,null,null,null,null,null,null,null,null,2182348,"2017-12-18",44856,135.02699844479005,6056771.042239503]
[null,null,null,null,null,"SELL",4.0774999999999997,44856,135.02699844479005,6056771.042239503,"2019-02-21",1008,89.291001984126993,90005.33,136107.21443234838,31.419999999999998,null,null,null,null,null,null,null,null,-46133.304432348377,null,null,null,null,null,null,43848,135.02699844479005,5920663.8278071545,null,null,null,null,null,null,null,null,null,null,null,null,null,null,null,null,null,null,null,null,null,null,2182348,"2017-12-18",43848,135.02699844479005,5920663.8278071545]
[null,null,null,null,null,"SELL",4.0715000000000003,43848,135.02699844479005,5920663.8278071545,"2019-02-26",1008,89.943601190476187,90663.15,136107.21443234838,28.38,null,null,null,null,null,null,null,null,-45472.444432348384,null,null,null,null,null,null,42840,135.02699844479005,5784556.613374806,null,null,null,null,null,null,null,null,null,null,null,null,null,null,null,null,null,null,null,null,null,null,2182348,"2017-12-18",42840,135.02699844479005,5784556.613374806]
[null,null,null,null,null,"SELL",4.0625,42840,135.02699844479005,5784556.613374806,"2019-03-22",2580,88.598100775193799,228583.1,348369.65598755836,80.38000000000001,null,null,null,null,null,null,null,null,-119866.93598755836,null,null,null,null,null,null,40260,135.02699844479005,5436186.9573872471,null,null,null,null,null,null,null,null,null,null,null,null,null,null,null,null,null,null,null,null,null,null,2182348,"2017-12-18",40260,135.02699844479005,5436186.9573872471]
[null,null,null,null,null,"SELL",4.08,40260,135.02699844479005,5436186.9573872471,"2019-04-01",2425,93.799599999999998,227464.03,327440.4712286159,99.96,null,null,null,null,null,null,null,null,-100076.40122861591,null,null,null,null,null,null,37835,135.02699844479005,5108746.4861586317,null,null,null,null,null,null,null,null,null,null,null,null,null,null,null,null,null,null,null,null,null,null,2182348,"2017-12-18",37835,135.02699844479005,5108746.4861586317]
[null,null,null,null,null,"SELL",4.0839999999999996,37835,135.02699844479005,5108746.4861586317,"2019-04-02",1965,93.733597964376585,184186.52,265328.05194401246,81,null,null,null,null,null,null,null,null,-81222.531944012473,null,null,null,null,null,null,35870,135.02699844479005,4843418.434214619,null,null,null,null,null,null,null,null,null,null,null,null,null,null,null,null,null,null,null,null,null,null,2182348,"2017-12-18",35870,135.02699844479005,4843418.434214619]
[null,null,null,null,null,"SELL",4.0834999999999999,35870,135.02699844479005,4843418.434214619,"2019-04-04",1474,94.10059701492537,138704.28,199029.79570762053,60.77,null,null,null,null,null,null,null,null,-60386.285707620533,null,null,null,null,null,null,34396,135.02699844479005,4644388.6385069983,null,null,null,null,null,null,null,null,null,null,null,null,null,null,null,null,null,null,null,null,null,null,2182348,"2017-12-18",34396,135.02699844479005,4644388.6385069983]
[null,null,null,null,null,"SELL",4.1094999999999997,34396,135.02699844479005,4644388.6385069983,"2019-04-15",997,94.922597793380149,94637.83,134621.91744945568,31.87,null,null,null,null,null,null,null,null,-40015.95744945568,null,null,null,null,null,null,33399,135.02699844479005,4509766.7210575426,null,null,null,null,null,null,null,null,null,null,null,null,null,null,null,null,null,null,null,null,null,null,2182348,"2017-12-18",33399,135.02699844479005,4509766.7210575426]
[null,null,null,null,null,"SELL",4.1475,33399,135.02699844479005,4509766.7210575426,"2019-05-06",484,96.298099173553723,46608.28,65353.067247278384,20.329999999999998,null,null,null,null,null,null,null,null,-18765.117247278387,null,null,null,null,null,null,32915,135.02699844479005,4444413.6538102645,null,null,null,null,null,null,null,null,null,null,null,null,null,null,null,null,null,null,null,null,null,null,2182348,"2017-12-18",32915,135.02699844479005,4444413.6538102645]
[null,null,null,null,null,"SELL",4.1485000000000003,32915,135.02699844479005,4444413.6538102645,"2019-05-07",484,95.598904958677693,46269.87,65353.067247278384,15.48,null,null,null,null,null,null,null,null,-19098.677247278381,null,null,null,null,null,null,32431,135.02699844479005,4379060.5865629865,null,null,null,null,null,null,null,null,null,null,null,null,null,null,null,null,null,null,null,null,null,null,2182348,"2017-12-18",32431,135.02699844479005,4379060.5865629865]
[null,null,null,null,null,"SELL",4.1535000000000002,32431,135.02699844479005,4379060.5865629865,"2019-05-09",2420,95.287499999999994,230595.75,326765.33623639192,77.38,null,null,null,null,null,null,null,null,-96246.96623639192,null,null,null,null,null,null,30011,135.02699844479005,4052295.2503265943,null,null,null,null,null,null,null,null,null,null,null,null,null,null,null,null,null,null,null,null,null,null,2182348,"2017-12-18",30011,135.02699844479005,4052295.2503265943]
[null,null,null,null,null,"SELL",4.1660000000000004,30011,135.02699844479005,4052295.2503265943,"2019-05-13",953,94.36730325288562,89932.04,128680.72951788492,30.45,null,null,null,null,null,null,null,null,-38779.13951788492,null,null,null,null,null,null,29058,135.02699844479005,3923614.5208087093,null,null,null,null,null,null,null,null,null,null,null,null,null,null,null,null,null,null,null,null,null,null,2182348,"2017-12-18",29058,135.02699844479005,3923614.5208087093]
[null,null,null,null,null,"SELL",4.1760000000000002,29058,135.02699844479005,3923614.5208087093,"2019-05-17",953,95.51300104931795,91023.89,128680.72951788492,30.47,null,null,null,null,null,null,null,null,-37687.309517884918,null,null,null,null,null,null,28105,135.02699844479005,3794933.7912908243,null,null,null,null,null,null,null,null,null,null,null,null,null,null,null,null,null,null,null,null,null,null,2182348,"2017-12-18",28105,135.02699844479005,3794933.7912908243]
[null,null,null,null,null,"Corporate Action",4.1684999999999999,28105,135.02699844479005,3794933.7912908243,"","","","","N/A","",null,null,null,null,"Merger","2019-11-21",28105,2041915.59,"",null,null,null,null,null,null,28105,62.373890812696111,1753018.2012908242,"CELGENE Book Cost transferred to BRISTOL-MYERS SQUIBB CO from Merger",null,null,null,null,null,null,null,null,null,null,null,null,null,null,null,null,null,null,null,null,null,2182348,"2017-12-18",28105,62.373890812696111,1753018.2012908242]
[null,null,null,null,null,"Corporate Action",4.1684999999999999,28105,62.373890812696111,1753018.2012908242,"","","","","N/A","",null,null,null,null,"Merger","2019-11-21",28105,1405250,-347768.20129082422,null,null,null,null,null,null,0,0,0,"Entitlement of USD50 per CELGENE share net off with Cash Term Book Cost due to Merger",null,null,null,null,null,null,null,null,null,null,null,null,null,null,null,null,null,null,null,null,null,2182348,"2017-12-18",0,0,0,1]
[]
[null,11,212401,6667733,"PARK24 CO LTD","SELL",3.8635000000000002,121200,31.738258168316833,3846676.89,"2018-04-02",8400,26.831959523809523,225388.46,266601.36861386138,247.93,"",null,"","","","","","",-41460.838613861393,"","","","","","",112800,31.738258168316833,3580075.5213861386,null,null,null,null,null,null,null,null,null,null,null,null,null,null,null,null,null,null,null,null,null,null,6667733,"2018-03-19",112800,31.738258168316833,3580075.5213861386]
[null,null,null,null,null,"SELL",3.9735,112800,31.738258168316833,3580075.5213861386,"2018-06-05",8800,26.601213636363635,234090.68,279296.67188118811,234.08,"",null,"","","","","","",-45440.071881188123,"","","","","","",104000,31.738258168316833,3300778.8495049505,null,null,null,null,null,null,null,null,null,null,null,null,null,null,null,null,null,null,null,null,null,null,6667733,"2018-03-19",104000,31.738258168316833,3300778.8495049505]
[null,null,null,null,null,"SELL",4.0445000000000002,104000,31.738258168316833,3300778.8495049505,"2018-06-28",18800,27.097376063829785,509430.66999999993,596679.25356435648,560.37,null,null,null,null,null,null,null,null,-87808.953564356547,null,null,null,null,null,null,85200,31.738258168316833,2704099.5959405941,null,null,null,null,null,null,null,null,null,null,null,null,null,null,null,null,null,null,null,null,null,null,6667733,"2018-03-19",85200,31.738258168316833,2704099.5959405941]
[null,null,null,null,null,"SELL",4.04,85200,31.738258168316833,2704099.5959405941,"2018-07-02",42600,26.327676056338028,1121559,1352049.797970297,1233.71,null,null,null,null,null,null,null,null,-231724.50797029704,null,null,null,null,null,null,42600,31.738258168316833,1352049.797970297,null,null,null,null,null,null,null,null,null,null,null,null,null,null,null,null,null,null,null,null,null,null,6667733,"2018-03-19",42600,31.738258168316833,1352049.797970297]
[null,null,null,null,null,"SELL",4.0439999999999996,42600,31.738258168316833,1352049.797970297,"2018-07-04",17000,26.980491176470586,458668.35,539550.38886138611,458.67,null,null,null,null,null,null,null,null,-81340.708861386127,null,null,null,null,null,null,25600,31.738258168316833,812499.40910891094,null,null,null,null,null,null,null,null,null,null,null,null,null,null,null,null,null,null,null,null,null,null,6667733,"2018-03-19",25600,31.738258168316833,812499.40910891094]
[null,null,null,null,null,"SELL",4.0430000000000001,25600,31.738258168316833,812499.40910891094,"2018-07-05",25600,26.552914062499998,679754.6,812499.40910891094,747.73,null,null,null,null,null,null,null,null,-133492.53910891098,null,null,null,null,null,null,0,31.738258168316833,0,null,null,null,null,null,null,null,null,null,null,null,null,null,null,null,null,null,null,null,null,null,null,6667733,"2018-03-19",0,31.738258168316833,0,1]
[]
[null,12,212401,"B3CTNK6","SIGNET JEWELERS LTD","SELL",3.9175,30171,101.26808756753174,3055359.47,"2018-03-23",3480,39.568600574712647,137698.73000000001,352412.94473501045,142.38999999999999,"",null,"","","","","","",-214856.60473501045,"","","","","","",26691,101.26808756753174,2702946.5252649896,null,null,null,null,null,null,null,null,null,null,null,null,null,null,null,null,null,null,null,null,null,null,"B3CTNK6","2018-03-19",26691,101.26808756753174,2702946.5252649896]
[null,null,null,null,null,"SELL",3.8765000000000001,26691,101.26808756753174,2702946.5252649896,"2018-03-27",1213,38.296603462489692,46453.78,122838.19021941599,49.6,"",null,"","","","","","",-76434.010219415999,"","","","","","",25478,101.26808756753174,2580108.3350455738,null,null,null,null,null,null,null,null,null,null,null,null,null,null,null,null,null,null,null,null,null,null,"B3CTNK6","2018-03-19",25478,101.26808756753174,2580108.3350455738]
[null,null,null,null,null,"SELL",3.8675000000000002,25478,101.26808756753174,2580108.3350455738,"2018-04-04",2548,36.461899529042384,92904.92,258031.08712207087,104.07000000000001,null,null,null,null,null,null,null,null,-165230.23712207086,null,null,null,null,null,null,22930,101.26808756753174,2322077.2479235027,null,null,null,null,null,null,null,null,null,null,null,null,null,null,null,null,null,null,null,null,null,null,"B3CTNK7",null,22930,101.26808756753174,2322077.2479235027]
[null,null,null,null,null,"SELL",3.8664999999999998,22930,101.26808756753174,2322077.2479235027,"2018-04-05",1270,37.082299212598421,47094.52,128610.4712107653,51.89,null,null,null,null,null,null,null,null,-81567.841210765313,null,null,null,null,null,null,21660,101.26808756753174,2193466.7767127375,null,null,null,null,null,null,null,null,null,null,null,null,null,null,null,null,null,null,null,null,null,null,"B3CTNK8",null,21660,101.26808756753174,2193466.7767127375]
[null,null,null,null,null,"SELL",3.8675000000000002,21660,101.26808756753174,2193466.7767127375,"2018-04-09",2548,37.875600470957615,96507.03,258031.08712207087,104.15,null,null,null,null,null,null,null,null,-161628.20712207086,null,null,null,null,null,null,19112,101.26808756753174,1935435.6895906664,null,null,null,null,null,null,null,null,null,null,null,null,null,null,null,null,null,null,null,null,null,null,"B3CTNK9",null,19112,101.26808756753174,1935435.6895906664]
[null,null,null,null,null,"SELL",3.867,19112,101.26808756753174,1935435.6895906664,"2018-04-10",2389,38.041100879028882,90880.19,241929.46119883331,73.77,null,null,null,null,null,null,null,null,-151123.04119883329,null,null,null,null,null,null,16723,101.26808756753174,1693506.2283918331,null,null,null,null,null,null,null,null,null,null,null,null,null,null,null,null,null,null,null,null,null,null,"B3CTNK10",null,16723,101.26808756753174,1693506.2283918331]
[null,null,null,null,null,"SELL",3.8730000000000002,16723,101.26808756753174,1693506.2283918331,"2018-04-11",1200,37.882099999999994,45458.51999999999,121521.70508103809,49.06,null,null,null,null,null,null,null,null,-76112.245081038098,null,null,null,null,null,null,15523,101.26808756753174,1571984.5233107952,null,null,null,null,null,null,null,null,null,null,null,null,null,null,null,null,null,null,null,null,null,null,"B3CTNK11",null,15523,101.26808756753174,1571984.5233107952]
[null,null,null,null,null,"SELL",3.8774999999999999,15523,101.26808756753174,1571984.5233107952,"2018-04-12",2388,38.606201842546064,92191.61,241828.19311126578,97.649999999999991,null,null,null,null,null,null,null,null,-149734.23311126578,null,null,null,null,null,null,13135,101.26808756753174,1330156.3301995294,null,null,null,null,null,null,null,null,null,null,null,null,null,null,null,null,null,null,null,null,null,null,"B3CTNK12",null,13135,101.26808756753174,1330156.3301995294]
[null,null,null,null,null,"SELL",3.8885000000000001,13135,101.26808756753174,1330156.3301995294,"2018-04-16",1194,39.489999999999995,47151.05999999999,120914.09655563289,48.85,null,null,null,null,null,null,null,null,-73811.886555632896,null,null,null,null,null,null,11941,101.26808756753174,1209242.2336438964,null,null,null,null,null,null,null,null,null,null,null,null,null,null,null,null,null,null,null,null,null,null,"B3CTNK13",null,11941,101.26808756753174,1209242.2336438964]
[null,null,null,null,null,"SELL",3.8965000000000001,11941,101.26808756753174,1209242.2336438964,"2018-04-23",2388,39.295900335008376,93838.61,241828.19311126578,97.69,null,null,null,null,null,null,null,null,-148087.27311126579,null,null,null,null,null,null,9553,101.26808756753174,967414.04053263064,null,null,null,null,null,null,null,null,null,null,null,null,null,null,null,null,null,null,null,null,null,null,"B3CTNK14",null,9553,101.26808756753174,967414.04053263064]
[null,null,null,null,null,"SELL",3.9175,9553,101.26808756753174,967414.04053263064,"2018-04-26",1194,40.162998324958124,47954.62,120914.09655563289,48.87,null,null,null,null,null,null,null,null,-73008.346555632888,null,null,null,null,null,null,8359,101.26808756753174,846499.94397699775,null,null,null,null,null,null,null,null,null,null,null,null,null,null,null,null,null,null,null,null,null,null,"B3CTNK15",null,8359,101.26808756753174,846499.94397699775]
[null,null,null,null,null,"SELL",3.9279999999999999,8359,101.26808756753174,846499.94397699775,"2018-05-02",1194,38.495896147403684,45964.1,120914.09655563289,14.85,null,null,null,null,null,null,null,null,-74964.846555632888,null,null,null,null,null,null,7165,101.26808756753174,725585.84742136486,null,null,null,null,null,null,null,null,null,null,null,null,null,null,null,null,null,null,null,null,null,null,"B3CTNK16",null,7165,101.26808756753174,725585.84742136486]
[null,null,null,null,null,"SELL",3.9405000000000001,7165,101.26808756753174,725585.84742136486,"2018-05-04",2388,37.852298994974873,90391.29,241828.19311126578,97.61,null,null,null,null,null,null,null,null,-151534.51311126578,null,null,null,null,null,null,4777,101.26808756753174,483757.65431009908,null,null,null,null,null,null,null,null,null,null,null,null,null,null,null,null,null,null,null,null,null,null,"B3CTNK17",null,4777,101.26808756753174,483757.65431009908]
[null,null,null,null,null,"SELL",3.9445000000000001,4777,101.26808756753174,483757.65431009908,"2018-05-07",4777,37.111599330123504,177282.11,483757.65431009908,195.18,null,null,null,null,null,null,null,null,-306670.72431009909,null,null,null,null,null,null,0,101.26808756753174,0,null,null,null,null,null,null,null,null,null,null,null,null,null,null,null,null,null,null,null,null,null,null,"B3CTNK18",null,0,101.26808756753174,0,1]
[]
[null,13,212401,6496584,"KOMATSU LTD","SELL",4.0374999999999996,175200,36.084510273972604,6322006.2000000002,"2018-06-29",8300,28.488566265060243,236455.1,299501.43527397263,236.45,"",null,"","","","","","",-63282.785273972622,"","","","","","",166900,36.084510273972604,6022504.7647260278,null,null,null,null,null,null,null,null,null,null,null,null,null,null,null,null,null,null,null,null,null,null,6496584,"2018-06-18",166900,36.084510273972604,6022504.7647260278]
[null,null,null,null,null,"SELL",4.04,166900,36.084510273972604,6022504.7647260278,"2018-07-02",6400,28.250721875,180804.62,230940.86575342467,198.88,null,null,null,null,null,null,null,null,-50335.125753424676,null,null,null,null,null,null,160500,36.084510273972604,5791563.8989726026,null,null,null,null,null,null,null,null,null,null,null,null,null,null,null,null,null,null,null,null,null,null,6496584,"2018-06-18",160500,36.084510273972604,5791563.8989726026]
[null,null,null,null,null,"SELL",4.0475000000000003,160500,36.084510273972604,5791563.8989726026,"2018-07-03",8100,28.275637037037036,229032.66,292284.53321917809,229.03,null,null,null,null,null,null,null,null,-63480.903219178086,null,null,null,null,null,null,152400,36.084510273972604,5499279.3657534253,null,null,null,null,null,null,null,null,null,null,null,null,null,null,null,null,null,null,null,null,null,null,6496584,"2018-06-18",152400,36.084510273972604,5499279.3657534253]
[null,null,null,null,null,"SELL",4.0599999999999996,152400,36.084510273972604,5499279.3657534253,"2018-07-25",7600,30.716443421052631,233444.97,274242.27808219177,233.44,null,null,null,null,null,null,null,null,-41030.748082191771,null,null,null,null,null,null,144800,36.084510273972604,5225037.0876712333,null,null,null,null,null,null,null,null,null,null,null,null,null,null,null,null,null,null,null,null,null,null,6496584,"2018-06-18",144800,36.084510273972604,5225037.0876712333]
[null,null,null,null,null,"SELL",4.0644999999999998,144800,36.084510273972604,5225037.0876712333,"2018-07-30",4600,30.166876086956524,138767.63,165988.74726027399,138.76,null,null,null,null,null,null,null,null,-27359.877260273981,null,null,null,null,null,null,140200,36.084510273972604,5059048.340410959,null,null,null,null,null,null,null,null,null,null,null,null,null,null,null,null,null,null,null,null,null,null,6496584,"2018-06-18",140200,36.084510273972604,5059048.340410959]
[null,null,null,null,null,"SELL",4.0650000000000004,140200,36.084510273972604,5059048.340410959,"2018-07-31",7600,29.234765789473684,222184.22,274242.27808219177,222.18,null,null,null,null,null,null,null,null,-52280.238082191769,null,null,null,null,null,null,132600,36.084510273972604,4784806.062328767,null,null,null,null,null,null,null,null,null,null,null,null,null,null,null,null,null,null,null,null,null,null,6496584,"2018-06-18",132600,36.084510273972604,4784806.062328767]
[null,null,null,null,null,"SELL",4.0795000000000003,132600,36.084510273972604,4784806.062328767,"2018-08-06",3200,28.792881250000001,92137.22,115470.43287671234,92.14,null,null,null,null,null,null,null,null,-23425.352876712335,null,null,null,null,null,null,129400,36.084510273972604,4669335.6294520553,null,null,null,null,null,null,null,null,null,null,null,null,null,null,null,null,null,null,null,null,null,null,6496584,"2018-06-18",129400,36.084510273972604,4669335.6294520553]
[null,null,null,null,null,"SELL",4.0865,129400,36.084510273972604,4669335.6294520553,"2018-08-10",8100,28.59744938271605,231639.34,292284.53321917809,231.63,null,null,null,null,null,null,null,null,-60876.823219178092,null,null,null,null,null,null,121300,36.084510273972604,4377051.0962328771,null,null,null,null,null,null,null,null,null,null,null,null,null,null,null,null,null,null,null,null,null,null,6496584,"2018-06-18",121300,36.084510273972604,4377051.0962328771]
[null,null,null,null,null,"SELL",4.1360000000000001,121300,36.084510273972604,4377051.0962328771,"2018-09-25",3000,30.612206666666665,91836.62,108253.53082191781,91.83,null,null,null,null,null,null,null,null,-16508.740821917818,null,null,null,null,null,null,118300,36.084510273972604,4268797.5654109595,null,null,null,null,null,null,null,null,null,null,null,null,null,null,null,null,null,null,null,null,null,null,6496584,"2018-06-18",118300,36.084510273972604,4268797.5654109595]
[null,null,null,null,null,"Dividend",4.1875,118300,36.084510273972604,4268797.5654109595,null,null,null,null,null,null,"2018-09-26","2018-11-29",0.3826125105663567,45263.06,null,null,null,null,null,45263.06,45263.06,null,null,null,null,118300,35.701897763406258,4223534.5054109599,null,null,null,null,null,null,null,null,null,null,null,null,null,null,null,null,null,null,null,null,null,null,6496584,"2018-06-18",118300,35.701897763406258,4223534.5054109599]
[null,null,null,null,null,"SELL",4.1159999999999997,118300,35.701897763406258,4223534.5054109599,"2019-01-07",1900,22.557784210526318,42859.79,67833.605750471892,42.85,null,null,null,null,null,null,null,null,-25016.66575047189,null,"",null,null,null,null,116400,35.701897763406258,4155700.8996604886,null,null,null,null,null,null,null,null,null,null,null,null,null,null,null,null,null,null,null,null,null,null,6496584,"2018-06-18",116400,35.701897763406258,4155700.8996604886]
[null,null,null,null,null,"SELL",4.0994999999999999,116400,35.701897763406258,4155700.8996604886,"2019-02-04",9000,24.92589222222222,224333.02999999997,321317.07987065631,224.33,null,null,null,null,null,null,null,null,-97208.379870656339,null,null,null,null,null,null,107400,35.701897763406258,3834383.819789832,null,null,null,null,null,null,null,null,null,null,null,null,null,null,null,null,null,null,null,null,null,null,6496584,"2018-06-18",107400,35.701897763406258,3834383.819789832]
[null,null,null,null,null,"SELL",4.0910000000000002,107400,35.701897763406258,3834383.819789832,"2019-02-15",3600,24.263061111111114,87347.02,128526.83194826252,87.34,null,null,null,null,null,null,null,null,-41267.151948262515,null,null,null,null,null,null,103800,35.701897763406258,3705856.9878415694,null,null,null,null,null,null,null,null,null,null,null,null,null,null,null,null,null,null,null,null,null,null,6496584,"2018-06-18",103800,35.701897763406258,3705856.9878415694,1]
[]
[null,14,212401,"B12T3J1","UNILEVER NV-CVA","SELL",4.1429999999999998,136655,57.102245947824812,7803307.4199999999,"2018-10-02",6054,55.007993062438061,333018.39,345696.9969681314,499.53,"",null,"","","","","","",-13178.136968131383,"","","","","","",130601,57.102245947824812,7457610.4230318684,null,null,null,null,null,null,null,null,null,null,null,null,null,null,null,null,null,null,null,null,null,null,"B12T3J1","2018-09-24",130601,57.102245947824812,7457610.4230318684]
[null,null,null,null,null,"Dividend",4.1544999999999996,130601,57.102245947824812,7457610.4230318684,"","","","","N/A","","2018-11-01","2018-12-05",0.37325495210603288,48747.47,null,null,null,null,"",48747.47,48747.47,null,null,"",null,130601,56.728990995718782,7408862.9530318687,null,null,null,null,null,null,null,null,null,null,null,null,null,null,null,null,null,null,null,null,null,null,"B12T3J1","2018-09-24",130601,56.728990995718782,7408862.9530318687]
[null,null,null,null,null,"SELL",4.1109999999999998,130601,56.728990995718782,7408862.9530318687,"2019-01-29",8111,53.846038712859077,436745.22,460128.84596627502,655.12,null,null,null,null,null,null,null,null,-24038.745966275052,null,"",null,null,"",null,122490,56.728990995718782,6948734.1070655938,null,null,null,null,null,null,null,null,null,null,null,null,null,null,null,null,null,null,null,null,null,null,"B12T3J1","2018-09-24",122490,56.728990995718782,6948734.1070655938]
[null,null,null,null,null,"SELL",4.0765000000000002,122490,56.728990995718782,6948734.1070655938,"2019-03-18",122490,57.270131276022532,7015018.3799999999,6948734.1070655938,2104.5,null,null,null,null,null,null,null,null,64179.772934406064,null,"",64179.772934406064,261628.84436710633,"",null,0,56.728990995718782,0,null,null,null,null,null,null,null,null,null,null,null,null,null,null,null,null,null,null,null,null,null,null,"B12T3J1","2018-09-24",0,56.728990995718782,0]
[null,null,null,null,null,"Dividend",4.0715000000000003,0,56.728990995718782,0,"","","","","N/A","","2019-02-14","2019-03-20",0.37361702996162949,45764.35,null,null,null,null,"",45764.35,null,null,null,45764.35,186329.55102500002,0,0,0,null,null,null,null,null,null,null,null,null,null,null,null,null,null,null,null,null,null,null,null,null,null,"B12T3J1","2018-09-24",0,0,0,1]
[]
[null,15,212401,"BPF0548","AMS AG","SELL",4.1360000000000001,44783,116.01932117098005,5195693.26,"2018-09-25",743,65.20987886944819,48450.94,86202.355630038175,72.67,"",null,"","","","","","",-37824.085630038171,"","","","","","",44040,116.01932117098005,5109490.9043699615,null,null,null,null,null,null,null,null,null,null,null,null,null,null,null,null,null,null,null,null,null,null,"BPF0548","2018-09-24",44040,116.01932117098005,5109490.9043699615]
[null,null,null,null,null,"SELL",4.141,44040,116.01932117098005,5109490.9043699615,"2018-09-26",759,62.464268774703555,47410.38,88058.664768773859,71.12,null,null,null,null,null,null,null,null,-40719.404768773864,null,null,null,null,null,null,43281,116.01932117098005,5021432.2396011874,null,null,null,null,null,null,null,null,null,null,null,null,null,null,null,null,null,null,null,null,null,null,"BPF0548","2018-09-24",43281,116.01932117098005,5021432.2396011874]
[null,null,null,null,null,"SELL",4.1390000000000002,43281,116.01932117098005,5021432.2396011874,"2018-10-03",1250,57.011031999999993,71263.789999999994,145024.15146372505,106.9,null,null,null,null,null,null,null,null,-73867.261463725052,null,null,null,null,null,null,42031,116.01932117098005,4876408.0881374627,null,null,null,null,null,null,null,null,null,null,null,null,null,null,null,null,null,null,null,null,null,null,"BPF0548","2018-09-24",42031,116.01932117098005,4876408.0881374627]
[null,null,null,null,null,"SELL",4.1470000000000002,42031,116.01932117098005,4876408.0881374627,"2018-10-04",858,54.795361305361304,47014.42,99544.577564700885,14.11,null,null,null,null,null,null,null,null,-52544.267564700887,null,null,null,null,null,null,41173,116.01932117098005,4776863.5105727613,null,null,null,null,null,null,null,null,null,null,null,null,null,null,null,null,null,null,null,null,null,null,"BPF0548","2018-09-24",41173,116.01932117098005,4776863.5105727613]
[null,null,null,null,null,"SELL",4.1464999999999996,41173,116.01932117098005,4776863.5105727613,"2018-10-05",2628,52.723249619482502,138556.70000000001,304898.77603733557,41.57,null,null,null,null,null,null,null,null,-166383.64603733557,null,null,null,null,null,null,38545,116.01932117098005,4471964.7345354259,null,null,null,null,null,null,null,null,null,null,null,null,null,null,null,null,null,null,null,null,null,null,"BPF0548","2018-09-24",38545,116.01932117098005,4471964.7345354259]
[null,null,null,null,null,"SELL",4.1550000000000002,38545,116.01932117098005,4471964.7345354259,"2018-10-08",3585,50.301765690376563,180331.83,415929.26639796345,270.49,null,null,null,null,null,null,null,null,-235867.92639796346,null,null,null,null,null,null,34960,116.01932117098005,4056035.4681374626,null,null,null,null,null,null,null,null,null,null,null,null,null,null,null,null,null,null,null,null,null,null,"BPF0548","2018-09-24",34960,116.01932117098005,4056035.4681374626]
[null,null,null,null,null,"SELL",4.1544999999999996,34960,116.01932117098005,4056035.4681374626,"2018-10-09",945,49.830656084656084,47089.97,109638.25850657615,70.64,null,null,null,null,null,null,null,null,-62618.928506576151,null,null,null,null,null,null,34015,116.01932117098005,3946397.2096308866,null,null,null,null,null,null,null,null,null,null,null,null,null,null,null,null,null,null,null,null,null,null,"BPF0548","2018-09-24",34015,116.01932117098005,3946397.2096308866]
[null,null,null,null,null,"SELL",4.1589999999999998,34015,116.01932117098005,3946397.2096308866,"2018-10-12",1845,50.172460704607047,92568.19,214055.64756045819,138.86000000000001,null,null,null,null,null,null,null,null,-121626.31756045819,null,null,null,null,null,null,32170,116.01932117098005,3732341.5620704284,null,null,null,null,null,null,null,null,null,null,null,null,null,null,null,null,null,null,null,null,null,null,"BPF0548","2018-09-24",32170,116.01932117098005,3732341.5620704284]
[null,null,null,null,null,"SELL",4.07,32170,116.01932117098005,3732341.5620704284,"2019-02-25",476,32.424348739495798,15433.99,55225.196877386501,4.63,null,null,null,null,null,null,null,null,-39795.8368773865,null,null,null,null,null,null,31694,116.01932117098005,3677116.3651930415,null,null,null,null,null,null,null,null,null,null,null,null,null,null,null,null,null,null,null,null,null,null,"BPF0548","2018-09-24",31694,116.01932117098005,3677116.3651930415]
[null,null,null,null,null,"SELL",4.0715000000000003,31694,116.01932117098005,3677116.3651930415,"2019-02-26",922,32.062744034707158,29561.85,106969.8141196436,44.34,null,null,null,null,null,null,null,null,-77452.30411964361,null,null,null,null,null,null,30772,116.01932117098005,3570146.551073398,null,null,null,null,null,null,null,null,null,null,null,null,null,null,null,null,null,null,null,null,null,null,"BPF0548","2018-09-24",30772,116.01932117098005,3570146.551073398]
[null,null,null,null,null,"SELL",4.1364999999999998,30772,116.01932117098005,3570146.551073398,"2019-04-30",2500,41.495387999999998,103738.47,290048.3029274501,31.12,null,null,null,null,null,null,null,null,-186340.9529274501,null,null,null,null,null,null,28272,116.01932117098005,3280098.2481459482,null,null,null,null,null,null,null,null,null,null,null,null,null,null,null,null,null,null,null,null,null,null,"BPF0548","2018-09-24",28272,116.01932117098005,3280098.2481459482]
[null,null,null,null,null,"SELL",4.1364999999999998,28272,116.01932117098005,3280098.2481459482,"2019-05-02",1064,45.954379699248122,48895.46,123444.55772592277,73.34,null,null,null,null,null,null,null,null,-74622.437725922762,null,null,null,null,null,null,27208,116.01932117098005,3156653.690420025,null,null,null,null,null,null,null,null,null,null,null,null,null,null,null,null,null,null,null,null,null,null,"BPF0548","2018-09-24",27208,116.01932117098005,3156653.690420025]
[null,null,null,null,null,"SELL",4.1859999999999999,27208,116.01932117098005,3156653.690420025,"2019-05-21",1040,37.781865384615386,39293.14,120660.09401781925,58.94,null,null,null,null,null,null,null,null,-81425.894017819257,null,null,null,null,null,null,26168,116.01932117098005,3035993.596402206,null,null,null,null,null,null,null,null,null,null,null,null,null,null,null,null,null,null,null,null,null,null,"BPF0548","2018-09-24",26168,116.01932117098005,3035993.596402206]
[null,null,null,null,null,"SELL",4.1375000000000002,26168,116.01932117098005,3035993.596402206,"2019-07-02",1190,40.484151260504198,48176.14,138062.99219346626,72.260000000000005,null,null,null,null,null,null,null,null,-89959.112193466251,null,null,null,null,null,null,24978,116.01932117098005,2897930.6042087395,null,null,null,null,null,null,null,null,null,null,null,null,null,null,null,null,null,null,null,null,null,null,"BPF0548","2018-09-24",24978,116.01932117098005,2897930.6042087395]
[null,null,null,null,null,"SELL",4.1150000000000002,24978,116.01932117098005,2897930.6042087395,"2019-07-17",1100,42.154372727272722,46369.81,127621.25328807805,13.91,null,null,null,null,null,null,null,null,-81265.353288078055,null,null,null,null,null,null,23878,116.01932117098005,2770309.3509206618,null,null,null,null,null,null,null,null,null,null,null,null,null,null,null,null,null,null,null,null,null,null,"BPF0548","2018-09-24",23878,116.01932117098005,2770309.3509206618]
[null,null,null,null,null,"SELL",4.1105,23878,116.01932117098005,2770309.3509206618,"2019-07-19",1000,43.16574,43165.74,116019.32117098005,64.75,null,null,null,null,null,null,null,null,-72918.331170980062,null,null,null,null,null,null,22878,116.01932117098005,2654290.0297496817,null,null,null,null,null,null,null,null,null,null,null,null,null,null,null,null,null,null,null,null,null,null,"BPF0548","2018-09-24",22878,116.01932117098005,2654290.0297496817]
[null,null,null,null,null,"SELL",4.1174999999999997,22878,116.01932117098005,2654290.0297496817,"2019-07-23",1000,48.020510000000002,48020.51,116019.32117098005,72.03,null,null,null,null,null,null,null,null,-68070.841170980042,null,null,null,null,null,null,21878,116.01932117098005,2538270.7085787016,null,null,null,null,null,null,null,null,null,null,null,null,null,null,null,null,null,null,null,null,null,null,"BPF0548","2018-09-24",21878,116.01932117098005,2538270.7085787016]
[null,null,null,null,null,"SELL",4.1014999999999997,21878,116.01932117098005,2538270.7085787016,"2020-01-03",1367,39.974345281638627,54644.93,158598.41204072972,16.39,null,null,null,null,null,null,null,null,-103969.87204072972,null,null,null,null,null,null,20511,116.01932117098005,2379672.2965379716,null,null,null,null,null,null,null,null,null,null,null,null,null,null,null,null,null,null,null,null,null,null,"BPF0548","2018-09-24",20511,116.01932117098005,2379672.2965379716]
[null,null,null,null,null,"SELL",4.0890000000000004,20511,116.01932117098005,2379672.2965379716,"2020-01-09",1367,44.358807607900509,60638.49,158598.41204072972,90.96,null,null,null,null,null,null,null,null,-98050.882040729732,null,null,null,null,null,null,19144,116.01932117098005,2221073.884497242,null,null,null,null,null,null,null,null,null,null,null,null,null,null,null,null,null,null,null,null,null,null,"BPF0548","2018-09-24",19144,116.01932117098005,2221073.884497242]
[null,null,null,null,null,"SELL",4.1124999999999998,19144,116.01932117098005,2221073.884497242,"2020-02-04",1472,42.386447010869567,62392.850000000006,170780.44076368262,62.39,null,null,null,null,null,null,null,null,-108449.98076368262,null,null,null,null,null,null,17672,116.01932117098005,2050293.4437335595,null,null,null,null,null,null,null,null,null,null,null,null,null,null,null,null,null,null,null,null,null,null,"BPF0548","2018-09-24",17672,116.01932117098005,2050293.4437335595]
[null,null,null,null,null,"SELL",4.1230000000000002,17672,116.01932117098005,2050293.4437335595,"2020-02-05",4078,43.937724374693481,179178.04,473126.79173525661,268.77,null,null,null,null,null,null,null,null,-294217.52173525665,null,null,null,null,null,null,13594,116.01932117098005,1577166.6519983029,null,null,null,null,null,null,null,null,null,null,null,null,null,null,null,null,null,null,null,null,null,null,"BPF0548","2018-09-24",13594,116.01932117098005,1577166.6519983029]
[null,null,null,null,null,"SELL",4.1219999999999999,13594,116.01932117098005,1577166.6519983029,"2020-02-06",13594,45.780456083566278,622339.52,1577166.6519983029,622.34,null,null,null,null,null,null,null,null,-955449.47199830285,null,null,null,null,null,null,0,116.01932117098005,0,null,null,null,null,null,null,null,null,null,null,null,null,null,null,null,null,null,null,null,null,null,null,"BPF0548","2018-09-24",0,116.01932117098005,0,1]
[]
[null,16,212401,3091357,"BT GROUP PLC","Dividend",4.0994999999999999,625651,4.175804641885013,2612596.35,"","","","","N/A","","2018-12-27","2019-02-04",6.0443474077400972E-2,37816.519999999997,"","","","","",37816.519999999997,37816.519999999997,"","","","",625651,4.1153611678076114,2574779.83,null,null,null,null,null,null,null,null,null,null,null,null,null,null,null,null,null,null,null,null,null,null,3091357,"2018-12-24",625651,4.1153611678076114,2574779.83]
[null,null,null,null,null,"Dividend",4.18,625651,4.1153611678076114,2574779.83,"","","","","N/A","","2019-08-08","2019-09-09",0.13305753527126146,83247.58,"","","","","",83247.58,83247.58,"","","","",625651,3.9823036325363503,2491532.25,null,null,null,null,null,null,null,null,null,null,null,null,null,null,null,null,null,null,null,null,null,null,3091357,"2018-12-24",625651,3.9823036325363503,2491532.25,1]
[]
[null,17,212401,6194468,"KOSE CORP","SELL",4.0674999999999999,18400,216.46000869565219,3982864.16,"2019-02-08",3700,150.90575675675677,558351.30000000005,800902.03217391309,558.34,"",null,"","","","","","",-243109.07217391304,"","","","","","",14700,216.46000869565219,3181962.1278260872,null,null,null,null,null,null,null,null,null,null,null,null,null,null,null,null,null,null,null,null,null,null,6194468,"2018-12-24",14700,216.46000869565219,3181962.1278260872]
[null,null,null,null,null,"SELL",4.0910000000000002,14700,216.46000869565219,3181962.1278260872,"2019-02-15",600,162.29930000000002,97379.580000000016,129876.00521739131,97.37,null,null,null,null,null,null,null,null,-32593.795217391296,null,null,null,null,null,null,14100,216.46000869565219,3052086.1226086961,null,null,null,null,null,null,null,null,null,null,null,null,null,null,null,null,null,null,null,null,null,null,6194468,"2018-12-24",14100,216.46000869565219,3052086.1226086961]
[null,null,null,null,null,"SELL",4.0670000000000002,14100,216.46000869565219,3052086.1226086961,"2019-02-27",500,165.31605999999999,82658.03,108230.00434782609,90.91,null,null,null,null,null,null,null,null,-25662.884347826093,null,null,null,null,null,null,13600,216.46000869565219,2943856.1182608698,null,null,null,null,null,null,null,null,null,null,null,null,null,null,null,null,null,null,null,null,null,null,6194468,"2018-12-24",13600,216.46000869565219,2943856.1182608698]
[null,null,null,null,null,"SELL",4.093,13600,216.46000869565219,2943856.1182608698,"2019-03-06",1400,166.09532857142855,232533.45999999996,303044.01217391307,232.53,null,null,null,null,null,null,null,null,-70743.082173913106,null,null,null,null,null,null,12200,216.46000869565219,2640812.1060869568,null,null,null,null,null,null,null,null,null,null,null,null,null,null,null,null,null,null,null,null,null,null,6194468,"2018-12-24",12200,216.46000869565219,2640812.1060869568]
[null,null,null,null,null,"SELL",4.1315,12200,216.46000869565219,2640812.1060869568,"2019-04-26",2000,185.711085,371422.17,432920.01739130437,371.42,null,null,null,null,null,null,null,null,-61869.267391304384,null,null,null,null,null,null,10200,216.46000869565219,2207892.0886956523,null,null,null,null,null,null,null,null,null,null,null,null,null,null,null,null,null,null,null,null,null,null,6194468,"2018-12-24",10200,216.46000869565219,2207892.0886956523]
[null,null,null,null,null,"SELL",4.1645000000000003,10200,216.46000869565219,2207892.0886956523,"2019-05-16",1300,164.02623076923078,213234.1,281398.01130434783,213.23,null,null,null,null,null,null,null,null,-68377.141304347824,null,null,null,null,null,null,8900,216.46000869565219,1926494.0773913045,null,null,null,null,null,null,null,null,null,null,null,null,null,null,null,null,null,null,null,null,null,null,6194468,"2018-12-24",8900,216.46000869565219,1926494.0773913045]
[null,null,null,null,null,"SELL",4.1859999999999999,8900,216.46000869565219,1926494.0773913045,"2019-05-21",800,164.48142500000003,131585.14000000001,173168.00695652174,131.59,null,null,null,null,null,null,null,null,-41714.456956521724,null,null,null,null,null,null,8100,216.46000869565219,1753326.0704347827,null,null,null,null,null,null,null,null,null,null,null,null,null,null,null,null,null,null,null,null,null,null,6194468,"2018-12-24",8100,216.46000869565219,1753326.0704347827]
[null,null,null,null,null,"SELL",4.16,8100,216.46000869565219,1753326.0704347827,"2019-06-12",600,163.80091666666667,98280.55,129876.00521739131,98.28,null,null,null,null,null,null,null,null,-31693.73521739131,null,null,null,null,null,null,7500,216.46000869565219,1623450.0652173914,null,null,null,null,null,null,null,null,null,null,null,null,null,null,null,null,null,null,null,null,null,null,6194468,"2018-12-24",7500,216.46000869565219,1623450.0652173914,1]
[]
[null,18,212401,6895675,"TOKYO ELECTRON","SELL",4.1574999999999998,9100,206.27016043956044,1877058.46,"2019-05-10",900,153.30302222222221,137972.72,185643.14439560441,137.97,"","","","","","","","",-47808.39439560441,"","","","","","",8200,206.27016043956044,1691415.3156043957,null,null,null,null,null,null,null,null,null,null,null,null,null,null,null,null,null,null,null,null,null,null,6895675,"2019-03-18",8200,206.27016043956044,1691415.3156043957]
[null,null,null,null,null,"SELL",4.1660000000000004,8200,206.27016043956044,1691415.3156043957,"2019-05-13",900,149.94347777777779,134949.13,185643.14439560441,134.94,"","","","","","","","",-50828.954395604407,"","","","","","",7300,206.27016043956044,1505772.1712087912,null,null,null,null,null,null,null,null,null,null,null,null,null,null,null,null,null,null,null,null,null,null,6895675,"2019-03-18",7300,206.27016043956044,1505772.1712087912]
[null,null,null,null,null,"Dividend",4.1870000000000003,7300,206.27016043956044,1505772.1712087912,"","","","","N/A","","2019-03-27","2019-05-28",2.6774714285714287,24364.99,"","","","","",24364.99,24364.99,"","","","",7300,202.93249057654674,1481407.1812087912,null,null,null,null,null,null,null,null,null,null,null,null,null,null,null,null,null,null,null,null,null,null,6895675,"2019-03-18",7300,202.93249057654674,1481407.1812087912]
[null,null,null,null,null,"SELL",4.1764999999999999,7300,202.93249057654674,1481407.1812087912,"2019-06-19",300,135.49493333333334,40648.480000000003,60879.747172964024,40.64,"","","","","","","","",-20271.90717296402,"","","","","","",7000,202.93249057654674,1420527.4340358272,null,null,null,null,null,null,null,null,null,null,null,null,null,null,null,null,null,null,null,null,null,null,6895675,"2019-03-18",7000,202.93249057654674,1420527.4340358272]
[null,null,null,null,null,"SELL",4.1524999999999999,7000,202.93249057654674,1420527.4340358272,"2019-06-21",300,139.44596666666666,41833.79,60879.747172964024,41.83,"","","","","","","","",-19087.787172964025,"","","","","","",6700,202.93249057654674,1359647.6868628631,null,null,null,null,null,null,null,null,null,null,null,null,null,null,null,null,null,null,null,null,null,null,6895675,"2019-03-18",6700,202.93249057654674,1359647.6868628631,1]
[]
[null,19,212401,"BDZ78H9","BROADCOM INC","SELL",4.1334999999999997,34082,300.55308021829705,10243450.08,"2019-06-28",1300,287.91770000000002,374293.01,390719.00428378617,59.75,"","","","","","","","",-16485.74428378616,"","","","","","",32782,300.55308021829705,9852731.0757162143,null,null,null,null,null,null,null,null,null,null,null,null,null,null,null,null,null,null,null,null,null,null,"BDZ78H9","2019-06-24",32782,300.55308021829705,9852731.0757162143]
[null,null,null,null,null,"SELL",4.1375000000000002,32782,300.55308021829705,9852731.0757162143,"2019-07-02",16391,295.7668000732109,4847913.62,4926365.5378581071,756,"","","","","","","","",-79207.917858107015,"","","","","","",16391,300.55308021829705,4926365.5378581071,null,null,null,null,null,null,null,null,null,null,null,null,null,null,null,null,null,null,null,null,null,null,"BDZ78H9","2019-06-24",16391,300.55308021829705,4926365.5378581071]
[null,null,null,null,null,"SELL",4.1375000000000002,16391,300.55308021829705,4926365.5378581071,"2019-07-24",16391,303.13109999389911,4968621.8600000003,4926365.5378581071,758.5,"","","","","","","","",41497.822141893208,"","",41497.822141893208,171697.23911208316,"","",0,300.55308021829705,0,null,null,null,null,null,null,null,null,null,null,null,null,null,null,null,null,null,null,null,null,null,null,"BDZ78H9","2019-06-24",0,300.55308021829705,0,1]
[]
[null,20,212401,2126335,"BRISTOL-MYERS SQUIBB CO","Dividend",4.1645000000000003,108062,60.746249375358595,6564361.2000000002,"","","","","N/A","","2019-10-03","2019-11-01",0.28699996298421276,31013.79,"","","","","",31013.79,31013.79,"","","","",108062,60.459249412374376,6533347.4100000001,null,null,null,null,null,null,null,null,null,null,null,null,null,null,null,null,null,null,null,null,null,null,2126335,"2019-09-23",108062,60.459249412374376,6533347.4100000001]
[null,null,null,null,null,"Corporate Action",4.1684999999999999,108062,60.459249412374376,6533347.4100000001,"","","","","N/A","","","","","","Merger","2019-11-21",28105,2041915.59,"","","","","","","",136167,62.976073497984096,8575263,"Shares received from Merger event with CELGENE CORP",null,null,null,null,null,null,null,null,null,null,null,null,null,null,null,null,null,null,null,null,null,2126335,"2019-09-23",136167,62.976073497984096,8575263]
[null,null,null,null,null,"SELL",4.1429999999999998,136167,62.976073497984096,8575263,"2019-12-16",136167,63.812399994124867,8689143.0700000003,8575263,1917.6999999999998,"","","","","","","","",111962.3700000003,"","",111962.3700000003,463860.09891000122,"","",0,62.976073497984096,0,null,null,null,null,null,null,null,null,null,null,null,null,null,null,null,null,null,null,null,null,null,null,2126335,"2019-09-23",0,62.976073497984096,0,1]
[]
[null,21,212401,2459020,"INTUIT INC","Dividend",4.1855000000000002,24213,279.10829430471233,6758049.1299999999,"","","","","N/A","","2019-10-09","2019-10-18",0.37099987609961593,8983.02,"","","","","",8983.02,8983.02,"","","","",24213,278.73729442861276,6749066.1100000003,null,null,null,null,null,null,null,null,null,null,null,null,null,null,null,null,null,null,null,null,null,null,2459020,"2019-09-23",24213,278.73729442861276,6749066.1100000003]
[null,null,null,null,null,"Dividend",4.0724999999999998,24213,278.73729442861276,6749066.1100000003,"","","","","N/A","","2020-01-09","2020-01-21",0.37099987609961593,8983.02,"","","","","",8983.02,8983.02,"","","","",24213,278.36629455251312,6740083.0900000008,null,null,null,null,null,null,null,null,null,null,null,null,null,null,null,null,null,null,null,null,null,null,2459020,"2019-09-23",24213,278.36629455251312,6740083.0900000008]
[null,null,null,null,null,"SELL",4.0724999999999998,24213,278.36629455251312,6740083.0899999999,"2020-01-21",24213,283.95879981827943,6875494.4199999999,6740083.0899999999,868.72,"","","","","","","","",134542.61000000007,"","",134542.61000000007,547924.7792250003,"","",0,278.36629455251312,0,null,null,null,null,null,null,null,null,null,null,null,null,null,null,null,null,null,null,null,null,null,null,2459020,"2019-09-23",0,278.36629455251312,0,1]
[]
[null,22,212401,2595708,"3M CO","SELL",4.1929999999999996,21924,197.74895137748584,4335448.01,"2019-10-02",982,155.66149694501019,152859.59,194189.4702526911,32.630000000000003,"","","","","","","","",-41362.5102526911,"","","","","","",20942,197.74895137748584,4141258.5397473085,null,null,null,null,null,null,null,null,null,null,null,null,null,null,null,null,null,null,null,null,null,null,2595708,"2019-09-23",20942,197.74895137748584,4141258.5397473085]
[null,null,null,null,null,"Dividend",4.1585000000000001,20942,197.74895137748584,4141258.5397473085,"","","","","N/A","","2019-11-21","2019-12-12",1.0080001910037246,21109.54,"","","","","",21109.54,21109.54,"","","","",20942,196.74095118648211,4120148.9997473084,null,null,null,null,null,null,null,null,null,null,null,null,null,null,null,null,null,null,null,null,null,null,2595708,"2019-09-23",20942,196.74095118648211,4120148.9997473084,1]
[]
[null,23,212401,6185495,"CSL LTD","SELL",4.1805000000000003,11615,162.84192595781317,1891408.97,"2019-09-24",306,161.92816993464052,49550.02,49829.629343090834,49.55,"","","","","","","","",-329.15934309083678,"","","","","","",11309,162.84192595781317,1841579.3406569092,null,null,null,null,null,null,null,null,null,null,null,null,null,null,null,null,null,null,null,null,null,null,6185495,"2019-09-23",11309,162.84192595781317,1841579.3406569092]
[null,null,null,null,null,"SELL",4.1955,11309,162.84192595781317,1841579.3406569092,"2019-10-07",2309,161.22867475097445,372277.01,376002.0070365906,744.56,"","","","","","","","",-4469.5570365905896,"","","","","","",9000,162.84192595781317,1465577.3336203187,null,null,null,null,null,null,null,null,null,null,null,null,null,null,null,null,null,null,null,null,null,null,6185495,"2019-09-23",9000,162.84192595781317,1465577.3336203187]
[null,null,null,null,null,"SELL",4.1914999999999996,9000,162.84192595781317,1465577.3336203187,"2019-10-08",1000,161.90995999999998,161909.96,162841.92595781316,161.91,"","","","","","","","",-1093.8759578131687,"","","","","","",8000,162.84192595781317,1302735.4076625053,null,null,null,null,null,null,null,null,null,null,null,null,null,null,null,null,null,null,null,null,null,null,6185495,"2019-09-23",8000,162.84192595781317,1302735.4076625053]
[null,null,null,null,null,"SELL",4.1974999999999998,8000,162.84192595781317,1302735.4076625053,"2019-10-09",363,161.04468319559228,58459.22,59111.619122686185,116.92,"","","","","","","","",-769.3191226861835,"","","","","","",7637,162.84192595781317,1243623.7885398192,null,null,null,null,null,null,null,null,null,null,null,null,null,null,null,null,null,null,null,null,null,null,6185495,"2019-09-23",7637,162.84192595781317,1243623.7885398192]
[null,null,null,null,null,"SELL",4.194,7637,162.84192595781317,1243623.7885398192,"2019-10-10",758,161.79532981530343,122640.86,123434.17987602239,245.28,"","","","","","","","",-1038.5998760223895,"","","","","","",6879,162.84192595781317,1120189.6086637969,null,null,null,null,null,null,null,null,null,null,null,null,null,null,null,null,null,null,null,null,null,null,6185495,"2019-09-23",6879,162.84192595781317,1120189.6086637969]
[null,null,null,null,null,"SELL",4.1875,6879,162.84192595781317,1120189.6086637969,"2019-10-11",6879,166.12611426079371,1142781.54,1120189.6086637969,2285.56,"","","","","","","","",20306.371336203123,"","",20306.371336203123,85032.929970350582,"","",0,162.84192595781317,0,null,null,null,null,null,null,null,null,null,null,null,null,null,null,null,null,null,null,null,null,null,null,6185495,"2019-09-23",0,162.84192595781317,0,1]
[]
[null,24,212401,"BKM7ZR0","BRISTOL-MYERS SQUIBB-CVR","SELL",4.1384999999999996,28105,0,0,"2019-12-18",28105,2.6605998932574275,74776.160000000003,0,16.510000000000002,"","","","","","","","",74759.650000000009,"","",74759.650000000009,309392.81152500003,"","",0,0,0,null,null,null,null,null,null,null,null,null,null,null,null,null,null,null,null,null,null,null,null,null,null,"BKM7ZR0","00:00:00",0,0,0,1]
[]
[null,25,212401,3091357,"BT GROUP PLC","SELL",4.2519999999999998,556135,4.1757971535688281,2322306.9500000002,"2020-07-23",556135,1.4359227525690705,798566.9,2322306.9500000002,240.84,"","","","","","","","",-1523980.8900000004,"","","","","","",0,4.1757971535688281,0,null,null,null,null,null,null,null,null,null,null,null,null,null,null,null,null,null,null,null,null,null,null,3091357,"2018-12-24",0,4.1757971535688281,0,1]
[]
[null,26,212401,"B06CMQ9","GMO PAYMENT GATEWAY INC","SELL",4.444,17500,69.832205142857148,1222063.5900000001,"2020-03-23",17500,66.05746114285715,1156005.57,1222063.5900000001,1156.01,"","","","","","","","",-67214.030000000013,"","","","","","",0,69.832205142857148,0,null,null,null,null,null,null,null,null,null,null,null,null,null,null,null,null,null,null,null,null,null,null,"B06CMQ9","2020-03-23",0,69.832205142857148,0,1]
[]
[null,27,212401,"BH4HKS3","VODAFONE GROUP PLC","Dividend",4.1905000000000001,2504866,3.1131983227845321,7798144.6299999999,"","","","","N/A","","2020-06-11","2020-08-07",5.3244165556161488E-2,133369.5,"","","","","",133369.5,133369.5,"","","","",2504866,3.0599541572283706,7664775.1299999999,null,null,null,null,null,null,null,null,null,null,null,null,null,null,null,null,null,null,null,null,null,null,"BH4HKS3","2020-03-23",2504866,3.0599541572283706,7664775.1299999999]
[null,null,null,null,null,"SELL",4.1755000000000004,2504866,3.0599541572283706,7664775.1299999999,"2020-08-20",40401,1.5191309621048985,61374.41,123625.20790618339,93.37,"","","","","","","","",-62344.167906183393,"","","","","","",2464465,3.0599541572283706,7541149.9220938161,null,null,null,null,null,null,null,null,null,null,null,null,null,null,null,null,null,null,null,null,null,null,"BH4HKS3","2020-03-23",2464465,3.0599541572283706,7541149.9220938161]
[null,null,null,null,null,"Dividend",4.0705,2464465,3.0599541572283706,7541149.9220938161,"","","","","N/A","","2020-12-17","2021-02-05",5.4640800335975556E-2,134660.34,"","","","","",134660.34,134660.34,"","","","",2464465,3.0053133568923949,7406489.5820938163,null,null,null,null,null,null,null,null,null,null,null,null,null,null,null,null,null,null,null,null,null,null,"BH4HKS3","2020-03-23",2464465,3.0053133568923949,7406489.5820938163,1]
[]
[null,28,212401,"B92SR70","ABBVIE INC","Corporate Action",4.3339999999999996,0,0,0,"","","","","N/A","","","","","","Merger","2020-05-11",17843,1958115.89,"","","","","","","",17843,109.74140503278596,1958115.89,null,null,null,null,null,null,null,null,null,null,null,null,null,null,null,null,null,null,null,null,null,null,"B92SR70","2020-05-11",17843,109.74140503278596,1958115.89]
[null,null,null,null,null,"Dividend",4.1935000000000002,17843,109.74140503278596,1958115.89,"","","","","N/A","","2020-07-14","2020-08-14",0.82600011208877433,14738.32,"","","","","",14738.32,14738.32,"","","","",17843,108.91540492069718,1943377.5699999998,null,null,null,null,null,null,null,null,null,null,null,null,null,null,null,null,null,null,null,null,null,null,"B92SR70","2020-05-11",17843,108.91540492069718,1943377.5699999998]
[null,null,null,null,null,"Dividend",4.1165000000000003,17843,108.91540492069718,1943377.5699999998,"","","","","N/A","","2020-10-14","2020-11-16",0.82600011208877433,14738.32,"","","","","",14738.32,14738.32,"","","","",17843,108.08940480860841,1928639.2499999998,null,null,null,null,null,null,null,null,null,null,null,null,null,null,null,null,null,null,null,null,null,null,"B92SR70","2020-05-11",17843,108.08940480860841,1928639.2499999998]
[null,null,null,null,null,"SELL",4.0434999999999999,17843,108.08940480860841,1928639.2499999998,"2021-01-13",17843,112.02160006725326,1998801.41,1928639.2499999998,579.46999999999991,"","","","","","","","",69582.690000000148,"","",69582.690000000148,281357.59701500059,"","",0,108.08940480860841,0,null,null,null,null,null,null,null,null,null,null,null,null,null,null,null,null,null,null,null,null,null,null,"B92SR70","2020-05-11",0,108.08940480860841,0,1]
[]
[null,29,212401,2595708,"3M CO","SELL",4.2430000000000003,20942,197.74832059975171,4141245.33,"2020-07-30",1939,152.28239814337289,295275.57,383433.99364291853,64.7,"","","","","","","","",-88223.123642918523,"","","","","","",19003,197.74832059975171,3757811.3363570818,null,null,null,null,null,null,null,null,null,null,null,null,null,null,null,null,null,null,null,null,null,null,2595708,"2019-09-23",19003,197.74832059975171,3757811.3363570818]
[null,null,null,null,null,"SELL",4.2244999999999999,19003,197.74832059975171,3757811.3363570818,"2020-08-03",808,150.31669554455445,121455.89,159780.64304459939,26.93,"","","","","","","","",-38351.683044599391,"","","","","","",18195,197.74832059975171,3598030.6933124824,null,null,null,null,null,null,null,null,null,null,null,null,null,null,null,null,null,null,null,null,null,null,2595708,"2019-09-23",18195,197.74832059975171,3598030.6933124824]
[null,null,null,null,null,"Dividend",4.1425000000000001,18195,197.74832059975171,3598030.6933124824,"","","","","N/A","","2020-08-21","2020-09-14",1.0289997251992307,18722.650000000001,"","","","","",18722.650000000001,18722.650000000001,"","","","",18195,196.71932087455249,3579308.0433124825,null,null,null,null,null,null,null,null,null,null,null,null,null,null,null,null,null,null,null,null,null,null,2595708,"2019-09-23",18195,196.71932087455249,3579308.0433124825]
[null,null,null,null,null,"Dividend",4.0514999999999999,18195,196.71932087455249,3579308.0433124825,"","","","","N/A","","2020-11-19","2020-12-12",1.0289997251992307,18722.650000000001,"","","","","",18722.650000000001,18722.650000000001,"","","","",18195,195.69032114935325,3560585.3933124826,null,null,null,null,null,null,null,null,null,null,null,null,null,null,null,null,null,null,null,null,null,null,2595708,"2019-09-23",18195,195.69032114935325,3560585.3933124826]
[null,null,null,null,null,"SELL",4.0345000000000004,18195,195.69032114935325,3560585.3933124826,"2020-12-17",1213,176.53600164880461,214138.16999999998,237372.35955416551,41.13,"","","","","","","","",-23275.319554165526,"","","","","","",16982,195.69032114935325,3323213.0337583171,null,null,null,null,null,null,null,null,null,null,null,null,null,null,null,null,null,null,null,null,null,null,2595708,"2019-09-23",16982,195.69032114935325,3323213.0337583171]
[null,null,null,null,null,"SELL",4.0065,16982,195.69032114935325,3323213.0337583171,"2021-01-04",6191,172.34780003230495,1067005.23,1211518.778235646,209.32,"","","","","","","","",-144722.86823564599,"","","","","","",10791,195.69032114935325,2111694.2555226712,null,null,null,null,null,null,null,null,null,null,null,null,null,null,null,null,null,null,null,null,null,null,2595708,"2019-09-23",10791,195.69032114935325,2111694.2555226712]
[null,null,null,null,null,"SELL",4.0170000000000003,10791,195.69032114935325,2111694.2555226712,"2021-01-05",2490,171.77210040160642,427712.52999999997,487268.89966188959,84.16,"","","","","","","","",-59640.529661889625,"","","","","","",8301,195.69032114935325,1624425.3558607814,null,null,null,null,null,null,null,null,null,null,null,null,null,null,null,null,null,null,null,null,null,null,2595708,"2019-09-23",8301,195.69032114935325,1624425.3558607814]
[null,null,null,null,null,"SELL",4.0434999999999999,8301,195.69032114935325,1624425.3558607814,"2021-01-13",1747,166.62800228963937,291099.12,341870.99104792014,58.849999999999994,"","","","","","","","",-50830.721047920139,"","","","","","",6554,195.69032114935325,1282554.3648128612,null,null,null,null,null,null,null,null,null,null,null,null,null,null,null,null,null,null,null,null,null,null,2595708,"2019-09-23",6554,195.69032114935325,1282554.3648128612]
[null,null,null,null,null,"SELL",4.0365000000000002,6554,195.69032114935325,1282554.3648128612,"2021-01-15",6554,164.86729935916998,1080540.28,1282554.3648128612,220.5,"","","","","","","","",-202234.59481286118,"","","","","","",0,195.69032114935325,0,null,null,null,null,null,null,null,null,null,null,null,null,null,null,null,null,null,null,null,null,null,null,2595708,"2019-09-23",0,195.69032114935325,0,1]
[]
[null,30,212401,"BDRXDB4","BOOKING HOLDINGS INC","SELL",4.2854999999999999,4246,2056.9624470089498,8733862.5500000007,"2020-07-01",585,1656.9696923076924,969327.27,1203323.0315002357,44.83,"","","","","","","","",-234040.59150023563,"","","","","","",3661,2056.9624470089498,7530539.5184997655,null,null,null,null,null,null,null,null,null,null,null,null,null,null,null,null,null,null,null,null,null,null,"BDRXDB4","2020-06-22",3661,2056.9624470089498,7530539.5184997655]
[null,null,null,null,null,"SELL",4.2859999999999996,3661,2056.9624470089498,7530539.5184997655,"2020-07-02",176,1677.7157954545453,295277.98,362025.39067357517,11.81,"","","","","","","","",-66759.220673575182,"","","","","","",3485,2056.9624470089498,7168514.1278261896,null,null,null,null,null,null,null,null,null,null,null,null,null,null,null,null,null,null,null,null,null,null,"BDRXDB4","2020-06-22",3485,2056.9624470089498,7168514.1278261896]
[null,null,null,null,null,"SELL",4.2830000000000004,3485,2056.9624470089498,7168514.1278261896,"2020-07-06",176,1704.8827272727272,300059.36,362025.39067357517,13.68,"","","","","","","","",-61979.71067357518,"","","","","","",3309,2056.9624470089498,6806488.7371526146,null,null,null,null,null,null,null,null,null,null,null,null,null,null,null,null,null,null,null,null,null,null,"BDRXDB4","2020-06-22",3309,2056.9624470089498,6806488.7371526146]
[null,null,null,null,null,"SELL",4.2744999999999997,3309,2056.9624470089498,6806488.7371526146,"2020-07-08",178,1650.9852247191011,293875.37,366139.31556759303,11.84,"","","","","","","","",-72275.785567593033,"","","","","","",3131,2056.9624470089498,6440349.4215850215,null,null,null,null,null,null,null,null,null,null,null,null,null,null,null,null,null,null,null,null,null,null,"BDRXDB4","2020-06-22",3131,2056.9624470089498,6440349.4215850215]
[null,null,null,null,null,"SELL",4.2685000000000004,3131,2056.9624470089498,6440349.4215850215,"2020-07-17",383,1730.3225065274153,662713.52,787816.61720442772,26.14,"","","","","","","","",-125129.2372044277,"","","","","","",2748,2056.9624470089498,5652532.8043805938,null,null,null,null,null,null,null,null,null,null,null,null,null,null,null,null,null,null,null,null,null,null,"BDRXDB4","2020-06-22",2748,2056.9624470089498,5652532.8043805938]
[null,null,null,null,null,"SELL",4.2625000000000002,2748,2056.9624470089498,5652532.8043805938,"2020-07-20",70,1716.9531428571429,120186.72,143987.37129062647,4.76,"","","","","","","","",-23805.411290626467,"","","","","","",2678,2056.9624470089498,5508545.4330899678,null,null,null,null,null,null,null,null,null,null,null,null,null,null,null,null,null,null,null,null,null,null,"BDRXDB4","2020-06-22",2678,2056.9624470089498,5508545.4330899678]
[null,null,null,null,null,"SELL",4.2525000000000004,2678,2056.9624470089498,5508545.4330899678,"2020-07-27",211,1692.9709004739336,357216.86,434019.0763188884,14.23,"","","","","","","","",-76816.446318888411,"","","","","","",2467,2056.9624470089498,5074526.3567710789,null,null,null,null,null,null,null,null,null,null,null,null,null,null,null,null,null,null,null,null,null,null,"BDRXDB4","2020-06-22",2467,2056.9624470089498,5074526.3567710789]
[null,null,null,null,null,"SELL",4.1900000000000004,2467,2056.9624470089498,5074526.3567710789,"2020-08-06",72,1731.6880555555554,124681.53999999998,148101.29618464439,4.91,"","","","","","","","",-23424.666184644415,"","","","","","",2395,2056.9624470089498,4926425.0605864348,null,null,null,null,null,null,null,null,null,null,null,null,null,null,null,null,null,null,null,null,null,null,"BDRXDB4","2020-06-22",2395,2056.9624470089498,4926425.0605864348]
[null,null,null,null,null,"SELL",4.1905000000000001,2395,2056.9624470089498,4926425.0605864348,"2020-08-07",176,1763.8911931818182,310444.84999999998,362025.39067357517,12.15,"","","","","","","","",-51592.690673575191,"","","","","","",2219,2056.9624470089498,4564399.6699128598,null,null,null,null,null,null,null,null,null,null,null,null,null,null,null,null,null,null,null,null,null,null,"BDRXDB4","2020-06-22",2219,2056.9624470089498,4564399.6699128598]
[null,null,null,null,null,"SELL",4.1924999999999999,2219,2056.9624470089498,4564399.6699128598,"2020-08-12",138,1817.4165217391305,250803.48,283860.81768723507,9.69,"","","","","","","","",-33067.027687235066,"","","","","","",2081,2056.9624470089498,4280538.852225624,null,null,null,null,null,null,null,null,null,null,null,null,null,null,null,null,null,null,null,null,null,null,"BDRXDB4","2020-06-22",2081,2056.9624470089498,4280538.852225624]
[null,null,null,null,null,"SELL",4.1825000000000001,2081,2056.9624470089498,4280538.852225624,"2020-08-18",107,1774.8472897196261,189908.66,220094.98182995763,7.41,"","","","","","","","",-30193.731829957625,"","","","","","",1974,2056.9624470089498,4060443.8703956669,null,null,null,null,null,null,null,null,null,null,null,null,null,null,null,null,null,null,null,null,null,null,"BDRXDB4","2020-06-22",1974,2056.9624470089498,4060443.8703956669]
[null,null,null,null,null,"SELL",4.1755000000000004,1974,2056.9624470089498,4060443.8703956669,"2020-08-20",179,1764.417877094972,315830.8,368196.27801460202,12.350000000000001,"","","","","","","","",-52377.828014602033,"","","","","","",1795,2056.9624470089498,3692247.5923810648,null,null,null,null,null,null,null,null,null,null,null,null,null,null,null,null,null,null,null,null,null,null,"BDRXDB4","2020-06-22",1795,2056.9624470089498,3692247.5923810648]
[null,null,null,null,null,"SELL",4.1755000000000004,1795,2056.9624470089498,3692247.5923810648,"2020-08-24",179,1823.3384916201119,326377.59000000003,368196.27801460202,14.379999999999999,"","","","","","","","",-41833.068014601995,"","","","","","",1616,2056.9624470089498,3324051.3143664626,null,null,null,null,null,null,null,null,null,null,null,null,null,null,null,null,null,null,null,null,null,null,"BDRXDB4","2020-06-22",1616,2056.9624470089498,3324051.3143664626]
[null,null,null,null,null,"SELL",4.1204999999999998,1616,2056.9624470089498,3324051.3143664626,"2020-11-10",400,2063.1667000000002,825266.68,822784.97880357993,30.24,"","","","","","","","",2451.4611964201231,"","",2451.4611964201231,10101.245859849118,"","",1216,2056.9624470089498,2501266.3355628829,null,null,null,null,null,null,null,null,null,null,null,null,null,null,null,null,null,null,null,null,null,null,"BDRXDB4","2020-06-22",1216,2056.9624470089498,2501266.3355628829]
[null,null,null,null,null,"SELL",4.1239999999999997,1216,2056.9624470089498,2501266.3355628829,"2020-11-13",797,2064.6153952321206,1645498.4700000002,1639399.0702661329,68.25,"","","","","","","","",6031.1497338672634,"","",6031.1497338672634,24872.461502468592,"","",419,2056.9624470089498,861867.26529675,null,null,null,null,null,null,null,null,null,null,null,null,null,null,null,null,null,null,null,null,null,null,"BDRXDB4","2020-06-22",419,2056.9624470089498,861867.26529675]
[null,null,null,null,null,"SELL",4.1165000000000003,419,2056.9624470089498,861867.26529675,"2020-11-16",419,2101.2731980906919,880433.47,861867.26529675,32.03,"","","","","","","","",18534.17470324997,"","",18534.17470324997,76295.930165928512,"","",0,2056.9624470089498,0,null,null,null,null,null,null,null,null,null,null,null,null,null,null,null,null,null,null,null,null,null,null,"BDRXDB4","2020-06-22",0,2056.9624470089498,0,1]
[]
[null,31,212401,"B4R28B3","FLEETCOR TECHNOLOGIES INC","SELL",4.0514999999999999,32789,284.14903992192501,9316962.8699999992,"2020-12-11",775,273.71709677419352,212130.74999999997,220215.50593949188,27.94,"","","","","","","","",-8112.6959394919077,"","","","","","",32014,284.14903992192501,9096747.3640605081,null,null,null,null,null,null,null,null,null,null,null,null,null,null,null,null,null,null,null,null,null,null,"B4R28B3","2020-09-21",32014,284.14903992192501,9096747.3640605081]
[null,null,null,null,null,"SELL",4.0345000000000004,32014,284.14903992192501,9096747.3640605081,"2020-12-17",2540,282.10320078740159,716542.13,721738.56140168954,92.04,"","","","","","","","",-5288.4714016895368,"","","","","","",29474,284.14903992192501,8375008.8026588177,null,null,null,null,null,null,null,null,null,null,null,null,null,null,null,null,null,null,null,null,null,null,"B4R28B3","2020-09-21",29474,284.14903992192501,8375008.8026588177]
[null,null,null,null,null,"SELL",4.0395000000000003,29474,284.14903992192501,8375008.8026588177,"2020-12-18",1525,279.50900327868851,426251.23,433327.28588093561,55.18,"","","","","","","","",-7131.2358809356301,"","","","","","",27949,284.14903992192501,7941681.5167778824,null,null,null,null,null,null,null,null,null,null,null,null,null,null,null,null,null,null,null,null,null,null,"B4R28B3","2020-09-21",27949,284.14903992192501,7941681.5167778824]
[null,null,null,null,null,"SELL",4.0369999999999999,27949,284.14903992192501,7941681.5167778824,"2020-12-30",263,270.68391634980986,71189.87,74731.197499466274,9.4699999999999989,"","","","","","","","",-3550.7974994662786,"","","","","","",27686,284.14903992192501,7866950.3192784162,null,null,null,null,null,null,null,null,null,null,null,null,null,null,null,null,null,null,null,null,null,null,"B4R28B3","2020-09-21",27686,284.14903992192501,7866950.3192784162]
[null,null,null,null,null,"SELL",4.0065,27686,284.14903992192501,7866950.3192784162,"2021-01-04",1318,264.06619878603948,348039.25000000006,374508.43461709714,47.24,"","","","","","","","",-26516.424617097084,"","","","","","",26368,284.14903992192501,7492441.8846613187,null,null,null,null,null,null,null,null,null,null,null,null,null,null,null,null,null,null,null,null,null,null,"B4R28B3","2020-09-21",26368,284.14903992192501,7492441.8846613187]
[null,null,null,null,null,"SELL",4.0445000000000002,26368,284.14903992192501,7492441.8846613187,"2021-01-25",9714,260.93710006176656,2534742.9900000002,2760223.7738015796,250.3,"","","","","","","","",-225731.08380157937,"","","","","","",16654,284.14903992192501,4732218.1108597387,null,null,null,null,null,null,null,null,null,null,null,null,null,null,null,null,null,null,null,null,null,null,"B4R28B3","2020-09-21",16654,284.14903992192501,4732218.1108597387]
[null,null,null,null,null,"SELL",4.03,16654,284.14903992192501,4732218.1108597387,"2021-02-16",1129,268.31720106288753,302930.12000000005,320804.26607185334,51.86,"","","","","","","","",-17926.006071853291,"","","","","","",15525,284.14903992192501,4411413.8447878854,null,null,null,null,null,null,null,null,null,null,null,null,null,null,null,null,null,null,null,null,null,null,"B4R28B3","2020-09-21",15525,284.14903992192501,4411413.8447878854]
[null,null,null,null,null,"SELL",4.0425000000000004,15525,284.14903992192501,4411413.8447878854,"2021-02-24",1052,288.82570342205327,303844.64,298924.7899978651,43.629999999999995,"","","","","","","","",4876.2200021349172,"","",4876.2200021349172,19712.119358630403,"","",14473,284.14903992192501,4112489.0547900205,null,null,null,null,null,null,null,null,null,null,null,null,null,null,null,null,null,null,null,null,null,null,"B4R28B3","2020-09-21",14473,284.14903992192501,4112489.0547900205]
[null,null,null,null,null,"SELL",4.0395000000000003,14473,284.14903992192501,4112489.0547900205,"2021-02-25",4106,288.59300048709207,1184962.8600000001,1166715.9579194242,129.23000000000002,"","","","","","","","",18117.672080575936,"","",18117.672080575936,73186.326369486502,"","",10367,284.14903992192501,2945773.0968705965,null,null,null,null,null,null,null,null,null,null,null,null,null,null,null,null,null,null,null,null,null,null,"B4R28B3","2020-09-21",10367,284.14903992192501,2945773.0968705965]
[null,null,null,null,null,"SELL",4.0585000000000004,10367,284.14903992192501,2945773.0968705965,"2021-03-02",1600,286.16470000000004,457863.52000000008,454638.46387507999,50.34,"","","","","","","","",3174.7161249200835,"","",3174.7161249200835,12884.58539298816,"","",8767,284.14903992192501,2491134.6329955165,null,null,null,null,null,null,null,null,null,null,null,null,null,null,null,null,null,null,null,null,null,null,"B4R28B3","2020-09-21",8767,284.14903992192501,2491134.6329955165]
[null,null,null,null,null,"SELL",4.1074999999999999,8767,284.14903992192501,2491134.6329955165,"2021-03-08",4874,287.98170086171524,1403622.81,1384942.4205794625,55.900000000000006,"","","","","","","","",18624.489420537509,"","",18624.489420537509,76500.090294857815,"","",3893,284.14903992192501,1106192.212416054,null,null,null,null,null,null,null,null,null,null,null,null,null,null,null,null,null,null,null,null,null,null,"B4R28B3","2020-09-21",3893,284.14903992192501,1106192.212416054]
[null,null,null,null,null,"SELL",4.1174999999999997,3893,284.14903992192501,1106192.212416054,"2021-03-09",2404,287.01250000000005,689978.05000000016,683094.29197230772,75.64,"","","","","","","","",6808.1180276924415,"","",6808.1180276924415,28032.425979023625,"","",1489,284.14903992192501,423097.92044374632,null,null,null,null,null,null,null,null,null,null,null,null,null,null,null,null,null,null,null,null,null,null,"B4R28B3","2020-09-21",1489,284.14903992192501,423097.92044374632]
[null,null,null,null,null,"SELL",4.1265000000000001,1489,284.14903992192501,423097.92044374632,"2021-03-10",1489,286,425854,423097.92044374632,46.85,"","","","","","","","",2709.2295562536806,"","",2709.2295562536806,11179.635763880813,"","",0,284.14903992192501,0,null,null,null,null,null,null,null,null,null,null,null,null,null,null,null,null,null,null,null,null,null,null,"B4R28B3","2020-09-21",0,284.14903992192501,0,1]
[]
[null,32,212401,"BF09HX3","TAPESTRY INC","SELL",4.0640000000000001,136967,30.278337847802756,4147133.1,"2020-12-09",200,30.2,6040,6055.6675695605509,6.14,"","","","","","","","",-21.807569560550874,"","","","","","",136767,30.278337847802756,4141077.4324304396,null,null,null,null,null,null,null,null,null,null,null,null,null,null,null,null,null,null,null,null,null,null,"BF09HX3","2020-09-21",136767,30.278337847802756,4141077.4324304396]
[null,null,null,null,null,"SELL",4.0514999999999999,136767,30.278337847802756,4141077.4324304396,"2020-12-16",5200,30.5169,158687.88,157447.35680857435,159.51,"","","","","","","","",1081.0131914256583,"","",1081.0131914256583,4379.7249450610543,"","",131567,30.278337847802756,3983630.0756218652,null,null,null,null,null,null,null,null,null,null,null,null,null,null,null,null,null,null,null,null,null,null,"BF09HX3","2020-09-21",131567,30.278337847802756,3983630.0756218652]
[null,null,null,null,null,"SELL",4.0609999999999999,131567,30.278337847802756,3983630.0756218652,"2020-12-22",35847,30.257200044634143,1084629.8500000001,1085387.5768301855,1099.3900000000001,"","","","","","","","",-1857.1168301853911,"","","","","","",95720,30.278337847802756,2898242.4987916797,null,null,null,null,null,null,null,null,null,null,null,null,null,null,null,null,null,null,null,null,null,null,"BF09HX3","2020-09-21",95720,30.278337847802756,2898242.4987916797]
[null,null,null,null,null,"SELL",4.0629999999999997,95720,30.278337847802756,2898242.4987916797,"2020-12-23",15571,30.407899942200242,473481.41,471463.9986281367,477.6,"","","","","","","","",1539.8113718632726,"","",1539.8113718632726,6256.2636038804767,"","",80149,30.278337847802756,2426778.500163543,null,null,null,null,null,null,null,null,null,null,null,null,null,null,null,null,null,null,null,null,null,null,"BF09HX3","2020-09-21",80149,30.278337847802756,2426778.500163543]
[null,null,null,null,null,"SELL",4.0605000000000002,80149,30.278337847802756,2426778.500163543,"2020-12-24",80149,30.625900011229081,2454635.2599999998,2426778.500163543,2458.7199999999998,"","","","","","","","",25398.039836456737,"","",25398.039836456737,103128.74075593258,"","",0,30.278337847802756,0,null,null,null,null,null,null,null,null,null,null,null,null,null,null,null,null,null,null,null,null,null,null,"BF09HX3","2020-09-21",0,30.278337847802756,0,1]
[]
[null,33,212401,"BH4HKS3","VODAFONE GROUP PLC","SELL",4.1280000000000001,2464465,3.1131983249914281,7672368.3099999996,"2021-06-07",95642,1.8297326488362855,174999.29,297752.51419883018,176.42,"","","","","","","","",-122929.68419883016,"","","","","","",2368823,3.1131983249914281,7374615.7958011702,null,null,null,null,null,null,null,null,null,null,null,null,null,null,null,null,null,null,null,null,null,null,"BH4HKS3","2020-03-23",2368823,3.1131983249914281,7374615.7958011702]
[null,null,null,null,null,"SELL",4.1814999999999998,2368823,3.1131983249914281,7374615.7958011702,"2021-07-08",99764,1.613064432059661,160925.76000000001,310585.11769444484,242.78,"","","","","","","","",-149902.04769444483,"","","","","","",2269059,3.1131983249914281,7064030.6781067252,null,null,null,null,null,null,null,null,null,null,null,null,null,null,null,null,null,null,null,null,null,null,"BH4HKS3","2020-03-23",2269059,3.1131983249914281,7064030.6781067252]
[null,null,null,null,null,"SELL",4.1905000000000001,2269059,3.1131983249914281,7064030.6781067252,"2021-07-09",87869,1.6395463701646769,144065.29999999999,273553.62361867179,145.44,"","","","","","","","",-129633.80361867179,"","","","","","",2181190,3.1131983249914281,6790477.0544880535,null,null,null,null,null,null,null,null,null,null,null,null,null,null,null,null,null,null,null,null,null,null,"BH4HKS3","2020-03-23",2181190,3.1131983249914281,6790477.0544880535]
[null,null,null,null,null,"SELL",4.1920000000000002,2181190,3.1131983249914281,6790477.0544880535,"2021-07-13",118968,1.6521236803173964,196549.85,370370.9783275802,197.92,"","","","","","","","",-174018.92832758022,"","","","","","",2062222,3.1131983249914281,6420106.0761604728,null,null,null,null,null,null,null,null,null,null,null,null,null,null,null,null,null,null,null,null,null,null,"BH4HKS3","2020-03-23",2062222,3.1131983249914281,6420106.0761604728]
[null,null,null,null,null,"SELL",4.2004999999999999,2062222,3.1131983249914281,6420106.0761604728,"2021-07-14",131392,1.6311962676570873,214326.14,409049.35431727371,215.72,"","","","","","","","",-194939.07431727371,"","","","","","",1930830,3.1131983249914281,6011056.7218431989,null,null,null,null,null,null,null,null,null,null,null,null,null,null,null,null,null,null,null,null,null,null,"BH4HKS3","2020-03-23",1930830,3.1131983249914281,6011056.7218431989]
[null,null,null,null,null,"SELL",4.2244999999999999,1930830,3.1131983249914281,6011056.7218431989,"2021-07-20",85140,1.5484440920836269,131834.53,265057.70538977021,133.20000000000002,"","","","","","","","",-133356.37538977023,"","","","","","",1845690,3.1131983249914281,5745999.0164534291,null,null,null,null,null,null,null,null,null,null,null,null,null,null,null,null,null,null,null,null,null,null,"BH4HKS3","2020-03-23",1845690,3.1131983249914281,5745999.0164534291]
[null,null,null,null,null,"SELL",4.2264999999999997,1845690,3.1131983249914281,5745999.0164534291,"2021-07-23",114908,1.6360159431893342,187991.32,357731.39312811504,189.35999999999999,"","","","","","","","",-169929.33312811502,"","","","","","",1730782,3.1131983249914281,5388267.6233253144,null,null,null,null,null,null,null,null,null,null,null,null,null,null,null,null,null,null,null,null,null,null,"BH4HKS3","2020-03-23",1730782,3.1131983249914281,5388267.6233253144]
[null,null,null,null,null,"Dividend",4.2175000000000002,1730782,3.1131983249914281,5388267.6233253144,"","","","","N/A","","2021-06-24","2021-08-06",5.3164761571463971E-2,125937.91,"","","","","",125937.91,125937.91,"","","","",1730782,3.0404347360472399,5262329.7133253142,null,null,null,null,null,null,null,null,null,null,null,null,null,null,null,null,null,null,null,null,null,null,"BH4HKS3","2020-03-23",1730782,3.0404347360472399,5262329.7133253142,1]
[]
[null,34,212401,2989301,"TJX COMPANIES INC","SELL",4.1559999999999997,165316,67.744646011275378,11199273.9,"2021-06-25",2401,67.767900874635572,162710.73000000001,162654.89507307217,72.86,"","","","","","","","",-17.015073072159428,"","","","","","",162915,67.744646011275378,11036619.004926927,null,null,null,null,null,null,null,null,null,null,null,null,null,null,null,null,null,null,null,null,null,null,2989301,"2021-06-21",162915,67.744646011275378,11036619.004926927]
[null,null,null,null,null,"SELL",4.1589999999999998,162915,67.744646011275378,11036619.004926927,"2021-07-01",45961,67.83520006092121,3117773.63,3113611.6753242277,1394.74,"","","","","","","","",2767.2146757722276,"","",2767.2146757722276,11508.825836536693,"","",116954,67.744646011275378,7923007.3296027007,null,null,"FilterInOut",1,null,null,null,null,null,null,null,null,null,null,null,null,null,null,null,null,null,null,2989301,"2021-06-21",116954,67.744646011275378,7923007.3296027007]
[null,null,null,null,null,"SELL",4.1635,116954,67.744646011275378,7923007.3296027007,"2021-07-02",116954,68.151499991449626,7970590.5299999993,7923007.3296027007,3549.2799999999997,"","","","","","","","",44033.920397298672,"","",44033.920397298672,183335.22757415302,"","",0,67.744646011275378,0,null,null,null,null,null,null,null,null,null,null,null,null,null,null,null,null,null,null,null,null,null,null,2989301,"2021-06-21",0,67.744646011275378,0,1]
[null,null,null,null,null,"",null,null,null,null,null,null,null,null,null,null,null,"","","","","","","","","","","","","","","","","",null,null,"Row Labels","PayDate","CustNo","qStockCode","StockName","TranType","ExRate","BeginUFV","BeginCostPrice","BeginCostFC","UnitFaceValue","TranPrice","FCNetProceed","FCGrossProceed","TradeDate","qTrnCode","TranDesc","row_num","ImportCost","ReclassDt",null,null,"","",""]
[null,35,212401,"BYP20B9","BAYCURRENT CONSULTING INC","SELL",4.1985000000000001,7200,{"$f":"IF(BB289=\"\",\"\",IF(BB289=1,BC289/H289,AG288))","v":425.5515986111111},{"$f":"IF(H289=\"\",\"\",IF(BB289=1,BC289,H289*I289))","v":3063971.51},"2022-02-28",400,396.3533783783767,158541.35140000001,{"$f":"IF(L289=\"\",\"\",L289*I289)","v":170220.63944444444},158.54140000001644,"","","","","","","","",{"$f":"IF(N289=\"\",\"\",N289-O289-P289)","v":-11837.829444444447},"","",{"$f":"IF(Y289=\"\",\"\",IF(Y289>=0,Y289,\"\"))","v":""},{"$f":"IF(AB289=\"\",\"\",IF(G289=\"\",\"\",AB289*G289))","v":""},"","",6800,{"$f":"IF(F289=\"\",\"\",IF(F289=\"Dividend\",AH289/AF289,IF(F289=\"SELL\",IF(I289=0,AS289,$I289),(J289-IF(X289=\"\",0,X289))/$AF289)))","v":425.5515986111111},{"$f":"IF(F289=\"\",\"\",IF(F289=\"Dividend\",IF(BB289=1,BC289-AA289,AH288-AA289),AG289*AF289))","v":2893750.8705555554},null,null,"202112_BYP20B9","2022-02-28",212401,"BYP20B9","BAYCURRENT CONSULTING INC","SELL",4.1985000000000001,7200,425.58068611111111,3055905.74,400,396.3533783783767,158382.81,158541.35140000001,"2022-02-28","SS","Share Sale",1,3063971.51,"2021-12-20","BYP20B9","2021-12-20",6800,425.5515986111111,2893750.8705555554]
[null,null,"","","","SELL",4.1929999999999996,6800,{"$f":"IF(BB290=\"\",\"\",IF(BB290=1,BC290/H290,AG289))","v":425.5515986111111},{"$f":"IF(H290=\"\",\"\",IF(BB290=1,BC290,H290*I290))","v":2893750.8705555554},"2022-03-01",800,424.79639639639822,339837.11709999997,{"$f":"IF(L290=\"\",\"\",L290*I290)","v":340441.27888888889},339.83709999994608,"","","","","","","","",{"$f":"IF(N290=\"\",\"\",N290-O290-P290)","v":-943.99888888886198},"","",{"$f":"IF(Y290=\"\",\"\",IF(Y290>=0,Y290,\"\"))","v":""},{"$f":"IF(AB290=\"\",\"\",IF(G290=\"\",\"\",AB290*G290))","v":""},"","",6000,{"$f":"IF(F290=\"\",\"\",IF(F290=\"Dividend\",AH290/AF290,IF(F290=\"SELL\",IF(I290=0,AS290,$I290),(J290-IF(X290=\"\",0,X290))/$AF290)))","v":425.5515986111111},{"$f":"IF(F290=\"\",\"\",IF(F290=\"Dividend\",IF(BB290=1,BC290-AA290,AH289-AA290),AG290*AF290))","v":2553309.5916666668},null,null,null,"2022-03-01",212401,"BYP20B9","BAYCURRENT CONSULTING INC","SELL",4.1929999999999996,6800,425.58068676470589,2885673.47,800,424.79639639639822,339497.28,339837.11709999997,"2022-03-01","SS","Share Sale",2,0,"2021-12-20","BYP20B9","2021-12-20",6000,425.5515986111111,2553309.5916666668]
[null,null,"","","","SELL",4.194,6000,{"$f":"IF(BB291=\"\",\"\",IF(BB291=1,BC291/H291,AG290))","v":425.5515986111111},{"$f":"IF(H291=\"\",\"\",IF(BB291=1,BC291,H291*I291))","v":2553309.5916666668},"2022-03-02",1500,410.45163830497125,615677.45750000002,{"$f":"IF(L291=\"\",\"\",L291*I291)","v":638327.3979166667},615.67749999999069,"","","","","","","","",{"$f":"IF(N291=\"\",\"\",N291-O291-P291)","v":-23265.61791666667},"","",{"$f":"IF(Y291=\"\",\"\",IF(Y291>=0,Y291,\"\"))","v":""},{"$f":"IF(AB291=\"\",\"\",IF(G291=\"\",\"\",AB291*G291))","v":""},"","",4500,{"$f":"IF(F291=\"\",\"\",IF(F291=\"Dividend\",AH291/AF291,IF(F291=\"SELL\",IF(I291=0,AS291,$I291),(J291-IF(X291=\"\",0,X291))/$AF291)))","v":425.5515986111111},{"$f":"IF(F291=\"\",\"\",IF(F291=\"Dividend\",IF(BB291=1,BC291-AA291,AH290-AA291),AG291*AF291))","v":1914982.1937499999},null,null,null,"2022-03-02",212401,"BYP20B9","BAYCURRENT CONSULTING INC","SELL",4.194,6000,425.58918499999999,2545259.91,1500,410.45163830497125,615061.78,615677.45750000002,"2022-03-02","SS","Share Sale",3,0,"2021-12-20","BYP20B9","2021-12-20",4500,425.5515986111111,1914982.1937499999]
[null,null,"","","","SELL",4.1775000000000002,4500,{"$f":"IF(BB292=\"\",\"\",IF(BB292=1,BC292/H292,AG291))","v":425.5515986111111},{"$f":"IF(H292=\"\",\"\",IF(BB292=1,BC292,H292*I292))","v":1914982.1937499999},"2022-03-07",700,357.9940515654788,250595.8358,{"$f":"IF(L292=\"\",\"\",L292*I292)","v":297886.11902777775},250.59580000001006,"","","","","","","","",{"$f":"IF(N292=\"\",\"\",N292-O292-P292)","v":-47540.879027777759},"","",{"$f":"IF(Y292=\"\",\"\",IF(Y292>=0,Y292,\"\"))","v":""},{"$f":"IF(AB292=\"\",\"\",IF(G292=\"\",\"\",AB292*G292))","v":""},"","",3800,{"$f":"IF(F292=\"\",\"\",IF(F292=\"Dividend\",AH292/AF292,IF(F292=\"SELL\",IF(I292=0,AS292,$I292),(J292-IF(X292=\"\",0,X292))/$AF292)))","v":425.5515986111111},{"$f":"IF(F292=\"\",\"\",IF(F292=\"Dividend\",IF(BB292=1,BC292-AA292,AH291-AA292),AG292*AF292))","v":1617096.0747222223},null,null,null,"2022-03-07",212401,"BYP20B9","BAYCURRENT CONSULTING INC","SELL",4.1775000000000002,4500,425.58918444444447,1906876.13,700,357.9940515654788,250345.24,250595.8358,"2022-03-07","SS","Share Sale",4,0,"2021-12-20","BYP20B9","2021-12-20",3800,425.5515986111111,1617096.0747222223]
[null,null,"","","","SELL",4.1822999999999997,3800,{"$f":"IF(BB293=\"\",\"\",IF(BB293=1,BC293/H293,AG292))","v":425.5515986111111},{"$f":"IF(H293=\"\",\"\",IF(BB293=1,BC293,H293*I293))","v":1617096.0747222223},"2022-03-08",400,349.4593381452558,139783.7353,{"$f":"IF(L293=\"\",\"\",L293*I293)","v":170220.63944444444},111.82529999999679,"","","","","","","","",{"$f":"IF(N293=\"\",\"\",N293-O293-P293)","v":-30548.729444444441},"","",{"$f":"IF(Y293=\"\",\"\",IF(Y293>=0,Y293,\"\"))","v":""},{"$f":"IF(AB293=\"\",\"\",IF(G293=\"\",\"\",AB293*G293))","v":""},"","",3400,{"$f":"IF(F293=\"\",\"\",IF(F293=\"Dividend\",AH293/AF293,IF(F293=\"SELL\",IF(I293=0,AS293,$I293),(J293-IF(X293=\"\",0,X293))/$AF293)))","v":425.5515986111111},{"$f":"IF(F293=\"\",\"\",IF(F293=\"Dividend\",IF(BB293=1,BC293-AA293,AH292-AA293),AG293*AF293))","v":1446875.4352777777},null,null,null,"2022-03-08",212401,"BYP20B9","BAYCURRENT CONSULTING INC","SELL",4.1822999999999997,3800,425.5891842105263,1608963.7,400,349.4593381452558,139671.91,139783.7353,"2022-03-08","SS","Share Sale",5,0,"2021-12-20","BYP20B9","2021-12-20",3400,425.5515986111111,1446875.4352777777]
[null,null,"","","","SELL",4.1875,3400,{"$f":"IF(BB294=\"\",\"\",IF(BB294=1,BC294/H294,AG293))","v":425.5515986111111},{"$f":"IF(H294=\"\",\"\",IF(BB294=1,BC294,H294*I294))","v":1446875.4352777777},"2022-03-10",400,348.48876376376256,139395.5055,{"$f":"IF(L294=\"\",\"\",L294*I294)","v":170220.63944444444},139.39550000001327,"","","","","","","","",{"$f":"IF(N294=\"\",\"\",N294-O294-P294)","v":-30964.529444444459},"","",{"$f":"IF(Y294=\"\",\"\",IF(Y294>=0,Y294,\"\"))","v":""},{"$f":"IF(AB294=\"\",\"\",IF(G294=\"\",\"\",AB294*G294))","v":""},"","",3000,{"$f":"IF(F294=\"\",\"\",IF(F294=\"Dividend\",AH294/AF294,IF(F294=\"SELL\",IF(I294=0,AS294,$I294),(J294-IF(X294=\"\",0,X294))/$AF294)))","v":425.5515986111111},{"$f":"IF(F294=\"\",\"\",IF(F294=\"Dividend\",IF(BB294=1,BC294-AA294,AH293-AA294),AG294*AF294))","v":1276654.7958333334},null,null,null,"2022-03-10",212401,"BYP20B9","BAYCURRENT CONSULTING INC","SELL",4.1875,3400,425.58918529411767,1438728.03,400,348.48876376376256,139256.10999999999,139395.5055,"2022-03-10","SS","Share Sale",6,0,"2021-12-20","BYP20B9","2021-12-20",3000,425.5515986111111,1276654.7958333334]
[null,null,"","","","SELL",4.2175000000000002,3000,{"$f":"IF(BB295=\"\",\"\",IF(BB295=1,BC295/H295,AG294))","v":425.5515986111111},{"$f":"IF(H295=\"\",\"\",IF(BB295=1,BC295,H295*I295))","v":1276654.7958333334},"2022-03-29",500,383.58732732732688,191793.6637,{"$f":"IF(L295=\"\",\"\",L295*I295)","v":212775.79930555556},191.79370000000927,"","","","","","","","",{"$f":"IF(N295=\"\",\"\",N295-O295-P295)","v":-21173.929305555561},"","",{"$f":"IF(Y295=\"\",\"\",IF(Y295>=0,Y295,\"\"))","v":""},{"$f":"IF(AB295=\"\",\"\",IF(G295=\"\",\"\",AB295*G295))","v":""},"","",2500,{"$f":"IF(F295=\"\",\"\",IF(F295=\"Dividend\",AH295/AF295,IF(F295=\"SELL\",IF(I295=0,AS295,$I295),(J295-IF(X295=\"\",0,X295))/$AF295)))","v":425.5515986111111},{"$f":"IF(F295=\"\",\"\",IF(F295=\"Dividend\",IF(BB295=1,BC295-AA295,AH294-AA295),AG295*AF295))","v":1063878.9965277778},null,null,null,"2022-03-29",212401,"BYP20B9","BAYCURRENT CONSULTING INC","SELL",4.2175000000000002,3000,425.58918666666671,1268492.3600000001,500,383.58732732732688,191601.87,191793.6637,"2022-03-29","SS","Share Sale",7,0,"2021-12-20","BYP20B9","2021-12-20",2500,425.5515986111111,1063878.9965277778,1]
[null,null,"","","","","","",{"$f":"IF(BB296=\"\",\"\",IF(BB296=1,BC296/H296,AG295))","v":""},{"$f":"IF(H296=\"\",\"\",IF(BB296=1,BC296,H296*I296))","v":""},"","","","",{"$f":"IF(L296=\"\",\"\",L296*I296)","v":""},"","","","","","","","","",{"$f":"IF(N296=\"\",\"\",N296-O296-P296)","v":""},"","",{"$f":"IF(Y296=\"\",\"\",IF(Y296>=0,Y296,\"\"))","v":""},{"$f":"IF(AB296=\"\",\"\",IF(G296=\"\",\"\",AB296*G296))","v":""},"","","",{"$f":"IF(F296=\"\",\"\",IF(F296=\"Dividend\",AH296/AF296,IF(F296=\"SELL\",IF(I296=0,AS296,$I296),(J296-IF(X296=\"\",0,X296))/$AF296)))","v":""},{"$f":"IF(F296=\"\",\"\",IF(F296=\"Dividend\",IF(BB296=1,BC296-AA296,AH295-AA296),AG296*AF296))","v":""}]
[null,36,212401,2459020,"INTUIT INC","Dividend",4.2545000000000002,7242,{"$f":"IF(BB297=\"\",\"\",IF(BB297=1,BC297/H297,AG296))","v":541.57364954432478},{"$f":"IF(H297=\"\",\"\",IF(BB297=1,BC297,H297*I297))","v":3922076.37},"","","","",{"$f":"IF(L297=\"\",\"\",L297*I297)","v":""},"","2022-04-08","2022-04-18",0.47599972383319528,3447.19,"","","","",{"$f":"IF(N297=\"\",\"\",N297-O297-P297)","v":""},3447.19,3447.19,{"$f":"IF(Y297=\"\",\"\",IF(Y297>=0,Y297,\"\"))","v":""},{"$f":"IF(AB297=\"\",\"\",IF(G297=\"\",\"\",AB297*G297))","v":""},"","",7242,{"$f":"IF(F297=\"\",\"\",IF(F297=\"Dividend\",AH297/AF297,IF(F297=\"SELL\",IF(I297=0,AS297,$I297),(J297-IF(X297=\"\",0,X297))/$AF297)))","v":541.0976498204916},{"$f":"IF(F297=\"\",\"\",IF(F297=\"Dividend\",IF(BB297=1,BC297-AA297,AH296-AA297),AG297*AF297))","v":3918629.18},null,null,"202203_2459020","2022-04-18",212401,2459020,"INTUIT INC","Dividend",4.2545000000000002,7242,541.57364954432478,3922076.37,0,0.68,3447.19,4924.5600000000004,"2022-04-08","SI","Share Income-Dividend",1,3922076.37,"2022-03-21",2459020,"2022-03-21",7242,541.0976498204916,3918629.18,1]
[null,null,"","","","","","",{"$f":"IF(BB298=\"\",\"\",IF(BB298=1,BC298/H298,AG297))","v":""},{"$f":"IF(H298=\"\",\"\",IF(BB298=1,BC298,H298*I298))","v":""},"","","","",{"$f":"IF(L298=\"\",\"\",L298*I298)","v":""},"","","","","","","","","",{"$f":"IF(N298=\"\",\"\",N298-O298-P298)","v":""},"","",{"$f":"IF(Y298=\"\",\"\",IF(Y298>=0,Y298,\"\"))","v":""},{"$f":"IF(AB298=\"\",\"\",IF(G298=\"\",\"\",AB298*G298))","v":""},"","","",{"$f":"IF(F298=\"\",\"\",IF(F298=\"Dividend\",AH298/AF298,IF(F298=\"SELL\",IF(I298=0,AS298,$I298),(J298-IF(X298=\"\",0,X298))/$AF298)))","v":""},{"$f":"IF(F298=\"\",\"\",IF(F298=\"Dividend\",IF(BB298=1,BC298-AA298,AH297-AA298),AG298*AF298))","v":""}]
[null,37,212401,"BLDBN85","ATLAS COPCO AB-B RDS","Corporate Action","",162879,{"$f":"IF(BB299=\"\",\"\",IF(BB299=1,BC299/H299,AG298))","v":1.0685493525868897},{"$f":"IF(H299=\"\",\"\",IF(BB299=1,BC299,H299*I299))","v":174044.25},"","","","",{"$f":"IF(L299=\"\",\"\",L299*I299)","v":""},"","","","","","Bonus Issue","2022-05-13",162879,0,{"$f":"IF(N299=\"\",\"\",N299-O299-P299)","v":""},"","",{"$f":"IF(Y299=\"\",\"\",IF(Y299>=0,Y299,\"\"))","v":""},{"$f":"IF(AB299=\"\",\"\",IF(G299=\"\",\"\",AB299*G299))","v":""},"","",162879,{"$f":"IF(F299=\"\",\"\",IF(F299=\"Dividend\",AH299/AF299,IF(F299=\"SELL\",IF(I299=0,AS299,$I299),(J299-IF(X299=\"\",0,X299))/$AF299)))","v":1.0685493525868897},{"$f":"IF(F299=\"\",\"\",IF(F299=\"Dividend\",IF(BB299=1,BC299-AA299,AH298-AA299),AG299*AF299))","v":174044.25},null,null,"202205_BLDBN85","2022-05-17",212401,"BLDBN85","ATLAS COPCO AB-B RDS","Corporate Action",0,162879,0,0,162879,0.10034367709404711,0,0,"2022-05-13","SB","Bonus Issue",1,174044.25,"2022-05-13","BLDBN85","2022-05-13",162879,1.0685493525868897,174044.25]
[null,null,"","","","SELL",4.3955000000000002,162879,{"$f":"IF(BB300=\"\",\"\",IF(BB300=1,BC300/H300,AG299))","v":1.0685493525868897},{"$f":"IF(H300=\"\",\"\",IF(BB300=1,BC300,H300*I300))","v":174044.25},"2022-05-18",162879,0.80125429478733146,130507.49800000001,{"$f":"IF(L300=\"\",\"\",L300*I300)","v":174044.25},130.50800000000163,"","","","","","","","",{"$f":"IF(N300=\"\",\"\",N300-O300-P300)","v":-43667.259999999995},"","",{"$f":"IF(Y300=\"\",\"\",IF(Y300>=0,Y300,\"\"))","v":""},{"$f":"IF(AB300=\"\",\"\",IF(G300=\"\",\"\",AB300*G300))","v":""},"","",0,{"$f":"IF(F300=\"\",\"\",IF(F300=\"Dividend\",AH300/AF300,IF(F300=\"SELL\",IF(I300=0,AS300,$I300),(J300-IF(X300=\"\",0,X300))/$AF300)))","v":1.0685493525868897},{"$f":"IF(F300=\"\",\"\",IF(F300=\"Dividend\",IF(BB300=1,BC300-AA300,AH299-AA300),AG300*AF300))","v":0},null,null,null,"2022-05-18",212401,"BLDBN85","ATLAS COPCO AB-B RDS","SELL",4.3955000000000002,162879,0,0,162879,0.80125429478733146,130376.99,130507.49800000001,"2022-05-18","SS","Share Sale",2,0,"2022-05-13","BLDBN85","2022-05-13",0,1.0685493525868897,0,1]
[null,null,"","","","","","","","","","","","","","","","","","","","","","","","","","","","","","","",""]
[null,null,null,null,null,null,null,null,null,null,null,null,null,null,null,null,null,null,null,null,null,null,null,null,null,null,"Total NCI",1239227.4910834476,5210195.0088816145,45764.35,186329.55102500002]
[null,null,null,null,null,null,null,null,null,null,null,null,null,null,null,null,null,null,null,null,null,null,null,null,null,null,null,"Grand total NCI (USD)",null,null,1284991.8410834477]
[null,null,null,null,null,null,null,null,null,null,null,null,null,null,null,null,null,null,null,null,null,null,null,null,null,null,null,"Grand total NCI (RM)",null,null,5396524.5599066149]
[]
[null,"Note :"]
[null,"All transactions are in USD unless stated otherwise."]
[]
[null,"1. Except for corporate action involving dividend, exchange rate is based on the rate on the transaction date. For dividend, exchange rate is based on the payment date."]
[]
[null,"2. Current Average Investment Cost Per Share should reflect the latest (adjusted, if any) average investment cost excluding impairment."]
[]
[null,"3. Dividend income (net of withholding tax) are deemed shariah-compliant until the total investment cost is fully recovered."]
[]
[null,"4. Any capital gain is considered as NCI."]
[]
[null,"5. Dividend income (net of withholding tax) are deemed as NCI if it is received when the total investment cost has been fully recovered."]

{"sheet":"4) Reclassed Sec Not Disposed","index":10,"n_rows":51,"n_cols":27,"rows_kept":51,"cut":false,"hidden":false,"merged":[]}
[null,null,{"$f":"IF(OR(P1=\"\",P1=\"(blank)\"),\"\",P1)","v":""},{"$f":"IF(OR(Q1=\"\",Q1=\"(blank)\"),\"\",Q1)","v":""},{"$f":"IF(OR(R1=\"\",R1=\"(blank)\"),\"\",R1)","v":""},{"$f":"IF(OR(D1=\"\"),\"\",IF(D1=0,0,ROUND(SUMIFS(BNYM_NAV_HistCost_MonthEnd!W:W,BNYM_NAV_HistCost_MonthEnd!I:I,D1),0)))","v":""},{"$f":"IF(OR(O1=\"\",O1=\"(blank)\"),\"\",O1)","v":""},{"$f":"IF(OR(W1=\"\",W1=\"(blank)\"),\"\",W1)","v":""},{"$f":"IF(D1=\"\",\"\",IF(IF(M1=\"OUT-OF-THE-MONEY\",SUMIFS('3) OTM Reclassed Securities'!BH:BH,'3) OTM Reclassed Securities'!BE:BE,D1,'3) OTM Reclassed Securities'!BF:BF,G1,'3) OTM Reclassed Securities'!BJ:BJ,1),SUMIFS('2) ITM Reclassed Securities'!BS:BS,'2) ITM Reclassed Securities'!BP:BP,D1,'2) ITM Reclassed Securities'!BQ:BQ,G1,'2) ITM Reclassed Securities'!BU:BU,1))=0,SUMIFS(BNYM_NAV_HistCost_RCdate!$AA:$AA,BNYM_NAV_HistCost_RCdate!C:C,G1,BNYM_NAV_HistCost_RCdate!I:I,D1)/SUMIFS(BNYM_NAV_HistCost_RCdate!$W:$W,BNYM_NAV_HistCost_RCdate!C:C,G1,BNYM_NAV_HistCost_RCdate!I:I,D1),IF(M1=\"OUT-OF-THE-MONEY\",SUMIFS('3) OTM Reclassed Securities'!BH:BH,'3) OTM Reclassed Securities'!BE:BE,D1,'3) OTM Reclassed Securities'!BF:BF,G1,'3) OTM Reclassed Securities'!BJ:BJ,1),SUMIFS('2) ITM Reclassed Securities'!BS:BS,'2) ITM Reclassed Securities'!BP:BP,D1,'2) ITM Reclassed Securities'!BQ:BQ,G1,'2) ITM Reclassed Securities'!BU:BU,1))))","v":""},{"$f":"IF(D1=\"\",\"\",IF(F1=0,0,IF(IF(M1=\"OUT-OF-THE-MONEY\",SUMIFS('3) OTM Reclassed Securities'!BI:BI,'3) OTM Reclassed Securities'!BE:BE,D1,'3) OTM Reclassed Securities'!BF:BF,G1,'3) OTM Reclassed Securities'!BJ:BJ,1),SUMIFS('2) ITM Reclassed Securities'!BT:BT,'2) ITM Reclassed Securities'!BP:BP,D1,'2) ITM Reclassed Securities'!BQ:BQ,G1,'2) ITM Reclassed Securities'!BU:BU,1))=0,SUMIFS(BNYM_NAV_HistCost_RCdate!$AA:$AA,BNYM_NAV_HistCost_RCdate!C:C,G1,BNYM_NAV_HistCost_RCdate!I:I,D1),IF(M1=\"OUT-OF-THE-MONEY\",SUMIFS('3) OTM Reclassed Securities'!BI:BI,'3) OTM Reclassed Securities'!BE:BE,D1,'3) OTM Reclassed Securities'!BF:BF,G1,'3) OTM Reclassed Securities'!BJ:BJ,1),SUMIFS('2) ITM Reclassed Securities'!BT:BT,'2) ITM Reclassed Securities'!BP:BP,D1,'2) ITM Reclassed Securities'!BQ:BQ,G1,'2) ITM Reclassed Securities'!BU:BU,1)))))","v":""},{"$f":"IF(OR(F1=\"\"),\"\",IF(F1=0,0,IF(SUMIFS(BNYM_NAV_HistCost_MonthEnd!W:W,BNYM_NAV_HistCost_MonthEnd!I:I,D1)=0,0,SUMIFS(BNYM_NAV_HistCost_MonthEnd!AG:AG,BNYM_NAV_HistCost_MonthEnd!I:I,D1)/SUMIFS(BNYM_NAV_HistCost_MonthEnd!W:W,BNYM_NAV_HistCost_MonthEnd!I:I,D1))))","v":""},{"$f":"IF(OR(F1=\"\"),\"\",IF(F1=0,0,ROUND(K1*F1,0)))","v":""},{"$f":"IF(G1=\"\",\"\",IF(H1>=SUMIFS('1) List of Reclassed Securities'!J:J,'1) List of Reclassed Securities'!D:D,D1,'1) List of Reclassed Securities'!G:G,G1),\"IN-THE-MONEY\",\"OUT-OF-THE-MONEY\"))","v":""}]
[null,{"$f":"\"LIST OF REMAINING RECLASSIFIED SECURITIES NOT DISPOSED AS OF  \"&UPPER(TEXT(EndDate,\"MMMm-yyyy\"))","v":"LIST OF REMAINING RECLASSIFIED SECURITIES NOT DISPOSED AS OF  MAY-2022"}]
[]
[null,"Mandate :",null,{"$f":"FundName","v":"EPF SHARIAH WORLD NOMURA ISLAMIC"}]
[null,"Portfolio Manager :",null,"NOMURA ISLAMIC ASSET MANAGEMENT SDN BHD"]
[]
[null,"No.","Custody Account No.","Security Identifier (Sedol)","Security Name","No. of Shares Remaining\n[a]","Reclass Date\n(DD/MM/YY)","Reclass Price ","Current Average Investment Cost Per Share1 \n[b]","Total Investment Cost\n[c = a x b]","Month-End Closing Market Price per share \n[d]","Month-End Market Value\n[e = a x d]","In-the-money or   Out-of-the-money\n(Reclass Date)","Reason of Non-disposal"]
[null,1,212401,"B4W9F29","Mead Johnson Nutrition Co.",0,"2015-06-22",91.29,95.46,0,0,0,"OUT-OF-THE-MONEY","Sold entire holding in Jun-2017"]
[null,2,212401,2654320,"Monsanto Co",0,"2016-06-20",108.71,107.31880128550581,0,0,0,"OUT-OF-THE-MONEY","Sold entire holding in February-2017"]
[null,3,212401,"B1YXBJ7","Air Liquide",0,"2016-09-19",108.3856884640863,116.92842547553705,0,0,0,"OUT-OF-THE-MONEY","Sold entire holding in April-2017"]
[null,4,212401,2257019,"Cognizant Tech Solutions",0,"2016-09-19",53.33,61.398495476749488,0,0,0,"OUT-OF-THE-MONEY","Sold entire holding in May-2017"]
[null,5,212401,"BZB1Y59","LINE CORPORATION",0,"2017-03-20",36.017231414055885,41.674543691786624,0,0,0,"OUT-OF-THE-MONEY","Sold entire holding in Oct-2017"]
[null,6,212401,"BDTYZ53","BIOVERATIV INC",0,"2017-03-20",49.169999999999995,62.408078736703587,0,0,0,"OUT-OF-THE-MONEY","Sold entire holding in July-2017"]
[null,7,212401,"BDSFG98","TECHNIPFMC PLC",0,"2017-03-20",31.39,33.010236725563814,0,0,0,"OUT-OF-THE-MONEY","Sold entire holding in Jan-2020"]
[null,8,212401,2369174,"GILEAD SCIENCES INC",0,"2017-09-18",82.97,107.84733794931071,0,0,0,"OUT-OF-THE-MONEY","Sold entire holding in Jan-2018"]
[null,9,212401,"B24CGK7","RECKITT BENCKISER GROUP PLC",0,"2017-09-18",92.416914124856248,95.602760088570008,0,0,0,"OUT-OF-THE-MONEY","Sold entire holding in Jan-2018"]
[null,10,212401,2182348,"CELGENE CORP",{"$f":"IF(OR(D17=\"\"),\"\",IF(D17=0,0,ROUND(SUMIFS(BNYM_NAV_HistCost_MonthEnd!W:W,BNYM_NAV_HistCost_MonthEnd!I:I,D17),0)))","v":0},"2017-12-18",108.04,{"$f":"IF(D17=\"\",\"\",IF(IF(M17=\"OUT-OF-THE-MONEY\",SUMIFS('3) OTM Reclassed Securities'!BH:BH,'3) OTM Reclassed Securities'!BE:BE,D17,'3) OTM Reclassed Securities'!BF:BF,G17,'3) OTM Reclassed Securities'!BJ:BJ,1),SUMIFS('2) ITM Reclassed Securities'!BS:BS,'2) ITM Reclassed Securities'!BP:BP,D17,'2) ITM Reclassed Securities'!BQ:BQ,G17,'2) ITM Reclassed Securities'!BU:BU,1))=0,SUMIFS(BNYM_NAV_HistCost_RCdate!$AA:$AA,BNYM_NAV_HistCost_RCdate!C:C,G17,BNYM_NAV_HistCost_RCdate!I:I,D17)/SUMIFS(BNYM_NAV_HistCost_RCdate!$W:$W,BNYM_NAV_HistCost_RCdate!C:C,G17,BNYM_NAV_HistCost_RCdate!I:I,D17),IF(M17=\"OUT-OF-THE-MONEY\",SUMIFS('3) OTM Reclassed Securities'!BH:BH,'3) OTM Reclassed Securities'!BE:BE,D17,'3) OTM Reclassed Securities'!BF:BF,G17,'3) OTM Reclassed Securities'!BJ:BJ,1),SUMIFS('2) ITM Reclassed Securities'!BS:BS,'2) ITM Reclassed Securities'!BP:BP,D17,'2) ITM Reclassed Securities'!BQ:BQ,G17,'2) ITM Reclassed Securities'!BU:BU,1))))","v":135.02699844479005},{"$f":"IF(D17=\"\",\"\",IF(F17=0,0,IF(IF(M17=\"OUT-OF-THE-MONEY\",SUMIFS('3) OTM Reclassed Securities'!BI:BI,'3) OTM Reclassed Securities'!BE:BE,D17,'3) OTM Reclassed Securities'!BF:BF,G17,'3) OTM Reclassed Securities'!BJ:BJ,1),SUMIFS('2) ITM Reclassed Securities'!BT:BT,'2) ITM Reclassed Securities'!BP:BP,D17,'2) ITM Reclassed Securities'!BQ:BQ,G17,'2) ITM Reclassed Securities'!BU:BU,1))=0,SUMIFS(BNYM_NAV_HistCost_RCdate!$AA:$AA,BNYM_NAV_HistCost_RCdate!C:C,G17,BNYM_NAV_HistCost_RCdate!I:I,D17),IF(M17=\"OUT-OF-THE-MONEY\",SUMIFS('3) OTM Reclassed Securities'!BI:BI,'3) OTM Reclassed Securities'!BE:BE,D17,'3) OTM Reclassed Securities'!BF:BF,G17,'3) OTM Reclassed Securities'!BJ:BJ,1),SUMIFS('2) ITM Reclassed Securities'!BT:BT,'2) ITM Reclassed Securities'!BP:BP,D17,'2) ITM Reclassed Securities'!BQ:BQ,G17,'2) ITM Reclassed Securities'!BU:BU,1)))))","v":0},{"$f":"IF(OR(F17=\"\"),\"\",IF(F17=0,0,IF(SUMIFS(BNYM_NAV_HistCost_MonthEnd!W:W,BNYM_NAV_HistCost_MonthEnd!I:I,D17)=0,0,SUMIFS(BNYM_NAV_HistCost_MonthEnd!AG:AG,BNYM_NAV_HistCost_MonthEnd!I:I,D17)/SUMIFS(BNYM_NAV_HistCost_MonthEnd!W:W,BNYM_NAV_HistCost_MonthEnd!I:I,D17))))","v":0},{"$f":"IF(OR(F17=\"\"),\"\",IF(F17=0,0,ROUND(K17*F17,0)))","v":0},"OUT-OF-THE-MONEY","Corporate Action (Merger), book cost transferred to BRISTOL-MYERS SQUIBB CO, CELGENE CORP delisted on 21 Nov 2019."]
[null,11,212401,6667733,"PARK24 CO LTD",0,"2018-03-19",27.129695214521451,31.738258168316833,0,0,0,"OUT-OF-THE-MONEY","Sold entire holding in Jul-2018"]
[null,12,212401,"B3CTNK6","SIGNET JEWELERS LTD",0,"2018-03-19",39.459999999999994,101.26808756753174,0,0,0,"OUT-OF-THE-MONEY","Sold entire holding in May-2018"]
[null,13,212401,6496584,"KOMATSU LTD",103800,"2018-06-18",29.520662671232873,35.701897763406258,3705856.9878415694,{"$f":"IF(OR(F20=\"\"),\"\",IF(F20=0,0,IF(SUMIFS(BNYM_NAV_HistCost_MonthEnd!W:W,BNYM_NAV_HistCost_MonthEnd!I:I,D20)=0,0,SUMIFS(BNYM_NAV_HistCost_MonthEnd!AG:AG,BNYM_NAV_HistCost_MonthEnd!I:I,D20)/SUMIFS(BNYM_NAV_HistCost_MonthEnd!W:W,BNYM_NAV_HistCost_MonthEnd!I:I,D20))))","v":0},{"$f":"IF(OR(F20=\"\"),\"\",IF(F20=0,0,ROUND(K20*F20,0)))","v":0},"OUT-OF-THE-MONEY","This stock will be included as a constituent of the BM upon 1Q2019 rebalancing effective from 18-Mar-2019."]
[null,14,212401,"B12T3J1","UNILEVER NV-CVA",0,"2018-09-24",55.99425619260181,56.728990995718782,0,0,0,"OUT-OF-THE-MONEY","Sold entire holding in Mar-2019"]
[null,15,212401,"BPF0548","AMS AG",0,"2018-09-24",64.913285845075137,116.01932117098005,0,0,0,"OUT-OF-THE-MONEY","Sold entire holding in Feb-2020"]
[null,16,212401,3091357,"BT GROUP PLC",625651,"2018-12-24",3.0955617908386626,3.9823036325363503,2491532.25,{"$f":"IF(OR(F23=\"\"),\"\",IF(F23=0,0,IF(SUMIFS(BNYM_NAV_HistCost_MonthEnd!W:W,BNYM_NAV_HistCost_MonthEnd!I:I,D23)=0,0,SUMIFS(BNYM_NAV_HistCost_MonthEnd!AG:AG,BNYM_NAV_HistCost_MonthEnd!I:I,D23)/SUMIFS(BNYM_NAV_HistCost_MonthEnd!W:W,BNYM_NAV_HistCost_MonthEnd!I:I,D23))))","v":0},{"$f":"IF(OR(F23=\"\"),\"\",IF(F23=0,0,ROUND(K23*F23,0)))","v":0},"OUT-OF-THE-MONEY","This stock will be included as a constituent of the BM upon 4Q2019 rebalancing effective from 23-Dec-2019."]
[null,17,212401,6194468,"KOSE CORP",7500,"2018-12-24",147.67226141304346,216.46000869565219,1623450.0652173914,{"$f":"IF(OR(F24=\"\"),\"\",IF(F24=0,0,IF(SUMIFS(BNYM_NAV_HistCost_MonthEnd!W:W,BNYM_NAV_HistCost_MonthEnd!I:I,D24)=0,0,SUMIFS(BNYM_NAV_HistCost_MonthEnd!AG:AG,BNYM_NAV_HistCost_MonthEnd!I:I,D24)/SUMIFS(BNYM_NAV_HistCost_MonthEnd!W:W,BNYM_NAV_HistCost_MonthEnd!I:I,D24))))","v":0},{"$f":"IF(OR(F24=\"\"),\"\",IF(F24=0,0,ROUND(K24*F24,0)))","v":0},"OUT-OF-THE-MONEY","This stock will be included as a constituent of the BM upon 2Q2019 rebalancing effective from 24-Jun-2019."]
[null,18,212401,6895675,"TOKYO ELECTRON",6700,"2019-03-18",140.95947582417583,202.93249057654674,1359647.6868628631,{"$f":"IF(OR(F25=\"\"),\"\",IF(F25=0,0,IF(SUMIFS(BNYM_NAV_HistCost_MonthEnd!W:W,BNYM_NAV_HistCost_MonthEnd!I:I,D25)=0,0,SUMIFS(BNYM_NAV_HistCost_MonthEnd!AG:AG,BNYM_NAV_HistCost_MonthEnd!I:I,D25)/SUMIFS(BNYM_NAV_HistCost_MonthEnd!W:W,BNYM_NAV_HistCost_MonthEnd!I:I,D25))))","v":428.21858618784529},{"$f":"IF(OR(F25=\"\"),\"\",IF(F25=0,0,ROUND(K25*F25,0)))","v":2869065},"OUT-OF-THE-MONEY","This stock will be included as a constituent of the BM upon 2Q2019 rebalancing effective from 24-Jun-2019."]
[null,19,212401,"BDZ78H9","BROADCOM INC",0,"2019-06-24",279.2,300.55308021829705,0,0,0,"OUT-OF-THE-MONEY","Sold entire holding in Jul-2019"]
[null,20,212401,2126335,"BRISTOL-MYERS SQUIBB CO",0,"2019-09-23",50.52,62.976073497984096,0,0,0,"OUT-OF-THE-MONEY","Sold entire holding in Dec-2019"]
[null,21,212401,2459020,"INTUIT INC",0,"2019-09-23",269,278.36629455251312,0,418.75,0,"OUT-OF-THE-MONEY","Sold entire holding in Jan-2020"]
[null,22,212401,2595708,"3M CO",20942,"2019-09-23",166.76000000000002,196.74095118648211,4120148.9997473084,{"$f":"IF(OR(F29=\"\"),\"\",IF(F29=0,0,IF(SUMIFS(BNYM_NAV_HistCost_MonthEnd!W:W,BNYM_NAV_HistCost_MonthEnd!I:I,D29)=0,0,SUMIFS(BNYM_NAV_HistCost_MonthEnd!AG:AG,BNYM_NAV_HistCost_MonthEnd!I:I,D29)/SUMIFS(BNYM_NAV_HistCost_MonthEnd!W:W,BNYM_NAV_HistCost_MonthEnd!I:I,D29))))","v":0},{"$f":"IF(OR(F29=\"\"),\"\",IF(F29=0,0,ROUND(K29*F29,0)))","v":0},"OUT-OF-THE-MONEY","This stock will be included as a constituent of the BM upon 4Q2019 rebalancing effective from 23-Dec-2019."]
[null,23,212401,6185495,"CSL LTD",0,"2019-09-23",160.32193112354713,162.84192595781317,0,194.22,0,"OUT-OF-THE-MONEY","Sold entire holding in Oct-2019"]
[null,24,212401,"BKM7ZR0","BRISTOL-MYERS SQUIBB-CVR",0,"-",0,0,0,0,0,"OUT-OF-THE-MONEY","Sold entire holding in Dec-2019"]
[null,25,212401,3091357,"BT GROUP PLC",0,"2020-03-23",1.3533513085851459,4.1757971535688281,0,0,0,"OUT-OF-THE-MONEY","Sold entire holding in Jul-2020"]
[null,26,212401,"B06CMQ9","GMO PAYMENT GATEWAY INC",0,"2020-03-23",66.45413317129821,69.832205142857148,0,0,0,"OUT-OF-THE-MONEY","Sold entire holding in Mar-2020"]
[null,27,212401,"BH4HKS3","VODAFONE GROUP PLC",2464465,"2020-03-23",1.266253312552448,3.0053133568923949,7406489.5820938163,{"$f":"IF(OR(F34=\"\"),\"\",IF(F34=0,0,IF(SUMIFS(BNYM_NAV_HistCost_MonthEnd!W:W,BNYM_NAV_HistCost_MonthEnd!I:I,D34)=0,0,SUMIFS(BNYM_NAV_HistCost_MonthEnd!AG:AG,BNYM_NAV_HistCost_MonthEnd!I:I,D34)/SUMIFS(BNYM_NAV_HistCost_MonthEnd!W:W,BNYM_NAV_HistCost_MonthEnd!I:I,D34))))","v":0},{"$f":"IF(OR(F34=\"\"),\"\",IF(F34=0,0,ROUND(K34*F34,0)))","v":0},"OUT-OF-THE-MONEY","This stock will be included as a constituent of the BM upon 4Q2020 rebalancing effective from 21-Dec-2020."]
[null,28,212401,"B92SR70","ABBVIE INC",0,"2020-05-11",87.899999999999991,108.08940480860841,0,0,0,"OUT-OF-THE-MONEY","Sold entire holding in Jan-2021"]
[null,29,212401,2595708,"3M CO",0,"2020-06-22",156.69,195.69032114935325,0,0,0,"OUT-OF-THE-MONEY","Sold entire holding in Jan-2021"]
[null,30,212401,"BDRXDB4","BOOKING HOLDINGS INC",0,"2020-06-22",1633.52,2056.9624470089498,0,0,0,"OUT-OF-THE-MONEY","Sold entire holding in Nov-2020"]
[null,31,212401,"B4R28B3","FLEETCOR TECHNOLOGIES INC",0,"2020-09-21",235.44,284.14903992192501,0,249.52,0,"OUT-OF-THE-MONEY","Sold entire holding in Mar-2021"]
[null,32,212401,"BF09HX3","TAPESTRY INC",0,"2020-09-21",16.509999999999998,30.278337847802756,0,0,0,"OUT-OF-THE-MONEY","Sold entire holding in Dec-2020"]
[null,33,212401,"BH4HKS3","VODAFONE GROUP PLC",861739,"2021-03-22",1.8378721345200681,3.04,2620061.2288378105,{"$f":"IF(OR(F40=\"\"),\"\",IF(F40=0,0,IF(SUMIFS(BNYM_NAV_HistCost_MonthEnd!W:W,BNYM_NAV_HistCost_MonthEnd!I:I,D40)=0,0,SUMIFS(BNYM_NAV_HistCost_MonthEnd!AG:AG,BNYM_NAV_HistCost_MonthEnd!I:I,D40)/SUMIFS(BNYM_NAV_HistCost_MonthEnd!W:W,BNYM_NAV_HistCost_MonthEnd!I:I,D40))))","v":0},{"$f":"IF(OR(F40=\"\"),\"\",IF(F40=0,0,ROUND(K40*F40,0)))","v":0},"OUT-OF-THE-MONEY","This stock will be included as a constituent of the BM upon 3Q2020 rebalancing effective from 21-Sep-2021."]
[null,34,212401,2989301,"TJX COMPANIES INC",0,"2021-06-21",64.91,67.744646011275378,0,0,0,"OUT-OF-THE-MONEY","Sold entire holding in Jul-2021","Row Labels","CustNo","qStockCode","StockName","MthEndUint","costfc","MarketValueFC","CostPrice","MVPrice","MthEndPrice","MthEndMV","MthEndCost","curUFV"]
[null,35,212401,"BYP20B9","BAYCURRENT CONSULTING INC",{"$f":"IF(OR(D42=\"\"),\"\",IF(D42=0,0,ROUND(SUMIFS(BNYM_NAV_HistCost_MonthEnd!W:W,BNYM_NAV_HistCost_MonthEnd!I:I,D42),0)))","v":2500},"2021-12-20",388.02416388888889,{"$f":"IF(D42=\"\",\"\",IF(IF(M42=\"OUT-OF-THE-MONEY\",SUMIFS('3) OTM Reclassed Securities'!BH:BH,'3) OTM Reclassed Securities'!BE:BE,D42,'3) OTM Reclassed Securities'!BF:BF,G42,'3) OTM Reclassed Securities'!BJ:BJ,1),SUMIFS('2) ITM Reclassed Securities'!BS:BS,'2) ITM Reclassed Securities'!BP:BP,D42,'2) ITM Reclassed Securities'!BQ:BQ,G42,'2) ITM Reclassed Securities'!BU:BU,1))=0,SUMIFS(BNYM_NAV_HistCost_RCdate!$AA:$AA,BNYM_NAV_HistCost_RCdate!C:C,G42,BNYM_NAV_HistCost_RCdate!I:I,D42)/SUMIFS(BNYM_NAV_HistCost_RCdate!$W:$W,BNYM_NAV_HistCost_RCdate!C:C,G42,BNYM_NAV_HistCost_RCdate!I:I,D42),IF(M42=\"OUT-OF-THE-MONEY\",SUMIFS('3) OTM Reclassed Securities'!BH:BH,'3) OTM Reclassed Securities'!BE:BE,D42,'3) OTM Reclassed Securities'!BF:BF,G42,'3) OTM Reclassed Securities'!BJ:BJ,1),SUMIFS('2) ITM Reclassed Securities'!BS:BS,'2) ITM Reclassed Securities'!BP:BP,D42,'2) ITM Reclassed Securities'!BQ:BQ,G42,'2) ITM Reclassed Securities'!BU:BU,1))))","v":425.5515986111111},{"$f":"IF(D42=\"\",\"\",IF(F42=0,0,IF(IF(M42=\"OUT-OF-THE-MONEY\",SUMIFS('3) OTM Reclassed Securities'!BI:BI,'3) OTM Reclassed Securities'!BE:BE,D42,'3) OTM Reclassed Securities'!BF:BF,G42,'3) OTM Reclassed Securities'!BJ:BJ,1),SUMIFS('2) ITM Reclassed Securities'!BT:BT,'2) ITM Reclassed Securities'!BP:BP,D42,'2) ITM Reclassed Securities'!BQ:BQ,G42,'2) ITM Reclassed Securities'!BU:BU,1))=0,SUMIFS(BNYM_NAV_HistCost_RCdate!$AA:$AA,BNYM_NAV_HistCost_RCdate!C:C,G42,BNYM_NAV_HistCost_RCdate!I:I,D42),IF(M42=\"OUT-OF-THE-MONEY\",SUMIFS('3) OTM Reclassed Securities'!BI:BI,'3) OTM Reclassed Securities'!BE:BE,D42,'3) OTM Reclassed Securities'!BF:BF,G42,'3) OTM Reclassed Securities'!BJ:BJ,1),SUMIFS('2) ITM Reclassed Securities'!BT:BT,'2) ITM Reclassed Securities'!BP:BP,D42,'2) ITM Reclassed Securities'!BQ:BQ,G42,'2) ITM Reclassed Securities'!BU:BU,1)))))","v":1063878.9965277778},{"$f":"IF(OR(F42=\"\"),\"\",IF(F42=0,0,IF(SUMIFS(BNYM_NAV_HistCost_MonthEnd!W:W,BNYM_NAV_HistCost_MonthEnd!I:I,D42)=0,0,SUMIFS(BNYM_NAV_HistCost_MonthEnd!AG:AG,BNYM_NAV_HistCost_MonthEnd!I:I,D42)/SUMIFS(BNYM_NAV_HistCost_MonthEnd!W:W,BNYM_NAV_HistCost_MonthEnd!I:I,D42))))","v":333.05032400000005},{"$f":"IF(OR(F42=\"\"),\"\",IF(F42=0,0,ROUND(K42*F42,0)))","v":832626},"OUT-OF-THE-MONEY","Market value is below average investment cost","2021-12-20",212401,"BYP20B9","BAYCURRENT CONSULTING INC",2500,3063971.5,2793773.98,425.5515972222222,388.02416388888889,333.05032400000005,832625.81,1063878.9930555555,2500]
[null,36,212401,2459020,"INTUIT INC",{"$f":"IF(OR(D43=\"\"),\"\",IF(D43=0,0,ROUND(SUMIFS(BNYM_NAV_HistCost_MonthEnd!W:W,BNYM_NAV_HistCost_MonthEnd!I:I,D43),0)))","v":7242},"2022-03-21",466.5,{"$f":"IF(D43=\"\",\"\",IF(IF(M43=\"OUT-OF-THE-MONEY\",SUMIFS('3) OTM Reclassed Securities'!BH:BH,'3) OTM Reclassed Securities'!BE:BE,D43,'3) OTM Reclassed Securities'!BF:BF,G43,'3) OTM Reclassed Securities'!BJ:BJ,1),SUMIFS('2) ITM Reclassed Securities'!BS:BS,'2) ITM Reclassed Securities'!BP:BP,D43,'2) ITM Reclassed Securities'!BQ:BQ,G43,'2) ITM Reclassed Securities'!BU:BU,1))=0,SUMIFS(BNYM_NAV_HistCost_RCdate!$AA:$AA,BNYM_NAV_HistCost_RCdate!C:C,G43,BNYM_NAV_HistCost_RCdate!I:I,D43)/SUMIFS(BNYM_NAV_HistCost_RCdate!$W:$W,BNYM_NAV_HistCost_RCdate!C:C,G43,BNYM_NAV_HistCost_RCdate!I:I,D43),IF(M43=\"OUT-OF-THE-MONEY\",SUMIFS('3) OTM Reclassed Securities'!BH:BH,'3) OTM Reclassed Securities'!BE:BE,D43,'3) OTM Reclassed Securities'!BF:BF,G43,'3) OTM Reclassed Securities'!BJ:BJ,1),SUMIFS('2) ITM Reclassed Securities'!BS:BS,'2) ITM Reclassed Securities'!BP:BP,D43,'2) ITM Reclassed Securities'!BQ:BQ,G43,'2) ITM Reclassed Securities'!BU:BU,1))))","v":541.0976498204916},{"$f":"IF(D43=\"\",\"\",IF(F43=0,0,IF(IF(M43=\"OUT-OF-THE-MONEY\",SUMIFS('3) OTM Reclassed Securities'!BI:BI,'3) OTM Reclassed Securities'!BE:BE,D43,'3) OTM Reclassed Securities'!BF:BF,G43,'3) OTM Reclassed Securities'!BJ:BJ,1),SUMIFS('2) ITM Reclassed Securities'!BT:BT,'2) ITM Reclassed Securities'!BP:BP,D43,'2) ITM Reclassed Securities'!BQ:BQ,G43,'2) ITM Reclassed Securities'!BU:BU,1))=0,SUMIFS(BNYM_NAV_HistCost_RCdate!$AA:$AA,BNYM_NAV_HistCost_RCdate!C:C,G43,BNYM_NAV_HistCost_RCdate!I:I,D43),IF(M43=\"OUT-OF-THE-MONEY\",SUMIFS('3) OTM Reclassed Securities'!BI:BI,'3) OTM Reclassed Securities'!BE:BE,D43,'3) OTM Reclassed Securities'!BF:BF,G43,'3) OTM Reclassed Securities'!BJ:BJ,1),SUMIFS('2) ITM Reclassed Securities'!BT:BT,'2) ITM Reclassed Securities'!BP:BP,D43,'2) ITM Reclassed Securities'!BQ:BQ,G43,'2) ITM Reclassed Securities'!BU:BU,1)))))","v":3918629.18},{"$f":"IF(OR(F43=\"\"),\"\",IF(F43=0,0,IF(SUMIFS(BNYM_NAV_HistCost_MonthEnd!W:W,BNYM_NAV_HistCost_MonthEnd!I:I,D43)=0,0,SUMIFS(BNYM_NAV_HistCost_MonthEnd!AG:AG,BNYM_NAV_HistCost_MonthEnd!I:I,D43)/SUMIFS(BNYM_NAV_HistCost_MonthEnd!W:W,BNYM_NAV_HistCost_MonthEnd!I:I,D43))))","v":418.75},{"$f":"IF(OR(F43=\"\"),\"\",IF(F43=0,0,ROUND(K43*F43,0)))","v":3032588},"OUT-OF-THE-MONEY","Market value is below average investment cost","2022-03-21",212401,2459020,"INTUIT INC",7242,3922076.37,3378393,541.57364954432478,466.5,418.75,3032587.5,3922076.37,7242]
[null,37,212401,"BQ7ZVF1","EUROAPI SASU",{"$f":"IF(OR(D44=\"\"),\"\",IF(D44=0,0,ROUND(SUMIFS(BNYM_NAV_HistCost_MonthEnd!W:W,BNYM_NAV_HistCost_MonthEnd!I:I,D44),0)))","v":0},"2022-05-10",15.287350364963503,{"$f":"IF(D44=\"\",\"\",IF(IF(M44=\"OUT-OF-THE-MONEY\",SUMIFS('3) OTM Reclassed Securities'!BH:BH,'3) OTM Reclassed Securities'!BE:BE,D44,'3) OTM Reclassed Securities'!BF:BF,G44,'3) OTM Reclassed Securities'!BJ:BJ,1),SUMIFS('2) ITM Reclassed Securities'!BS:BS,'2) ITM Reclassed Securities'!BP:BP,D44,'2) ITM Reclassed Securities'!BQ:BQ,G44,'2) ITM Reclassed Securities'!BU:BU,1))=0,SUMIFS(BNYM_NAV_HistCost_RCdate!$AA:$AA,BNYM_NAV_HistCost_RCdate!C:C,G44,BNYM_NAV_HistCost_RCdate!I:I,D44)/SUMIFS(BNYM_NAV_HistCost_RCdate!$W:$W,BNYM_NAV_HistCost_RCdate!C:C,G44,BNYM_NAV_HistCost_RCdate!I:I,D44),IF(M44=\"OUT-OF-THE-MONEY\",SUMIFS('3) OTM Reclassed Securities'!BH:BH,'3) OTM Reclassed Securities'!BE:BE,D44,'3) OTM Reclassed Securities'!BF:BF,G44,'3) OTM Reclassed Securities'!BJ:BJ,1),SUMIFS('2) ITM Reclassed Securities'!BS:BS,'2) ITM Reclassed Securities'!BP:BP,D44,'2) ITM Reclassed Securities'!BQ:BQ,G44,'2) ITM Reclassed Securities'!BU:BU,1))))","v":12.758003649635036},{"$f":"IF(D44=\"\",\"\",IF(F44=0,0,IF(IF(M44=\"OUT-OF-THE-MONEY\",SUMIFS('3) OTM Reclassed Securities'!BI:BI,'3) OTM Reclassed Securities'!BE:BE,D44,'3) OTM Reclassed Securities'!BF:BF,G44,'3) OTM Reclassed Securities'!BJ:BJ,1),SUMIFS('2) ITM Reclassed Securities'!BT:BT,'2) ITM Reclassed Securities'!BP:BP,D44,'2) ITM Reclassed Securities'!BQ:BQ,G44,'2) ITM Reclassed Securities'!BU:BU,1))=0,SUMIFS(BNYM_NAV_HistCost_RCdate!$AA:$AA,BNYM_NAV_HistCost_RCdate!C:C,G44,BNYM_NAV_HistCost_RCdate!I:I,D44),IF(M44=\"OUT-OF-THE-MONEY\",SUMIFS('3) OTM Reclassed Securities'!BI:BI,'3) OTM Reclassed Securities'!BE:BE,D44,'3) OTM Reclassed Securities'!BF:BF,G44,'3) OTM Reclassed Securities'!BJ:BJ,1),SUMIFS('2) ITM Reclassed Securities'!BT:BT,'2) ITM Reclassed Securities'!BP:BP,D44,'2) ITM Reclassed Securities'!BQ:BQ,G44,'2) ITM Reclassed Securities'!BU:BU,1)))))","v":0},{"$f":"IF(OR(F44=\"\"),\"\",IF(F44=0,0,IF(SUMIFS(BNYM_NAV_HistCost_MonthEnd!W:W,BNYM_NAV_HistCost_MonthEnd!I:I,D44)=0,0,SUMIFS(BNYM_NAV_HistCost_MonthEnd!AG:AG,BNYM_NAV_HistCost_MonthEnd!I:I,D44)/SUMIFS(BNYM_NAV_HistCost_MonthEnd!W:W,BNYM_NAV_HistCost_MonthEnd!I:I,D44))))","v":0},{"$f":"IF(OR(F44=\"\"),\"\",IF(F44=0,0,ROUND(K44*F44,0)))","v":0},"IN-THE-MONEY","Sold entire holding in May-2022","2022-05-10",212401,"BQ7ZVF1","EUROAPI SASU","(blank)",32234.66,41887.339999999997,11.764474452554744,15.287350364963503,"(blank)","(blank)","(blank)","(blank)"]
[null,38,212401,"BLDBN85","ATLAS COPCO AB-B RDS",{"$f":"IF(OR(D45=\"\"),\"\",IF(D45=0,0,ROUND(SUMIFS(BNYM_NAV_HistCost_MonthEnd!W:W,BNYM_NAV_HistCost_MonthEnd!I:I,D45),0)))","v":0},"2022-05-13",0.79400524315596244,{"$f":"IF(D45=\"\",\"\",IF(IF(M45=\"OUT-OF-THE-MONEY\",SUMIFS('3) OTM Reclassed Securities'!BH:BH,'3) OTM Reclassed Securities'!BE:BE,D45,'3) OTM Reclassed Securities'!BF:BF,G45,'3) OTM Reclassed Securities'!BJ:BJ,1),SUMIFS('2) ITM Reclassed Securities'!BS:BS,'2) ITM Reclassed Securities'!BP:BP,D45,'2) ITM Reclassed Securities'!BQ:BQ,G45,'2) ITM Reclassed Securities'!BU:BU,1))=0,SUMIFS(BNYM_NAV_HistCost_RCdate!$AA:$AA,BNYM_NAV_HistCost_RCdate!C:C,G45,BNYM_NAV_HistCost_RCdate!I:I,D45)/SUMIFS(BNYM_NAV_HistCost_RCdate!$W:$W,BNYM_NAV_HistCost_RCdate!C:C,G45,BNYM_NAV_HistCost_RCdate!I:I,D45),IF(M45=\"OUT-OF-THE-MONEY\",SUMIFS('3) OTM Reclassed Securities'!BH:BH,'3) OTM Reclassed Securities'!BE:BE,D45,'3) OTM Reclassed Securities'!BF:BF,G45,'3) OTM Reclassed Securities'!BJ:BJ,1),SUMIFS('2) ITM Reclassed Securities'!BS:BS,'2) ITM Reclassed Securities'!BP:BP,D45,'2) ITM Reclassed Securities'!BQ:BQ,G45,'2) ITM Reclassed Securities'!BU:BU,1))))","v":1.0685493525868897},{"$f":"IF(D45=\"\",\"\",IF(F45=0,0,IF(IF(M45=\"OUT-OF-THE-MONEY\",SUMIFS('3) OTM Reclassed Securities'!BI:BI,'3) OTM Reclassed Securities'!BE:BE,D45,'3) OTM Reclassed Securities'!BF:BF,G45,'3) OTM Reclassed Securities'!BJ:BJ,1),SUMIFS('2) ITM Reclassed Securities'!BT:BT,'2) ITM Reclassed Securities'!BP:BP,D45,'2) ITM Reclassed Securities'!BQ:BQ,G45,'2) ITM Reclassed Securities'!BU:BU,1))=0,SUMIFS(BNYM_NAV_HistCost_RCdate!$AA:$AA,BNYM_NAV_HistCost_RCdate!C:C,G45,BNYM_NAV_HistCost_RCdate!I:I,D45),IF(M45=\"OUT-OF-THE-MONEY\",SUMIFS('3) OTM Reclassed Securities'!BI:BI,'3) OTM Reclassed Securities'!BE:BE,D45,'3) OTM Reclassed Securities'!BF:BF,G45,'3) OTM Reclassed Securities'!BJ:BJ,1),SUMIFS('2) ITM Reclassed Securities'!BT:BT,'2) ITM Reclassed Securities'!BP:BP,D45,'2) ITM Reclassed Securities'!BQ:BQ,G45,'2) ITM Reclassed Securities'!BU:BU,1)))))","v":0},{"$f":"IF(OR(F45=\"\"),\"\",IF(F45=0,0,IF(SUMIFS(BNYM_NAV_HistCost_MonthEnd!W:W,BNYM_NAV_HistCost_MonthEnd!I:I,D45)=0,0,SUMIFS(BNYM_NAV_HistCost_MonthEnd!AG:AG,BNYM_NAV_HistCost_MonthEnd!I:I,D45)/SUMIFS(BNYM_NAV_HistCost_MonthEnd!W:W,BNYM_NAV_HistCost_MonthEnd!I:I,D45))))","v":0},{"$f":"IF(OR(F45=\"\"),\"\",IF(F45=0,0,ROUND(K45*F45,0)))","v":0},"OUT-OF-THE-MONEY",null,"2022-05-13",212401,"BLDBN85","ATLAS COPCO AB-B RDS","(blank)",0,129326.78,0,0.79400524315596244,"(blank)","(blank)","(blank)","(blank)"]
[]
[]
[null,"Note :"]
[null,"All transactions are in USD unless stated otherwise."]
[]
[null,"1. Current Average Investment Cost Per Share should reflect the latest (adjusted, if any) average investment cost excluding impairment."]

{"sheet":"5) Cash Account Interest","index":11,"n_rows":123,"n_cols":19,"rows_kept":123,"cut":false,"hidden":false,"merged":[[115,1,115,8],[5,5,5,6],[5,7,5,10],[6,6,7,6],[6,7,6,10],[6,1,7,1],[6,2,7,2],[6,3,7,3],[6,4,7,4],[6,5,7,5]]}
[null,null,{"$f":"IF(OR(N1=\"\",N1=\"(blank)\"),\"\",N1)","v":""},{"$f":"IF(OR(O1=\"\",O1=\"(blank)\"),\"\",O1)","v":""},{"$f":"IF(OR(M1=\"\",M1=\"(blank)\"),\"\",M1)","v":""},{"$f":"IF(OR(P1=\"\",P1=0,P1=\"(blank)\"),\"\",P1)","v":""},{"$f":"IF(OR(Q1=\"\",Q1=\"(blank)\"),\"\",Q1)","v":""},{"$f":"IF(OR(R1=\"\",R1=FundCur,R1=\"(blank)\"),\"\",R1)","v":""},{"$f":"IF(OR(S1=\"\",S1=\"(blank)\"),\"\",S1)","v":""},{"$f":"IF(OR(S1=\"\",F1=\"\",S1=\"(blank)\"),\"\",ROUND(S1*F1,8))","v":""},{"$f":"IF(OR(S1=\"\",G1=\"\",S1=\"(blank)\"),\"\",ROUND(J1*G1,2))","v":""}]
[null,{"$f":"\"INTEREST (NCI) RECEIVED ON CASH ACCOUNT IN \"&UPPER(TEXT(EndDate,\"MMMm-yyyy\"))","v":"INTEREST (NCI) RECEIVED ON CASH ACCOUNT IN MAY-2022"},null,null,null,null,"."]
[]
[null,"Mandate :",null,{"$f":"FundName","v":"EPF SHARIAH WORLD NOMURA ISLAMIC"}]
[null,"Portfolio Manager :",null,"NOMURA ISLAMIC ASSET MANAGEMENT SDN BHD"]
[null,null,null,null,null,"Currency Exchange Rate1",null,"Non-Compliant Income (NCI) "]
[null,"No.","Custody Account No.","Account Name","Payment Date\n(DD/MM/YY)","Local Currency to USD","USD to MYR","Interest Income on Cash Account"]
[null,null,null,null,null,null,null,"Local Currency3","Amount","USD","RM"]
[null,1,212401,"EPF-SHWORLD-USD","2017-04-27",null,4.3475000000000001,null,null,12824.48,55754.426800000001]
[null,2,212401,"EPF-SHWORLD-USD","2017-04-28",null,4.34,null,null,4638.8599999999997,20132.652399999999]
[null,3,212401,"EPF-SHWORLD-USD","2017-05-31",null,4.28,null,null,4636.03,19842.2084]
[null,4,212401,"EPF-SHWORLD-USD","2017-06-30",null,4.2939999999999996,null,null,6518.86,27991.984839999997]
[null,5,212401,"EPF-SHWORLD-USD","2017-07-31",null,4.2789999999999999,null,null,8435.89,36097.173309999998]
[null,6,212401,"EPF-SHWORLD-USD","2017-08-11",null,4.2949999999999999,null,null,2.12,9.1053999999999995]
[null,7,212401,"EPF-SHWORLD-USD","2017-08-31",null,4.2705000000000002,null,null,10276.56,43886.049480000001]
[null,8,212401,"EPF-SHWORLD-USD","2017-09-29",null,4.2220000000000004,null,null,9994.56,42197.032319999998]
[null,9,212401,"EPF-SHWORLD-USD","2017-10-31",null,4.2309999999999999,null,null,9729.18,41164.160580000003]
[null,10,212401,"EPF-SHWORLD-USD","2017-11-30",null,4.0875000000000004,null,null,8288.51,33879.284625]
[null,11,212401,"EPF-SHWORLD-USD","2017-12-29",null,4.0475000000000003,null,null,8366.7800000000007,33864.542050000004]
[null,12,212401,"EPF-SHWORLD-USD","2018-01-31",null,3.8984999999999999,null,null,9938.3700000000008,38744.735444999998]
[null,13,212401,"EPF-SHWORLD-USD","2018-02-28",null,3.9215,null,null,9398.51,36856.256965]
[null,14,212401,"EPF-SHWORLD-USD","2018-03-30",null,3.863,null,null,8807.01,34021.479630000002]
[null,15,212401,"EPF-SHWORLD-USD","2018-04-03",null,3.8639999999999999,null,null,427.21,1650.7394399999998]
[null,16,212401,"EPF-SHWORLD-USD","2018-04-30",null,3.9205000000000001,null,null,10706.46,41974.67643]
[null,17,212401,"EPF-SHWORLD-USD","2018-05-31",null,3.9784999999999999,null,null,10713.01,42621.710285000001]
[null,18,212401,"EPF-SHWORLD-USD","2018-06-29",null,4.0374999999999996,null,null,7162.71,28919.441624999996]
[null,19,212401,"EPF-SHWORLD-USD","2018-07-03",null,4.0475000000000003,null,null,886.19,3586.8540250000005]
[null,20,212401,"EPF-SHWORLD-USD","2018-07-31",null,4.0650000000000004,null,null,6657.54,27062.900100000003]
[null,21,212401,"EPF-SHWORLD-USD","2018-08-31",null,4.1105,null,null,9859.32,40526.734859999997]
[null,22,212401,"EPF-SHWORLD-USD","2018-09-28",null,4.1364999999999998,null,null,8650.11,35781.180014999998]
[null,23,212401,"EPF-SHWORLD-GBP","2018-09-28",1.3040499527,4.1364999999999998,"GBP",0.18,0.23472899148599999,0.97095647328183887]
[null,24,212401,"EPF-SHWORLD-USD","2018-10-31",null,4.1840000000000002,"","",4472.92,18714.69728]
[null,25,212401,"EPF-SHWORLD-USD","2018-11-30",null,4.1879999999999997,"","",6863.68,28745.091840000001]
[null,26,212401,"EPF-SHWORLD-GBP","2018-11-30",1.2758999718999999,4.1879999999999997,"GBP",0.57999999999999996,0.7400219837019999,3.0992120677439754]
[null,27,212401,"EPF-SHWORLD-USD","2018-12-31",null,4.1360000000000001,"","",6789.5,28081.371999999999]
[null,28,212401,"EPF-SHWORLD-USD","2019-01-31",null,4.0904999999999996,"","",2883.18,11793.647789999997]
[null,29,212401,"EPF-SHWORLD-GBP","2019-02-28",1.3300999667,4.0685000000000002,"GBP",0.37,0.49213698767899999,2.0022593343720114]
[null,30,212401,"EPF-SHWORLD-USD","2019-02-28",null,4.0685000000000002,"","",1810.72,7366.9143200000008]
[null,31,212401,"EPF-SHWORLD-USD","2019-03-29",null,4.085,"","",1876.84,7666.8913999999995]
[null,32,212401,"EPF-SHWORLD-USD","2019-04-30",null,4.1364999999999998,"","",4206.62,17400.68363]
[null,33,212401,"EPF-SHWORLD-USD","2019-05-31",null,4.1905000000000001,"","",3016.59,12641.020395000001]
[null,34,212401,"EPF-SHWORLD-USD","2019-06-28",null,4.1334999999999997,"","",13803.08,57055.031179999998]
[null,35,212401,"EPF-SHWORLD-USD","2019-07-31",null,4.1304999999999996,"","",3254.71,13443.579655]
[null,36,212401,"EPF-SHWORLD-USD","2019-08-30",null,4.2149999999999999,"","",17168.97,72367.208549999996]
[null,37,212401,"EPF-SHWORLD-AUD","2019-08-30",0.67374996620000005,4.2149999999999999,"AUD",3.42,2.3042248844040003,9.7123078877628615]
[null,38,212401,"EPF-SHWORLD-GBP","2019-09-30",1.2322999671999999,4.1900000000000004,"GBP",11.28,13.900343630015998,58.242439809767035]
[null,39,212401,"EPF-SHWORLD-USD","2019-09-30",null,4.1900000000000004,"","",7000.94,29333.938600000001]
[null,40,212401,"EPF-SHWORLD-AUD","2019-10-31",0.68894996789999996,4.1734999999999998,"AUD",4.96,3.4171918407839996,14.261650147512022]
[null,41,212401,"EPF-SHWORLD-USD","2019-10-31",null,4.1734999999999998,"","",2609.7600000000002,10891.833360000001]
[null,42,212401,"EPF-SHWORLD-USD","2019-10-31",null,4.1734999999999998,"","",0.65,2.7127750000000002]
[null,43,212401,"EPF-SHWORLD-USD","2019-11-29",null,4.1760000000000002,"","",1985.98,8293.4524799999999]
[null,44,212401,"EPF-SHWORLD-GBP","2019-11-29",1.2934999673000001,4.1760000000000002,"GBP",24.17,31.263894209641002,130.55802221946084]
[null,45,212401,"EPF-SHWORLD-USD","2019-12-31",null,4.093,"","",4866,19916.538]
[null,46,212401,"EPF-SHWORLD-USD","2020-01-31",null,4.0934999999999997,"","",2030.86,8313.3254099999995]
[null,47,212401,"EPF-SHWORLD-USD","2020-02-28",null,4.2169999999999996,"","",944.06,3981.1010199999996]
[null,48,212401,"EPF-SHWORLD-USD","2020-03-31",null,4.3129999999999997,"","",411.63,1775.3601899999999]
[null,49,212401,"EPF-SHWORLD-USD","2020-04-30",null,4.3049999999999997,"","",9.4,40.466999999999999]
[null,50,212401,"EPF-SHWORLD-USD","2020-05-29",null,4.3455000000000004,"","",82.87,360.11158500000005]
[null,51,212401,"EPF-SHWORLD-USD","2020-06-30",null,4.2824999999999998,"","",33.69,144.27742499999999]
[null,52,212401,"EPF-SHWORLD-USD","2020-07-09",null,4.2625000000000002,"","",10.17,43.349625000000003]
[null,53,212401,"EPF-SHWORLD-USD","2020-07-31",null,4.24,"","",61.81,262.07440000000003]
[null,54,212401,"EPF-SHWORLD-USD","2020-08-31",null,4.1654999999999998,"","",58.69,244.47319499999998]
[null,55,212401,"EPF-SHWORLD-AUD","2020-09-30",0.71674996719999995,4.1555,"AUD",0.19,0.13618249376799998,0.5659063528529239]
[null,56,212401,"EPF-SHWORLD-GBP","2020-09-30",1.292799969,4.1555,"GBP",0.03,3.8783999069999998E-2,0.16116690813538498]
[null,57,212401,"EPF-SHWORLD-USD","2020-09-30",null,4.1555,"","",4.3,17.868649999999999]
[null,58,212401,"EPF-SHWORLD-USD","2020-10-29",null,4.1544999999999996,"","",-4.16,-17.282719999999998]
[null,59,212401,"EPF-SHWORLD-AUD","2020-10-30",0.70224996740000001,4.1550000000000002,"AUD",0.63,0.442417479462,1.83824462716461]
[null,60,212401,"EPF-SHWORLD-AUD","2020-11-30",0.73684997090000004,4.0739999999999998,"AUD",0.3,0.22105499127,0.90057803443397999]
[null,61,212401,"EPF-SHWORLD-AUD","2021-01-29",0.76724997169999998,4.0425000000000004,"AUD",1.35,1.035787461795,4.1871708143062882]
[null,62,212401,"EPF-SHWORLD-GBP","2021-01-29",1.3731999648,4.0425000000000004,"GBP",0.01,1.3731999647999999E-2,5.5511608577040003E-2]
[null,63,212401,"EPF-SHWORLD-AUD","2021-02-26",0.7741999477,4.0475000000000003,"AUD",12.1,9.3678193671700001,37.916248888620579]
[null,64,212401,"EPF-SHWORLD-AUD","2021-04-30",0.77244997230000001,4.0964,"AUD",1.67,1.289991453741,5.2843209911046323]
[null,65,212401,"EPF-SHWORLD-AUD","2021-05-31",0.77404996859999997,4.1245000000000003,"AUD",3.4,2.63176989324,10.854734924668382]
[null,66,212401,"EPF-SHWORLD-GBP","2021-07-30",1.3903499534999999,4.22,"GBP",0.15,0.20855249302499998,0.88009152056549989,null,"Row Labels","CustNo","AccName","ExRateSCUSD","ExRateUSDMYR","qCurrencyCode","Amount"]
[null,67,212401,"EPF-SHWORLD-AUD","2021-09-30",0.72234996740612478,4.1864999999999997,"AUD",3.62,2.6149068799999999,10.95,null,"2021-09-30",212401,"EPF-SHWORLD-AUD",0.72234996740612478,4.1864999999999997,"AUD",3.62]
[null,68,212401,"EPF-SHWORLD-AUD","2021-10-29",0.75109994455830875,4.1425000000000001,"AUD",1.17,0.87878694000000002,3.64,null,"2021-10-29",212401,"EPF-SHWORLD-AUD",0.75109994455830875,4.1425000000000001,"AUD",1.17]
[null,69,212401,"EPF-SHWORLD-GBP","2021-10-29",1.3707499452453933,4.1425000000000001,"GBP",0.3,0.41122498000000002,1.7,null,"2021-10-29",212401,"EPF-SHWORLD-GBP",1.3707499452453933,4.1425000000000001,"GBP",0.3]
[null,70,212401,"EPF-SHWORLD-AUD","2021-11-30",0.70904996777226093,4.2115,"AUD",0.62,0.43961097999999998,1.85,null,"2021-11-30",212401,"EPF-SHWORLD-AUD",0.70904996777226093,4.2115,"AUD",0.62]
[null,71,212401,"EPF-SHWORLD-GBP","2021-11-30",1.3229999627443212,4.2115,"GBP",0.04,5.2920000000000002E-2,0.22,null,"2021-11-30",212401,"EPF-SHWORLD-GBP",1.3229999627443212,4.2115,"GBP",0.04]
[null,72,212401,"EPF-SHWORLD-GBP","2021-12-31",1.3544499484625021,4.1660000000000004,"GBP",0.11,0.14898949,0.62,null,"2021-12-31",212401,"EPF-SHWORLD-GBP",1.3544499484625021,4.1660000000000004,"GBP",0.11]
[null,73,212401,"EPF-SHWORLD-GBP","2022-01-31",1.3416499530623762,4.1855000000000002,"GBP",0.89,1.19406846,5,null,"2022-01-31",212401,"EPF-SHWORLD-GBP",1.3416499530623762,4.1855000000000002,"GBP",0.89]
[null,74,212401,"EPF-SHWORLD-AUD","2022-02-28",0.72564996812328542,4.1985000000000001,"AUD",1.63,1.1828094499999999,4.97,null,"2022-02-28",212401,"EPF-SHWORLD-AUD",0.72564996812328542,4.1985000000000001,"AUD",1.63]
[null,75,212401,"EPF-SHWORLD-AUD","2022-04-29",0.71064996813587678,4.3499999999999996,"AUD",3.04,2.1603759,9.4,null,"2022-04-29",212401,"EPF-SHWORLD-AUD",0.71064996813587678,4.3499999999999996,"AUD",3.04]
[null,null,null,null,null,null,null,null,"Total Interest Income",253248.55232723992,1045764.9088826097]
[]
[null,null,"Cash Sweep Service Fees (If applicable)",null,null,null,null,null,null,"Cash Sweep Fees2"]
[null,null,null,null,null,null,null,null,null,"USD","RM"]
[null,1,212401,"EPF-SHWORLD-USD (Jan 2018)","2018-04-30",null,3.9205000000000001,null,null,350,1372.175]
[null,2,212401,"EPF-SHWORLD-USD (Feb 2018)","2018-04-30",null,3.9205000000000001,null,null,500,1960.25]
[null,3,212401,"EPF-SHWORLD-USD (Mar 2018)","2018-04-30",null,3.9205000000000001,null,null,500,1960.25]
[null,4,212401,"EPF-SHWORLD-USD (Apr 2018)","2018-05-29",null,3.9834999999999998,null,null,500,1991.75]
[null,5,212401,"EPF-SHWORLD-USD (May 2018)","2018-06-28",null,4.0445000000000002,null,null,500,2022.25]
[null,6,212401,"EPF-SHWORLD-USD (Jun 2018)","2018-07-30",null,4.0644999999999998,null,null,500,2032.25]
[null,7,212401,"EPF-SHWORLD-USD (Jul 2018)","2018-08-28",null,4.0955000000000004,null,null,500,2047.7500000000002]
[null,8,212401,"EPF-SHWORLD-USD (Aug 2018)","2018-09-28",null,4.1364999999999998,null,null,500,2068.25]
[null,9,212401,"EPF-SHWORLD-USD (Sep 2018)","2018-10-29",null,4.18,null,null,500,2090]
[null,10,212401,"EPF-SHWORLD-USD (Oct 2018)","2018-11-28",null,4.1974999999999998,null,null,500,2098.75]
[null,11,212401,"EPF-SHWORLD-USD (Nov 2018)","2018-12-28",null,4.1574999999999998,null,null,500,2078.75]
[null,12,212401,"EPF-SHWORLD-USD (Dec 2018)","2019-01-28",null,4.1105,null,null,166.67,685.09703500000001]
[null,13,212401,"EPF-SHWORLD-USD (Jan 2019)","2019-03-28",null,4.0789999999999997,null,null,833.33,3399.1530699999998]
[null,14,212401,"EPF-SHWORLD-USD (Feb 2019)","2019-03-28",null,4.0789999999999997,null,null,500,2039.4999999999998]
[null,15,212401,"EPF-SHWORLD-USD (Mar 2019)","2019-04-29",null,4.133,null,null,500,2066.5]
[null,16,212401,"EPF-SHWORLD-USD (Apr 2019)","2019-05-28",null,4.1870000000000003,null,null,500,2093.5]
[null,17,212401,"EPF-SHWORLD-USD (May 2019)","2019-06-28",null,4.1334999999999997,null,null,500,2066.75]
[null,18,212401,"EPF-SHWORLD-USD (Jun 2019)","2019-07-29",null,4.1260000000000003,null,null,500,2063]
[null,19,212401,"EPF-SHWORLD-USD (Jul 2019)","2019-08-28",null,4.2130000000000001,null,null,500,2106.5]
[null,20,212401,"EPF-SHWORLD-USD (Aug 2019)","2019-09-30",null,4.1900000000000004,null,null,500,2095]
[null,21,212401,"EPF-SHWORLD-USD (Sep 2019)","2019-10-28",null,4.1859999999999999,null,null,500,2093]
[null,22,212401,"EPF-SHWORLD-USD (Oct 2019)","2019-11-29",null,4.1760000000000002,null,null,500,2088]
[null,23,212401,"EPF-SHWORLD-USD (Nov 2019)","2019-12-30",null,4.1100000000000003,null,null,500,2055]
[null,24,212401,"EPF-SHWORLD-USD (Dec 2019)","2020-01-28",null,4.0839999999999996,null,null,500,2041.9999999999998]
[null,25,212401,"EPF-SHWORLD-USD (Jan 2020)","2020-02-28",null,4.2169999999999996,null,null,500,2108.5]
[null,26,212401,"EPF-SHWORLD-USD (Feb 2020)","2020-03-30",null,4.335,null,null,500,2167.5]
[null,27,212401,"EPF-SHWORLD-USD (Mar 2020)","2020-04-28",null,4.367,null,null,500,2183.5]
[null,28,212401,"EPF-SHWORLD-USD (Apr 2020)","2020-05-28",null,4.3570000000000002,null,null,500,2178.5]
[null,"Total NCI ",null,null,null,null,null,null,null,239396.39195133955,988502.08374309249]
[]
[]
[null,"Note :"]
[]
[null,"1. Exchange rate is based on the rate on the payment date. "]
[null,"2. Cash sweep service fees will be deducted from total interest income on cash account."]
[null,"3. Local currency type as per the interest income received to be filled by EFM. (e.g GBP, CAD, AUD )"]

{"sheet":"BNYM_NAV_HistCost_RCdate","index":12,"n_rows":377,"n_cols":41,"rows_kept":377,"cut":false,"hidden":false,"merged":[]}
["EPF SHAR W NOM (MYR HC) Distribution"]
[]
[]
[]
[]
[]
["Account Number",null,"Position Date",null,"Account Number",null,"Account Name",null,"Security SEDOL",null,"Security ISIN",null,"Stock Ticker",null,"Security Description (Long 1)",null,"Security Description (Long 2)",null,"Asset Group",null,"Trading Currency",null,"Shares/Par",null,"Amortized Cost",null,"Amortized Cost (Base)",null,"Price (Price File)",null,"Traded Market Value",null,"Traded Market Value (Base)",null,"Accrued Income Net",null,"Accrued Income Net (Base)",null,"Traded MV and Accrued Incm",null,"Traded MV and Accrued Incm (Base)"]
[]
["000000000212401",null,"2015-06-22",null,"000000000212401",null,"EPF SHARIAH WD NOM USD",null,"B92SR70",null,"US00287Y1091",null,"ABBV UN",null,"ABBVIE INC",null,"COMMON STOCK PAR USD 0.01",null,"S",null,"USD",null,113571,null,7369258.3700000001,null,7369258.3700000001,null,70.12,null,7963598.5199999996,null,7963598.5199999996,null,0,null,0,null,7963598.5199999996,null,7963598.5199999996]
["000000000212401",null,"2015-06-22",null,"000000000212401",null,"EPF SHARIAH WD NOM USD",null,"2795393",null,"US03073E1055",null,"ABC UN",null,"AMERISOURCEBERGEN CORP",null,"COMMON STOCK PAR USD 0.01",null,"S",null,"USD",null,33935,null,3657058.41,null,3657058.41,null,111.79,null,3793593.65,null,3793593.65,null,0,null,0,null,3793593.65,null,3793593.65]
["000000000212401",null,"2015-06-22",null,"000000000212401",null,"EPF SHARIAH WD NOM USD",null,"2043962",null,"US0374111054",null,"APA UN",null,"APACHE CORP",null,"COMMON STOCK PAR USD 0.625",null,"S",null,"USD",null,41553,null,3731412.62,null,3731412.62,null,57.53,null,2390544.09,null,2390544.09,null,0,null,0,null,2390544.09,null,2390544.09]
["000000000212401",null,"2015-06-22",null,"000000000212401",null,"EPF SHARIAH WD NOM USD",null,"2046251",null,"US0378331005",null,"AAPL UW",null,"APPLE INC",null,"COMMON STOCK PAR USD 0.00001",null,"S",null,"USD",null,128600,null,15474793.23,null,15474793.23,null,127.61,null,16410646,null,16410646,null,0,null,0,null,16410646,null,16410646]
["000000000212401",null,"2015-06-22",null,"000000000212401",null,"EPF SHARIAH WD NOM USD",null,"2455965",null,"US09062X1037",null,"BIIB UW",null,"BIOGEN INC",null,"COMMON STOCK PAR USD 0.0005",null,"S",null,"USD",null,6360,null,2653947.23,null,2653947.23,null,417.57,null,2655745.2000000002,null,2655745.2000000002,null,0,null,0,null,2655745.2000000002,null,2655745.2000000002]
["000000000212401",null,"2015-06-22",null,"000000000212401",null,"EPF SHARIAH WD NOM USD",null,"0922320",null,"GB0009223206",null,"SN/ LN",null,"SMITH & NEPHEW PLC",null,"COMMON STOCK PAR USD 0.2",null,"S",null,"GBP",null,212973,null,2160673.4500000002,null,3469279.84,null,10.87,null,2315016.5099999998,null,3661894.13,null,0,null,0,null,2315016.5099999998,null,3661894.13]
["000000000212401",null,"2015-06-22",null,"000000000212401",null,"EPF SHARIAH WD NOM USD",null,"0989529",null,"GB0009895292",null,"AZN LN",null,"ASTRAZENECA PLC",null,"COMMON STOCK PAR USD 0.25",null,"S",null,"GBP",null,100164,null,4247730.7300000004,null,6949352.1299999999,null,42.42,null,4248956.88,null,6721001.8499999996,null,0,null,0,null,4248956.88,null,6721001.8499999996]
["000000000212401",null,"2015-06-22",null,"000000000212401",null,"EPF SHARIAH WD NOM USD",null,"2577609",null,"US1266501006",null,"CVS UN",null,"CVS HEALTH CORP",null,"COMMON STOCK PAR USD 0.01",null,"S",null,"USD",null,64979,null,6202129.6799999997,null,6202129.6799999997,null,106.14,null,6896871.0599999996,null,6896871.0599999996,null,0,null,0,null,6896871.0599999996,null,6896871.0599999996]
["000000000212401",null,"2015-06-22",null,"000000000212401",null,"EPF SHARIAH WD NOM USD",null,"2685717",null,"US20825C1045",null,"COP UN",null,"CONOCOPHILLIPS",null,"COMMON STOCK PAR USD 0.01",null,"S",null,"USD",null,96491,null,7433717.2400000002,null,7433717.2400000002,null,62.58,null,6038406.7800000003,null,6038406.7800000003,null,0,null,0,null,6038406.7800000003,null,6038406.7800000003]
["000000000212401",null,"2015-06-22",null,"000000000212401",null,"EPF SHARIAH WD NOM USD",null,"2171573",null,"CA1363851017",null,"CNQ CT",null,"CANADIAN NATURAL RESOURCES",null,"COMMON STOCK",null,"S",null,"CAD",null,76379,null,3440373.58,null,3167946.11,null,35.04,null,2676320.16,null,2179236.35,null,13175.38,null,10728.26,null,2693887.33,null,2193540.7000000002]
["000000000212401",null,"2015-06-22",null,"000000000212401",null,"EPF SHARIAH WD NOM USD",null,"2272476",null,"US2567461080",null,"DLTR UW",null,"DOLLAR TREE INC",null,"COMMON STOCK PAR USD 0.01",null,"S",null,"USD",null,56823,null,4166447.88,null,4166447.88,null,80.64,null,4582206.72,null,4582206.72,null,0,null,0,null,4582206.72,null,4582206.72]
["000000000212401",null,"2015-06-22",null,"000000000212401",null,"EPF SHARIAH WD NOM USD",null,"2018175",null,"US2635341090",null,"DD UN",null,"DU PONT (E.I.) DE NEMOURS",null,"COMMON STOCK PAR USD 0.3",null,"S",null,"USD",null,70167,null,5136160.8600000003,null,5136160.8600000003,null,69.989999999999995,null,4910988.33,null,4910988.33,null,0,null,0,null,4910988.33,null,4910988.33]
["000000000212401",null,"2015-06-22",null,"000000000212401",null,"EPF SHARIAH WD NOM USD",null,"2318024",null,"US26875P1012",null,"EOG UN",null,"EOG RESOURCES INC",null,"COMMON STOCK PAR USD 0.01",null,"S",null,"USD",null,57942,null,5548127.6500000004,null,5548127.6500000004,null,88.08,null,5103531.3600000003,null,5103531.3600000003,null,0,null,0,null,5103531.3600000003,null,5103531.3600000003]
["000000000212401",null,"2015-06-22",null,"000000000212401",null,"EPF SHARIAH WD NOM USD",null,"2670519",null,"US30161N1019",null,"EXC UN",null,"EXELON CORP",null,"COMMON STOCK",null,"S",null,"USD",null,118856,null,4039083.49,null,4039083.49,null,33.4,null,3969790.4,null,3969790.4,null,0,null,0,null,3969790.4,null,3969790.4]
["000000000212401",null,"2015-06-22",null,"000000000212401",null,"EPF SHARIAH WD NOM USD",null,"B7QQYV9",null,"US30219G1085",null,"ESRX UW",null,"EXPRESS SCRIPTS HOLDING CO",null,"COMMON STOCK PAR USD 0.01",null,"S",null,"USD",null,61600,null,5098447.2300000004,null,5098447.2300000004,null,91.05,null,5608680,null,5608680,null,0,null,0,null,5608680,null,5608680]
["000000000212401",null,"2015-06-22",null,"000000000212401",null,"EPF SHARIAH WD NOM USD",null,"2326618",null,"US30231G1022",null,"XOM UN",null,"EXXON MOBIL CORP",null,"COMMON STOCK",null,"S",null,"USD",null,131376,null,12658529.5,null,12658529.5,null,85.17,null,11189293.92,null,11189293.92,null,0,null,0,null,11189293.92,null,11189293.92]
["000000000212401",null,"2015-06-22",null,"000000000212401",null,"EPF SHARIAH WD NOM USD",null,"B7TL820",null,"US30303M1027",null,"FB UW",null,"FACEBOOK INC-A",null,"COMMON STOCK PAR USD 0.000006",null,"S",null,"USD",null,77260,null,6386483.8899999997,null,6386483.8899999997,null,84.74,null,6547012.4000000004,null,6547012.4000000004,null,0,null,0,null,6547012.4000000004,null,6547012.4000000004]
["000000000212401",null,"2015-06-22",null,"000000000212401",null,"EPF SHARIAH WD NOM USD",null,"2696838",null,"US3434121022",null,"FLR UN",null,"FLUOR CORP",null,"COMMON STOCK PAR USD 0.01",null,"S",null,"USD",null,44886,null,3404286.16,null,3404286.16,null,55.96,null,2511820.56,null,2511820.56,null,6598.24,null,6598.24,null,2521246.62,null,2521246.62]
["000000000212401",null,"2015-06-22",null,"000000000212401",null,"EPF SHARIAH WD NOM USD",null,"2352118",null,"US35671D8570",null,"FCX UN",null,"FREEPORT-MCMORAN INC",null,"COMMON STOCK PAR USD 0.1",null,"S",null,"USD",null,109130,null,3629310.2,null,3629310.2,null,19.399999999999999,null,2117122,null,2117122,null,0,null,0,null,2117122,null,2117122]
["000000000212401",null,"2015-06-22",null,"000000000212401",null,"EPF SHARIAH WD NOM USD",null,"B665KZ5",null,"US37045V1008",null,"GM UN",null,"GENERAL MOTORS CO",null,"COMMON STOCK PAR USD 0.01",null,"S",null,"USD",null,112072,null,4109551.98,null,4109551.98,null,36.19,null,4055885.68,null,4055885.68,null,28242.14,null,28242.14,null,4096231.6,null,4096231.6]
["000000000212401",null,"2015-06-22",null,"000000000212401",null,"EPF SHARIAH WD NOM USD",null,"2369174",null,"US3755581036",null,"GILD UW",null,"GILEAD SCIENCES INC",null,"COMMON STOCK PAR USD 0.001",null,"S",null,"USD",null,59474,null,6591045.4699999997,null,6591045.4699999997,null,121.49,null,7225496.2599999998,null,7225496.2599999998,null,21137.42,null,21137.42,null,7255692.5800000001,null,7255692.5800000001]
["000000000212401",null,"2015-06-22",null,"000000000212401",null,"EPF SHARIAH WD NOM USD",null,"4031976",null,"DE000A1EWWW0",null,"ADS GY",null,"ADIDAS AG",null,"COMMON STOCK",null,"S",null,"EUR",null,30615,null,2407529.9900000002,null,3280588.43,null,70.569999999999993,null,2160500.5499999998,null,2462215.5099999998,null,0,null,0,null,2160500.5499999998,null,2462215.5099999998]
["000000000212401",null,"2015-06-22",null,"000000000212401",null,"EPF SHARIAH WD NOM USD",null,"4356646",null,"CH0011037469",null,"SYNN VX",null,"SYNGENTA AG-REG",null,"COMMON STOCK PAR CHF 0.1",null,"S",null,"CHF",null,4281,null,1493153.41,null,1604654.23,null,400.2,null,1713256.2,null,1866902.26,null,0,null,0,null,1713256.2,null,1866902.26]
["000000000212401",null,"2015-06-22",null,"000000000212401",null,"EPF SHARIAH WD NOM USD",null,"2005973",null,"US4592001014",null,"IBM UN",null,"INTL BUSINESS MACHINES CORP",null,"COMMON STOCK PAR USD 0.2",null,"S",null,"USD",null,18228,null,3617018.48,null,3617018.48,null,167.73,null,3057382.44,null,3057382.44,null,0,null,0,null,3057382.44,null,3057382.44]
["000000000212401",null,"2015-06-22",null,"000000000212401",null,"EPF SHARIAH WD NOM USD",null,"4617859",null,"DE0005552004",null,"DPW GY",null,"DEUTSCHE POST AG-REG",null,"COMMON STOCK",null,"S",null,"EUR",null,154755,null,3921043.51,null,5152876.93,null,27,null,4178385,null,4761898.5199999996,null,0,null,0,null,4178385,null,4761898.5199999996]
["000000000212401",null,"2015-06-22",null,"000000000212401",null,"EPF SHARIAH WD NOM USD",null,"4846288",null,"DE0007164600",null,"SAP GY",null,"SAP SE",null,"COMMON STOCK",null,"S",null,"EUR",null,41811,null,2402523.21,null,3214959.16,null,66.290000000000006,null,2771651.19,null,3158713.64,null,0,null,0,null,2771651.19,null,3158713.64]
["000000000212401",null,"2015-06-22",null,"000000000212401",null,"EPF SHARIAH WD NOM USD",null,"2607647",null,"US4851703029",null,"KSU UN",null,"KANSAS CITY SOUTHERN",null,"COMMON STOCK PAR USD 0.01",null,"S",null,"USD",null,36810,null,4010630.19,null,4010630.19,null,95.76,null,3524925.6,null,3524925.6,null,8503.11,null,8503.11,null,3537072.9,null,3537072.9]
["000000000212401",null,"2015-06-22",null,"000000000212401",null,"EPF SHARIAH WD NOM USD",null,"4874160",null,"FR0000131708",null,"TEC FP",null,"TECHNIP SA",null,"COMMON STOCK PAR EUR 0.7625",null,"S",null,"EUR",null,18777,null,1501441.83,null,2036728.24,null,57.34,null,1076673.18,null,1227031.1200000001,null,0,null,0,null,1076673.18,null,1227031.1200000001]
["000000000212401",null,"2015-06-22",null,"000000000212401",null,"EPF SHARIAH WD NOM USD",null,"5069211",null,"DE000BAY0017",null,"BAYN GY",null,"BAYER AG-REG",null,"COMMON STOCK",null,"S",null,"EUR",null,43908,null,5776589.5800000001,null,6474099.2699999996,null,133.6,null,5866108.7999999998,null,6685313.7800000003,null,0,null,0,null,5866108.7999999998,null,6685313.7800000003]
["000000000212401",null,"2015-06-22",null,"000000000212401",null,"EPF SHARIAH WD NOM USD",null,"5727973",null,"DE0007236101",null,"SIE GY",null,"SIEMENS AG-REG",null,"COMMON STOCK",null,"S",null,"EUR",null,40464,null,3781179.27,null,5113709.1399999997,null,96.66,null,3911250.24,null,4457458.26,null,0,null,0,null,3911250.24,null,4457458.26]
["000000000212401",null,"2015-06-22",null,"000000000212401",null,"EPF SHARIAH WD NOM USD",null,"2573760",null,"US57772K1016",null,"MXIM UW",null,"MAXIM INTEGRATED PRODUCTS",null,"COMMON STOCK PAR USD 0.001",null,"S",null,"USD",null,0,null,0,null,0,null,35.65,null,0,null,0,null,0,null,0,null,0,null,0]
["000000000212401",null,"2015-06-22",null,"000000000212401",null,"EPF SHARIAH WD NOM USD",null,"B4W9F29",null,"US5828391061",null,"MJN UN",null,"MEAD JOHNSON NUTRITION CO",null,"COMMON STOCK PAR USD 0.01",null,"S",null,"USD",null,41816,null,4076253.79,null,4076253.79,null,91.29,null,3817382.64,null,3817382.64,null,12074.37,null,12074.37,null,3834631.74,null,3834631.74]
["000000000212401",null,"2015-06-22",null,"000000000212401",null,"EPF SHARIAH WD NOM USD",null,"2592174",null,"US5950171042",null,"MCHP UW",null,"MICROCHIP TECHNOLOGY INC",null,"COMMON STOCK PAR USD 0.001",null,"S",null,"USD",null,88589,null,4270613.74,null,4270613.74,null,50.41,null,4465771.49,null,4465771.49,null,0,null,0,null,4465771.49,null,4465771.49]
["000000000212401",null,"2015-06-22",null,"000000000212401",null,"EPF SHARIAH WD NOM USD",null,"2588184",null,"US5951121038",null,"MU UW",null,"MICRON TECHNOLOGY INC",null,"COMMON STOCK PAR USD 0.1",null,"S",null,"USD",null,213817,null,6891230.8099999996,null,6891230.8099999996,null,24.63,null,5266312.71,null,5266312.71,null,0,null,0,null,5266312.71,null,5266312.71]
["000000000212401",null,"2015-06-22",null,"000000000212401",null,"EPF SHARIAH WD NOM USD",null,"5959378",null,"SE0000108656",null,"ERICB S",null,"ERICSSON LM-B SHS",null,"COMMON STOCK PAR SEK 5",null,"S",null,"SEK",null,261475,null,24943539.050000001,null,2953708.44,null,91,null,23794225,null,2932616.64,null,0,null,0,null,23794225,null,2932616.64]
["000000000212401",null,"2015-06-22",null,"000000000212401",null,"EPF SHARIAH WD NOM USD",null,"5962332",null,"NL0000226223",null,"STM FP",null,"STMICROELECTRONICS NV",null,"COMMON STOCK PAR EUR 1.04",null,"S",null,"EUR",null,499496,null,3495849.19,null,4513697.42,null,7.3540000000000001,null,3673293.58,null,4186270.84,null,0,null,0,null,3673293.58,null,4186270.84]
["000000000212401",null,"2015-06-22",null,"000000000212401",null,"EPF SHARIAH WD NOM USD",null,"5980613",null,"CH0010645932",null,"GIVN VX",null,"GIVAUDAN-REG",null,"COMMON STOCK PAR CHF 10",null,"S",null,"CHF",null,1670,null,2704883.95,null,3032558.98,null,1677,null,2800590,null,3051748.94,null,0,null,0,null,2800590,null,3051748.94]
["000000000212401",null,"2015-06-22",null,"000000000212401",null,"EPF SHARIAH WD NOM USD",null,"6021500",null,"JP3126400005",null,"6770 JT",null,"ALPS ELECTRIC CO LTD",null,"COMMON STOCK",null,"S",null,"JPY",null,141700,null,431808279,null,3589481.09,null,3595,null,509411500,null,4134330.24,null,0,null,0,null,509411500,null,4134330.24]
["000000000212401",null,"2015-06-22",null,"000000000212401",null,"EPF SHARIAH WD NOM USD",null,"6041995",null,"AU000000RHC8",null,"RHC AT",null,"RAMSAY HEALTH CARE LTD",null,"COMMON STOCK",null,"S",null,"AUD",null,44099,null,2803854.01,null,2251064.7599999998,null,61.46,null,2710324.54,null,2102534.41,null,0,null,0,null,2710324.54,null,2102534.41]
["000000000212401",null,"2015-06-22",null,"000000000212401",null,"EPF SHARIAH WD NOM USD",null,"2654320",null,"US61166W1018",null,"MON UN",null,"MONSANTO CO",null,"COMMON STOCK PAR USD 0.01",null,"S",null,"USD",null,28071,null,3264850.2,null,3264850.2,null,114.34,null,3209638.14,null,3209638.14,null,0,null,0,null,3209638.14,null,3209638.14]
["000000000212401",null,"2015-06-22",null,"000000000212401",null,"EPF SHARIAH WD NOM USD",null,"6132101",null,"JP3830800003",null,"5108 JT",null,"BRIDGESTONE CORP",null,"COMMON STOCK",null,"S",null,"JPY",null,58800,null,277251407,null,2302273.15,null,4780,null,281064000,null,2281085.91,null,0,null,0,null,281064000,null,2281085.91]
["000000000212401",null,"2015-06-22",null,"000000000212401",null,"EPF SHARIAH WD NOM USD",null,"6144690",null,"AU000000BHP4",null,"BHP AT",null,"BHP BILLITON LIMITED",null,"COMMON STOCK",null,"S",null,"AUD",null,46888,null,1595942.83,null,1493370.56,null,28.32,null,1327868.1599999999,null,1030093.8,null,0,null,0,null,1327868.1599999999,null,1030093.8]
["000000000212401",null,"2015-06-22",null,"000000000212401",null,"EPF SHARIAH WD NOM USD",null,"6161503",null,"AU000000CTX1",null,"CTX AT",null,"CALTEX AUSTRALIA LTD",null,"COMMON STOCK",null,"S",null,"AUD",null,92769,null,3238648.85,null,2499475.31,null,32.909999999999997,null,3053027.79,null,2368386.4700000002,null,0,null,0,null,3053027.79,null,2368386.4700000002]
["000000000212401",null,"2015-06-22",null,"000000000212401",null,"EPF SHARIAH WD NOM USD",null,"6248990",null,"JP3496400007",null,"9433 JT",null,"KDDI CORP",null,"COMMON STOCK",null,"S",null,"JPY",null,174600,null,504552016,null,4225238.2699999996,null,2904.5,null,507125700,null,4115778.92,null,0,null,0,null,507125700,null,4115778.92]
["000000000212401",null,"2015-06-22",null,"000000000212401",null,"EPF SHARIAH WD NOM USD",null,"6332439",null,"JP3802300008",null,"9983 JT",null,"FAST RETAILING CO LTD",null,"COMMON STOCK",null,"S",null,"JPY",null,0,null,0,null,0,null,53910,null,0,null,0,null,0,null,0,null,0,null,0]
["000000000212401",null,"2015-06-22",null,"000000000212401",null,"EPF SHARIAH WD NOM USD",null,"2624486",null,"US6370711011",null,"NOV UN",null,"NATIONAL OILWELL VARCO INC",null,"COMMON STOCK PAR USD 0.01",null,"S",null,"USD",null,51126,null,4110349.33,null,4110349.33,null,49.16,null,2513354.16,null,2513354.16,null,16462.57,null,16462.57,null,2536872.12,null,2536872.12]
["000000000212401",null,"2015-06-22",null,"000000000212401",null,"EPF SHARIAH WD NOM USD",null,"6467074",null,"AU000000FXJ5",null,"FXJ AT",null,"FAIRFAX MEDIA LTD",null,"COMMON STOCK",null,"S",null,"AUD",null,2541667,null,2215789.69,null,1938625.63,null,0.88,null,2236666.96,null,1735094.51,null,0,null,0,null,2236666.96,null,1735094.51]
["000000000212401",null,"2015-06-22",null,"000000000212401",null,"EPF SHARIAH WD NOM USD",null,"6483809",null,"JP3205800000",null,"4452 JT",null,"KAO CORP",null,"COMMON STOCK",null,"S",null,"JPY",null,78100,null,437572802,null,3706421.92,null,5938,null,463757800,null,3763809.6,null,0,null,0,null,463757800,null,3763809.6]
["000000000212401",null,"2015-06-22",null,"000000000212401",null,"EPF SHARIAH WD NOM USD",null,"6497509",null,"JP3266400005",null,"6326 JT",null,"KUBOTA CORP",null,"COMMON STOCK",null,"S",null,"JPY",null,0,null,0,null,0,null,1917.5,null,0,null,0,null,0,null,0,null,0,null,0]
["000000000212401",null,"2015-06-22",null,"000000000212401",null,"EPF SHARIAH WD NOM USD",null,"6597045",null,"JP3902400005",null,"6503 JT",null,"MITSUBISHI ELECTRIC CORP",null,"COMMON STOCK",null,"S",null,"JPY",null,303000,null,416603714,null,3892674.39,null,1619.5,null,490708500,null,3982538.65,null,0,null,0,null,490708500,null,3982538.65]
["000000000212401",null,"2015-06-22",null,"000000000212401",null,"EPF SHARIAH WD NOM USD",null,"6640682",null,"JP3734800000",null,"6594 JT",null,"NIDEC CORP",null,"COMMON STOCK",null,"S",null,"JPY",null,36100,null,327313731,null,2680702.75,null,9128,null,329520800,null,2674356.21,null,0,null,0,null,329520800,null,2674356.21]
["000000000212401",null,"2015-06-22",null,"000000000212401",null,"EPF SHARIAH WD NOM USD",null,"6641373",null,"JP3735400008",null,"9432 JT",null,"NIPPON TELEGRAPH & TELEPHONE",null,"COMMON STOCK",null,"S",null,"JPY",null,0,null,0,null,0,null,8707,null,0,null,0,null,3128850,null,25393.42,null,3681000,null,29874.61]
["000000000212401",null,"2015-06-22",null,"000000000212401",null,"EPF SHARIAH WD NOM USD",null,"6641801",null,"JP3684000007",null,"6988 JT",null,"NITTO DENKO CORP",null,"COMMON STOCK",null,"S",null,"JPY",null,17600,null,169973603,null,1374814.69,null,9930,null,174768000,null,1418398.73,null,0,null,0,null,174768000,null,1418398.73]
["000000000212401",null,"2015-06-22",null,"000000000212401",null,"EPF SHARIAH WD NOM USD",null,"6659428",null,"JP3197800000",null,"6645 JT",null,"OMRON CORP",null,"COMMON STOCK",null,"S",null,"JPY",null,28800,null,136148561,null,1269060.71,null,5780,null,166464000,null,1351004.34,null,1958400,null,15894.17,null,168768000,null,1369703.36]
["000000000212401",null,"2015-06-22",null,"000000000212401",null,"EPF SHARIAH WD NOM USD",null,"6673042",null,"AU000000IPL1",null,"IPL AT",null,"INCITEC PIVOT LTD",null,"COMMON STOCK",null,"S",null,"AUD",null,750000,null,2966898.75,null,2288517.9500000002,null,4,null,3000000,null,2327250.16,null,0,null,0,null,3000000,null,2327250.16]
["000000000212401",null,"2015-06-22",null,"000000000212401",null,"EPF SHARIAH WD NOM USD",null,"6687571",null,"JP3651210001",null,"6268 JT",null,"NABTESCO CORP",null,"COMMON STOCK",null,"S",null,"JPY",null,59700,null,198683872,null,1654987.64,null,3105,null,185368500,null,1504431.28,null,0,null,0,null,185368500,null,1504431.28]
["000000000212401",null,"2015-06-22",null,"000000000212401",null,"EPF SHARIAH WD NOM USD",null,"6740582",null,"JP3977400005",null,"5947 JT",null,"RINNAI CORP",null,"COMMON STOCK",null,"S",null,"JPY",null,32500,null,290410603,null,2422761.98,null,9810,null,318825000,null,2587550.2200000002,null,1088510,null,8834.24,null,320105600,null,2597943.44]
["000000000212401",null,"2015-06-22",null,"000000000212401",null,"EPF SHARIAH WD NOM USD",null,"6883807",null,"JP3351100007",null,"6869 JT",null,"SYSMEX CORP",null,"COMMON STOCK",null,"S",null,"JPY",null,34000,null,232633401,null,1926970.89,null,7430,null,252620000,null,2050237.39,null,0,null,0,null,252620000,null,2050237.39]
["000000000212401",null,"2015-06-22",null,"000000000212401",null,"EPF SHARIAH WD NOM USD",null,"6900308",null,"JP3868400007",null,"7261 JT",null,"MAZDA MOTOR CORP",null,"COMMON STOCK",null,"S",null,"JPY",null,69000,null,171702393,null,1679371.18,null,2474,null,170706000,null,1385431.97,null,586500,null,4759.97,null,171396000,null,1391031.94]
["000000000212401",null,"2015-06-22",null,"000000000212401",null,"EPF SHARIAH WD NOM USD",null,"6911485",null,"JP3951600000",null,"8113 JT",null,"UNICHARM CORP",null,"COMMON STOCK",null,"S",null,"JPY",null,107000,null,354963705,null,2962739.16,null,2793.5,null,298904500,null,2425877.5299999998,null,0,null,0,null,298904500,null,2425877.5299999998]
["000000000212401",null,"2015-06-22",null,"000000000212401",null,"EPF SHARIAH WD NOM USD",null,"7062713",null,"FR0000121220",null,"SW FP",null,"SODEXO",null,"COMMON STOCK PAR EUR 4",null,"S",null,"EUR",null,37357,null,2777398.86,null,3766445.31,null,90.76,null,3390521.32,null,3864009.29,null,0,null,0,null,3390521.32,null,3864009.29]
["000000000212401",null,"2015-06-22",null,"000000000212401",null,"EPF SHARIAH WD NOM USD",null,"7103065",null,"CH0012005267",null,"NOVN VX",null,"NOVARTIS AG-REG",null,"COMMON STOCK PAR CHF 0.5",null,"S",null,"CHF",null,46623,null,4263881.6900000004,null,4731765.79,null,94.05,null,4384893.1500000004,null,4778133.54,null,0,null,0,null,4384893.1500000004,null,4778133.54]
["000000000212401",null,"2015-06-22",null,"000000000212401",null,"EPF SHARIAH WD NOM USD",null,"7110388",null,"CH0012032048",null,"ROG VX",null,"ROCHE HOLDING AG-GENUSSCHEIN",null,"COMMON STOCK",null,"S",null,"CHF",null,30611,null,8182179.4299999997,null,8828562.3200000003,null,269.3,null,8243542.2999999998,null,8982829.1400000006,null,0,null,0,null,8243542.2999999998,null,8982829.1400000006]
["000000000212401",null,"2015-06-22",null,"000000000212401",null,"EPF SHARIAH WD NOM USD",null,"2681511",null,"US7134481081",null,"PEP UN",null,"PEPSICO INC",null,"COMMON STOCK PAR USD 0.017",null,"S",null,"USD",null,87140,null,8046364.4400000004,null,8046364.4400000004,null,95.6,null,8330584,null,8330584,null,42851.09,null,42851.09,null,8391799.8499999996,null,8391799.8499999996]
["000000000212401",null,"2015-06-22",null,"000000000212401",null,"EPF SHARIAH WD NOM USD",null,"7145056",null,"IT0003132476",null,"ENI IM",null,"ENI SPA",null,"COMMON STOCK",null,"S",null,"EUR",null,223085,null,4007305.38,null,5327592.79,null,16.809999999999999,null,3750058.85,null,4273756.41,null,0,null,0,null,3750058.85,null,4273756.41]
["000000000212401",null,"2015-06-22",null,"000000000212401",null,"EPF SHARIAH WD NOM USD",null,"2684703",null,"US7170811035",null,"PFE UN",null,"PFIZER INC",null,"COMMON STOCK PAR USD 0.05",null,"S",null,"USD",null,266497,null,9112067.3399999999,null,9112067.3399999999,null,34.31,null,9143512.0700000003,null,9143512.0700000003,null,0,null,0,null,9143512.0700000003,null,9143512.0700000003]
["000000000212401",null,"2015-06-22",null,"000000000212401",null,"EPF SHARIAH WD NOM USD",null,"2704407",null,"US7427181091",null,"PG UN",null,"PROCTER & GAMBLE CO/THE",null,"COMMON STOCK",null,"S",null,"USD",null,109006,null,9303935.0600000005,null,9303935.0600000005,null,80.45,null,8769532.6999999993,null,8769532.6999999993,null,0,null,0,null,8769532.6999999993,null,8769532.6999999993]
["000000000212401",null,"2015-06-22",null,"000000000212401",null,"EPF SHARIAH WD NOM USD",null,"2746711",null,"US7782961038",null,"ROST UW",null,"ROSS STORES INC",null,"COMMON STOCK PAR USD 0.01",null,"S",null,"USD",null,114054,null,5496300.46,null,5496300.46,null,50.31,null,5738056.7400000002,null,5738056.7400000002,null,7768.84,null,7768.84,null,5749155.0899999999,null,5749155.0899999999]
["000000000212401",null,"2015-06-22",null,"000000000212401",null,"EPF SHARIAH WD NOM USD",null,"2767381",null,"US7908491035",null,"STJ UN",null,"ST JUDE MEDICAL INC",null,"COMMON STOCK PAR USD 0.1",null,"S",null,"USD",null,51019,null,3467818.34,null,3467818.34,null,75.819999999999993,null,3868260.58,null,3868260.58,null,0,null,0,null,3868260.58,null,3868260.58]
["000000000212401",null,"2015-06-22",null,"000000000212401",null,"EPF SHARIAH WD NOM USD",null,"2779201",null,"AN8068571086",null,"SLB UN",null,"SCHLUMBERGER LTD",null,"COMMON STOCK PAR USD 0.01",null,"S",null,"USD",null,79914,null,8218652.6600000001,null,8218652.6600000001,null,86.97,null,6950120.5800000001,null,6950120.5800000001,null,39957,null,39957,null,6990077.5800000001,null,6990077.5800000001]
["000000000212401",null,"2015-06-22",null,"000000000212401",null,"EPF SHARIAH WD NOM USD",null,"2853688",null,"US8636671013",null,"SYK UN",null,"STRYKER CORP",null,"COMMON STOCK PAR USD 0.1",null,"S",null,"USD",null,47316,null,4218276.28,null,4218276.28,null,97.4,null,4608578.4000000004,null,4608578.4000000004,null,0,null,0,null,4608578.4000000004,null,4608578.4000000004]
["000000000212401",null,"2015-06-22",null,"000000000212401",null,"EPF SHARIAH WD NOM USD",null,"2868165",null,"US8718291078",null,"SYY UN",null,"SYSCO CORP",null,"COMMON STOCK PAR USD 1",null,"S",null,"USD",null,72214,null,2964988.54,null,2964988.54,null,37.6,null,2715246.4,null,2715246.4,null,0,null,0,null,2715246.4,null,2715246.4]
["000000000212401",null,"2015-06-22",null,"000000000212401",null,"EPF SHARIAH WD NOM USD",null,"2595708",null,"US88579Y1010",null,"MMM UN",null,"3M CO",null,"COMMON STOCK PAR USD 0.01",null,"S",null,"USD",null,40231,null,6392583.6299999999,null,6392583.6299999999,null,159.68,null,6424086.0800000001,null,6424086.0800000001,null,0,null,0,null,6424086.0800000001,null,6424086.0800000001]
["000000000212401",null,"2015-06-22",null,"000000000212401",null,"EPF SHARIAH WD NOM USD",null,"B40PCD9",null,"US98212B1035",null,"WPX UN",null,"WPX ENERGY INC",null,"COMMON STOCK",null,"S",null,"USD",null,137183,null,3227231.08,null,3227231.08,null,13.03,null,1787494.49,null,1787494.49,null,0,null,0,null,1787494.49,null,1787494.49]
["000000000212401",null,"2015-06-22",null,"000000000212401",null,"EPF SHARIAH WD NOM USD",null,"B02K2M3",null,"JP3435750009",null,"2413 JT",null,"M3 INC",null,"COMMON STOCK",null,"S",null,"JPY",null,106700,null,261287541,null,2183095.3199999998,null,2492,null,265896400,null,2157987.2599999998,null,0,null,0,null,265896400,null,2157987.2599999998]
["000000000212401",null,"2015-06-22",null,"000000000212401",null,"EPF SHARIAH WD NOM USD",null,"B15C557",null,"FR0000120271",null,"FP FP",null,"TOTAL SA",null,"COMMON STOCK PAR EUR 2.5",null,"S",null,"EUR",null,80760,null,3836454.01,null,4893017.2699999996,null,45.42,null,3668119.2,null,4180373.85,null,34484.519999999997,null,39300.300000000003,null,3717382.8,null,4236517.1399999997]
["000000000212401",null,"2015-06-22",null,"000000000212401",null,"EPF SHARIAH WD NOM USD",null,"B1XZS82",null,"GB00B1XZS820",null,"AAL LN",null,"ANGLO AMERICAN PLC",null,"COMMON STOCK PAR USD 0.54945",null,"S",null,"GBP",null,129886,null,1712704.58,null,2669845.4,null,9.9510000000000005,null,1292495.5900000001,null,2044470.09,null,0,null,0,null,1292495.5900000001,null,2044470.09]
["000000000212401",null,"2015-06-22",null,"000000000212401",null,"EPF SHARIAH WD NOM USD",null,"B1YXBJ7",null,"FR0000120073",null,"AI FP",null,"AIR LIQUIDE SA",null,"COMMON STOCK PAR EUR 5.5",null,"S",null,"EUR",null,34898,null,3247076.13,null,4316600.4000000004,null,118.65,null,4140647.7,null,4718891.1900000004,null,0,null,0,null,4140647.7,null,4718891.1900000004]
["000000000212401",null,"2015-06-22",null,"000000000212401",null,"EPF SHARIAH WD NOM USD",null,"B24CGK7",null,"GB00B24CGK77",null,"RB/ LN",null,"RECKITT BENCKISER GROUP PLC",null,"COMMON STOCK PAR GBp 10",null,"S",null,"GBP",null,45369,null,2398497.34,null,3832470.02,null,57.08,null,2589662.52,null,4096329.31,null,0,null,0,null,2589662.52,null,4096329.31]
["000000000212401",null,"2015-06-22",null,"000000000212401",null,"EPF SHARIAH WD NOM USD",null,"B2QKY05",null,"JE00B2QKY057",null,"SHP LN",null,"SHIRE PLC",null,"COMMON STOCK PAR GBp 5",null,"S",null,"GBP",null,71131,null,3706594.63,null,5704452.29,null,53.25,null,3787725.75,null,5991426.25,null,0,null,0,null,3787725.75,null,5991426.25]
["000000000212401",null,"2015-06-22",null,"000000000212401",null,"EPF SHARIAH WD NOM USD",null,"B3NB1P2",null,"CA8672241079",null,"SU CT",null,"SUNCOR ENERGY INC",null,"COMMON STOCK",null,"S",null,"CAD",null,119476,null,4946734.95,null,4611268.3099999996,null,34,null,4062184,null,3307698.07,null,25089.96,null,20429.900000000001,null,4095637.28,null,3334937.94]
["000000000212401",null,"2015-06-22",null,"000000000212401",null,"EPF SHARIAH WD NOM USD",null,"B3WS2X9",null,"SG9999006241",null,"AVGO UW",null,"AVAGO TECHNOLOGIES LTD",null,"COMMON STOCK",null,"S",null,"USD",null,42078,null,5587062.29,null,5587062.29,null,143.27500000000001,null,6028725.4500000002,null,6028725.4500000002,null,16831.2,null,16831.2,null,6045556.6500000004,null,6045556.6500000004]
["000000000212401",null,"2015-06-22",null,"000000000212401",null,"EPF SHARIAH WD NOM USD",null,"B58JVZ5",null,"IE00B58JVZ52",null,"STX UW",null,"SEAGATE TECHNOLOGY",null,"COMMON STOCK PAR USD 0.00001",null,"S",null,"USD",null,61418,null,3550568.53,null,3550568.53,null,53.865000000000002,null,3308280.57,null,3308280.57,null,0,null,0,null,3308280.57,null,3308280.57]
["000000000212401",null,"2015-06-22",null,"000000000212401",null,"EPF SHARIAH WD NOM USD",null,"B62B7C3",null,"CH0102993182",null,"TEL UN",null,"TE CONNECTIVITY LTD",null,"COMMON STOCK PAR CHF 0.57",null,"S",null,"USD",null,69773,null,4726668.7300000004,null,4726668.7300000004,null,69.36,null,4839455.28,null,4839455.28,null,0,null,0,null,4839455.28,null,4839455.28]
["000000000212401",null,"2015-06-22",null,"000000000212401",null,"EPF SHARIAH WD NOM USD",null,"B633030",null,"IE00B6330302",null,"IR UN",null,"INGERSOLL-RAND PLC",null,"COMMON STOCK PAR USD 1",null,"S",null,"USD",null,74464,null,4890582.37,null,4890582.37,null,69.27,null,5158121.28,null,5158121.28,null,21594.560000000001,null,21594.560000000001,null,5179715.84,null,5179715.84]
["000000000212401",null,"2015-06-22",null,"000000000212401",null,"EPF SHARIAH WD NOM USD",null,"B88MHC4",null,"DE000A1PHFF7",null,"BOSS GY",null,"HUGO BOSS AG -ORD",null,"COMMON STOCK",null,"S",null,"EUR",null,33762,null,3458988.15,null,4435756.99,null,103.75,null,3502807.5,null,3991976.29,null,0,null,0,null,3502807.5,null,3991976.29]
["000000000212401",null,"2015-06-22",null,"000000000212401",null,"EPF SHARIAH WD NOM USD",null,"B8KQN82",null,"IE00B8KQN827",null,"ETN UN",null,"EATON CORP PLC",null,"COMMON STOCK PAR USD 0.01",null,"S",null,"USD",null,70695,null,5125879.4000000004,null,5125879.4000000004,null,70.2,null,4962789,null,4962789,null,0,null,0,null,4962789,null,4962789]
["000000000212401",null,"2015-06-22",null,"000000000212401",null,"EPF SHARIAH WD NOM USD",null,"BH4HKS3",null,"GB00BH4HKS39",null,"VOD LN",null,"VODAFONE GROUP PLC",null,"COMMON STOCK PAR USD 0.2095",null,"S",null,"GBP",null,1545786,null,3910867.66,null,6509117.8200000003,null,2.3929999999999998,null,3699065.9,null,5851184.0599999996,null,117788.94,null,186318.59,null,3829942.5,null,6058204.7199999997]
["000000000212401",null,"2015-06-22",null,"000000000212401",null,"EPF SHARIAH WD NOM USD",null,"BWSW5D9",null,"AU000000S320",null,"S32 AT",null,"SOUTH32 LTD",null,"COMMON STOCK",null,"S",null,"AUD",null,46888,null,111857.51,null,104668.36,null,1.89,null,88618.32,null,68745.67,null,0,null,0,null,88618.32,null,68745.67]
["000000000212401",null,"2015-06-22",null,"000000000212401",null,"EPF SHARIAH WD NOM USD",null,"BY9D546",null,"IE00BY9D5467",null,"AGN UN",null,"ALLERGAN PLC",null,"COMMON STOCK PAR USD 0.0033",null,"S",null,"USD",null,21574,null,6464822.6200000001,null,6464822.6200000001,null,307.25,null,6628611.5,null,6628611.5,null,0,null,0,null,6628611.5,null,6628611.5]
["000000000212401",null,"2016-06-20",null,"000000000212401",null,"EPF SHARIAH WD NOM USD",null,"B92SR70",null,"US00287Y1091",null,"ABBV UN",null,"ABBVIE INC",null,"COMMON STOCK PAR USD 0.01",null,"S",null,"USD",null,48561,null,3160513.22,null,3160513.22,null,60.11,null,2919001.71,null,2919001.71,null,0,null,0,null,2919001.71,null,2919001.71]
["000000000212401",null,"2016-06-20",null,"000000000212401",null,"EPF SHARIAH WD NOM USD",null,"2507457",null,"US00971T1016",null,"AKAM UW",null,"AKAMAI TECHNOLOGIES INC",null,"COMMON STOCK PAR USD 0.01",null,"S",null,"USD",null,74278,null,4165846.82,null,4165846.82,null,54.14,null,4021410.92,null,4021410.92,null,0,null,0,null,4021410.92,null,4021410.92]
["000000000212401",null,"2016-06-20",null,"000000000212401",null,"EPF SHARIAH WD NOM USD",null,"2795393",null,"US03073E1055",null,"ABC UN",null,"AMERISOURCEBERGEN CORP",null,"COMMON STOCK PAR USD 0.01",null,"S",null,"USD",null,58449,null,5963711.9400000004,null,5963711.9400000004,null,76.37,null,4463750.13,null,4463750.13,null,0,null,0,null,4463750.13,null,4463750.13]
["000000000212401",null,"2016-06-20",null,"000000000212401",null,"EPF SHARIAH WD NOM USD",null,"2043962",null,"US0374111054",null,"APA UN",null,"APACHE CORP",null,"COMMON STOCK PAR USD 0.625",null,"S",null,"USD",null,41558,null,2586684.7200000002,null,2586684.7200000002,null,55.32,null,2298988.56,null,2298988.56,null,0,null,0,null,2298988.56,null,2298988.56]
["000000000212401",null,"2016-06-20",null,"000000000212401",null,"EPF SHARIAH WD NOM USD",null,"2046251",null,"US0378331005",null,"AAPL UW",null,"APPLE INC",null,"COMMON STOCK PAR USD 0.00001",null,"S",null,"USD",null,102275,null,12189841.99,null,12189841.99,null,95.1,null,9726352.5,null,9726352.5,null,0,null,0,null,9726352.5,null,9726352.5]
["000000000212401",null,"2016-06-20",null,"000000000212401",null,"EPF SHARIAH WD NOM USD",null,"0798059",null,"GB0007980591",null,"BP/ LN",null,"BP PLC",null,"COMMON STOCK PAR USD 0.25",null,"S",null,"GBP",null,553975,null,2080684.09,null,3028582.45,null,3.7894999999999999,null,2099288.2599999998,null,3085010.96,null,0,null,0,null,2099288.2599999998,null,3085010.96]
["000000000212401",null,"2016-06-20",null,"000000000212401",null,"EPF SHARIAH WD NOM USD",null,"2437071",null,"US09061G1013",null,"BMRN UW",null,"BIOMARIN PHARMACEUTICAL INC",null,"COMMON STOCK PAR USD 0.001",null,"S",null,"USD",null,21935,null,1887057.26,null,1887057.26,null,84.06,null,1843856.1,null,1843856.1,null,0,null,0,null,1843856.1,null,1843856.1]
["000000000212401",null,"2016-06-20",null,"000000000212401",null,"EPF SHARIAH WD NOM USD",null,"2455965",null,"US09062X1037",null,"BIIB UW",null,"BIOGEN INC",null,"COMMON STOCK PAR USD 0.0005",null,"S",null,"USD",null,15770,null,6452120.4699999997,null,6452120.4699999997,null,237.39,null,3743640.3,null,3743640.3,null,0,null,0,null,3743640.3,null,3743640.3]
["000000000212401",null,"2016-06-20",null,"000000000212401",null,"EPF SHARIAH WD NOM USD",null,"0922320",null,"GB0009223206",null,"SN/ LN",null,"SMITH & NEPHEW PLC",null,"COMMON STOCK PAR USD 0.2",null,"S",null,"GBP",null,179671,null,1968494.38,null,2971636.91,null,11.5,null,2066216.5,null,3036410.33,null,0,null,0,null,2066216.5,null,3036410.33]
["000000000212401",null,"2016-06-20",null,"000000000212401",null,"EPF SHARIAH WD NOM USD",null,"0989529",null,"GB0009895292",null,"AZN LN",null,"ASTRAZENECA PLC",null,"COMMON STOCK PAR USD 0.25",null,"S",null,"GBP",null,105508,null,4481817.6900000004,null,7313535.71,null,38.479999999999997,null,4059947.84,null,5966300.0199999996,null,0,null,0,null,4059947.84,null,5966300.0199999996]
["000000000212401",null,"2016-06-20",null,"000000000212401",null,"EPF SHARIAH WD NOM USD",null,"2577609",null,"US1266501006",null,"CVS UN",null,"CVS HEALTH CORP",null,"COMMON STOCK PAR USD 0.01",null,"S",null,"USD",null,71558,null,7444403.4800000004,null,7444403.4800000004,null,93.23,null,6671352.3399999999,null,6671352.3399999999,null,0,null,0,null,6671352.3399999999,null,6671352.3399999999]
["000000000212401",null,"2016-06-20",null,"000000000212401",null,"EPF SHARIAH WD NOM USD",null,"2838555",null,"US1667641005",null,"CVX UN",null,"CHEVRON CORP",null,"COMMON STOCK PAR USD 0.75",null,"S",null,"USD",null,47610,null,4836001.33,null,4836001.33,null,102.61,null,4885262.0999999996,null,4885262.0999999996,null,0,null,0,null,4885262.0999999996,null,4885262.0999999996]
["000000000212401",null,"2016-06-20",null,"000000000212401",null,"EPF SHARIAH WD NOM USD",null,"2257019",null,"US1924461023",null,"CTSH UW",null,"COGNIZANT TECH SOLUTIONS-A",null,"COMMON STOCK PAR USD 0.01",null,"S",null,"USD",null,88530,null,5514072.9900000002,null,5514072.9900000002,null,61.3,null,5426889,null,5426889,null,0,null,0,null,5426889,null,5426889]
["000000000212401",null,"2016-06-20",null,"000000000212401",null,"EPF SHARIAH WD NOM USD",null,"2685717",null,"US20825C1045",null,"COP UN",null,"CONOCOPHILLIPS",null,"COMMON STOCK PAR USD 0.01",null,"S",null,"USD",null,90365,null,6376801.4900000002,null,6376801.4900000002,null,44.69,null,4038411.85,null,4038411.85,null,0,null,0,null,4038411.85,null,4038411.85]
["000000000212401",null,"2016-06-20",null,"000000000212401",null,"EPF SHARIAH WD NOM USD",null,"2318024",null,"US26875P1012",null,"EOG UN",null,"EOG RESOURCES INC",null,"COMMON STOCK PAR USD 0.01",null,"S",null,"USD",null,59950,null,5722630.4800000004,null,5722630.4800000004,null,83.19,null,4987240.5,null,4987240.5,null,0,null,0,null,4987240.5,null,4987240.5]
["000000000212401",null,"2016-06-20",null,"000000000212401",null,"EPF SHARIAH WD NOM USD",null,"2293819",null,"US2786421030",null,"EBAY UW",null,"EBAY INC",null,"COMMON STOCK PAR USD 0.001",null,"S",null,"USD",null,183967,null,5059279.43,null,5059279.43,null,24.57,null,4520069.1900000004,null,4520069.1900000004,null,0,null,0,null,4520069.1900000004,null,4520069.1900000004]
["000000000212401",null,"2016-06-20",null,"000000000212401",null,"EPF SHARIAH WD NOM USD",null,"B7QQYV9",null,"US30219G1085",null,"ESRX UW",null,"EXPRESS SCRIPTS HOLDING CO",null,"COMMON STOCK PAR USD 0.01",null,"S",null,"USD",null,81769,null,6240964.25,null,6240964.25,null,74.14,null,6062353.6600000001,null,6062353.6600000001,null,0,null,0,null,6062353.6600000001,null,6062353.6600000001]
["000000000212401",null,"2016-06-20",null,"000000000212401",null,"EPF SHARIAH WD NOM USD",null,"2326618",null,"US30231G1022",null,"XOM UN",null,"EXXON MOBIL CORP",null,"COMMON STOCK",null,"S",null,"USD",null,131376,null,12658529.5,null,12658529.5,null,91.12,null,11970981.119999999,null,11970981.119999999,null,0,null,0,null,11970981.119999999,null,11970981.119999999]
["000000000212401",null,"2016-06-20",null,"000000000212401",null,"EPF SHARIAH WD NOM USD",null,"2696838",null,"US3434121022",null,"FLR UN",null,"FLUOR CORP",null,"COMMON STOCK PAR USD 0.01",null,"S",null,"USD",null,34293,null,2244997.91,null,2244997.91,null,51.57,null,1768490.01,null,1768490.01,null,5041.07,null,5041.07,null,1775691.54,null,1775691.54]
["000000000212401",null,"2016-06-20",null,"000000000212401",null,"EPF SHARIAH WD NOM USD",null,"B665KZ5",null,"US37045V1008",null,"GM UN",null,"GENERAL MOTORS CO",null,"COMMON STOCK PAR USD 0.01",null,"S",null,"USD",null,99562,null,3592518.72,null,3592518.72,null,29.65,null,2952013.3,null,2952013.3,null,26483.49,null,26483.49,null,2989846.86,null,2989846.86]
["000000000212401",null,"2016-06-20",null,"000000000212401",null,"EPF SHARIAH WD NOM USD",null,"2369174",null,"US3755581036",null,"GILD UW",null,"GILEAD SCIENCES INC",null,"COMMON STOCK PAR USD 0.001",null,"S",null,"USD",null,71359,null,7986271.2300000004,null,7986271.2300000004,null,82.99,null,5922083.4100000001,null,5922083.4100000001,null,23477.11,null,23477.11,null,5955622.1399999997,null,5955622.1399999997]
["000000000212401",null,"2016-06-20",null,"000000000212401",null,"EPF SHARIAH WD NOM USD",null,"4356646",null,"CH0011037469",null,"SYNN VX",null,"SYNGENTA AG-REG",null,"COMMON STOCK PAR CHF 0.1",null,"S",null,"CHF",null,7030,null,2736973.86,null,2833877.16,null,382,null,2685460,null,2799103.61,null,0,null,0,null,2685460,null,2799103.61]
["000000000212401",null,"2016-06-20",null,"000000000212401",null,"EPF SHARIAH WD NOM USD",null,"2463247",null,"US4581401001",null,"INTC UW",null,"INTEL CORP",null,"COMMON STOCK PAR USD 0.001",null,"S",null,"USD",null,163831,null,5231586.46,null,5231586.46,null,32.17,null,5270443.2699999996,null,5270443.2699999996,null,0,null,0,null,5270443.2699999996,null,5270443.2699999996]
["000000000212401",null,"2016-06-20",null,"000000000212401",null,"EPF SHARIAH WD NOM USD",null,"2005973",null,"US4592001014",null,"IBM UN",null,"INTL BUSINESS MACHINES CORP",null,"COMMON STOCK PAR USD 0.2",null,"S",null,"USD",null,13775,null,2733400.8,null,2733400.8,null,153.61000000000001,null,2115977.75,null,2115977.75,null,0,null,0,null,2115977.75,null,2115977.75]
["000000000212401",null,"2016-06-20",null,"000000000212401",null,"EPF SHARIAH WD NOM USD",null,"4617859",null,"DE0005552004",null,"DPW GY",null,"DEUTSCHE POST AG-REG",null,"COMMON STOCK",null,"S",null,"EUR",null,173855,null,4403200.51,null,5684651.1100000003,null,26.285,null,4569778.68,null,5180755.54,null,0,null,0,null,4569778.68,null,5180755.54]
["000000000212401",null,"2016-06-20",null,"000000000212401",null,"EPF SHARIAH WD NOM USD",null,"2475833",null,"US4781601046",null,"JNJ UN",null,"JOHNSON & JOHNSON",null,"COMMON STOCK PAR USD 1",null,"S",null,"USD",null,4526,null,524799.97,null,524799.97,null,116.54,null,527460.04,null,527460.04,null,0,null,0,null,527460.04,null,527460.04]
["000000000212401",null,"2016-06-20",null,"000000000212401",null,"EPF SHARIAH WD NOM USD",null,"2476803",null,"US4783661071",null,"1436513",null,"JOHNSON CONTROLS INC",null,"COMMON STOCK PAR USD 0.01388",null,"S",null,"USD",null,122005,null,5729599.6299999999,null,5729599.6299999999,null,44.43,null,5420682.1500000004,null,5420682.1500000004,null,24767.01,null,24767.01,null,5456063.5999999996,null,5456063.5999999996]
["000000000212401",null,"2016-06-20",null,"000000000212401",null,"EPF SHARIAH WD NOM USD",null,"4846288",null,"DE0007164600",null,"SAP GY",null,"SAP SE",null,"COMMON STOCK",null,"S",null,"EUR",null,53193,null,3650712.36,null,4097130.05,null,69.599999999999994,null,3702232.8,null,4197219.26,null,0,null,0,null,3702232.8,null,4197219.26]
["000000000212401",null,"2016-06-20",null,"000000000212401",null,"EPF SHARIAH WD NOM USD",null,"2607647",null,"US4851703029",null,"KSU UN",null,"KANSAS CITY SOUTHERN",null,"COMMON STOCK PAR USD 0.01",null,"S",null,"USD",null,38607,null,4191685.57,null,4191685.57,null,89.33,null,3448763.31,null,3448763.31,null,8918.2199999999993,null,8918.2199999999993,null,3461503.62,null,3461503.62]
["000000000212401",null,"2016-06-20",null,"000000000212401",null,"EPF SHARIAH WD NOM USD",null,"4874160",null,"FR0000131708",null,"TEC FP",null,"TECHNIP SA",null,"COMMON STOCK PAR EUR 0.7625",null,"S",null,"EUR",null,27735,null,1425723.53,null,1948657.27,null,50.15,null,1390910.25,null,1576874.18,null,0,null,0,null,1390910.25,null,1576874.18]
["000000000212401",null,"2016-06-20",null,"000000000212401",null,"EPF SHARIAH WD NOM USD",null,"5069211",null,"DE000BAY0017",null,"BAYN GY",null,"BAYER AG-REG",null,"COMMON STOCK",null,"S",null,"EUR",null,46016,null,5952857.2599999998,null,6676296.2300000004,null,90.42,null,4160766.72,null,4717058.91,null,0,null,0,null,4160766.72,null,4717058.91]
["000000000212401",null,"2016-06-20",null,"000000000212401",null,"EPF SHARIAH WD NOM USD",null,"5086577",null,"DE000BASF111",null,"BAS GY",null,"BASF SE",null,"COMMON STOCK",null,"S",null,"EUR",null,30566,null,2128743.12,null,2405194.0099999998,null,69.709999999999994,null,2130755.86,null,2415636.73,null,0,null,0,null,2130755.86,null,2415636.73]
["000000000212401",null,"2016-06-20",null,"000000000212401",null,"EPF SHARIAH WD NOM USD",null,"5505072",null,"FR0000121485",null,"KER FP",null,"KERING",null,"COMMON STOCK PAR EUR 4",null,"S",null,"EUR",null,19296,null,3006069.04,null,3349322.13,null,152.4,null,2940710.4,null,3333881.74,null,0,null,0,null,2940710.4,null,3333881.74]
["000000000212401",null,"2016-06-20",null,"000000000212401",null,"EPF SHARIAH WD NOM USD",null,"5727973",null,"DE0007236101",null,"SIE GY",null,"SIEMENS AG-REG",null,"COMMON STOCK",null,"S",null,"EUR",null,51637,null,4829453.01,null,6148078.21,null,94.95,null,4902933.1500000004,null,5558452.5800000001,null,0,null,0,null,4902933.1500000004,null,5558452.5800000001]
["000000000212401",null,"2016-06-20",null,"000000000212401",null,"EPF SHARIAH WD NOM USD",null,"B4W9F29",null,"US5828391061",null,"MJN UN",null,"MEAD JOHNSON NUTRITION CO",null,"COMMON STOCK PAR USD 0.01",null,"S",null,"USD",null,41816,null,4076253.79,null,4076253.79,null,87.36,null,3653045.76,null,3653045.76,null,12074.37,null,12074.37,null,3670294.86,null,3670294.86]
["000000000212401",null,"2016-06-20",null,"000000000212401",null,"EPF SHARIAH WD NOM USD",null,"2588184",null,"US5951121038",null,"MU UW",null,"MICRON TECHNOLOGY INC",null,"COMMON STOCK PAR USD 0.1",null,"S",null,"USD",null,230595,null,7262607.4400000004,null,7262607.4400000004,null,12.32,null,2840930.4,null,2840930.4,null,0,null,0,null,2840930.4,null,2840930.4]
["000000000212401",null,"2016-06-20",null,"000000000212401",null,"EPF SHARIAH WD NOM USD",null,"5959378",null,"SE0000108656",null,"ERICB S",null,"ERICSSON LM-B SHS",null,"COMMON STOCK PAR SEK 5",null,"S",null,"SEK",null,388483,null,35466036.469999999,null,4199990.28,null,65.099999999999994,null,25290243.300000001,null,3068776,null,0,null,0,null,25290243.300000001,null,3068776]
["000000000212401",null,"2016-06-20",null,"000000000212401",null,"EPF SHARIAH WD NOM USD",null,"5962332",null,"NL0000226223",null,"STM FP",null,"STMICROELECTRONICS NV",null,"COMMON STOCK PAR EUR 1.04",null,"S",null,"EUR",null,439032,null,3076995.06,null,3945822.58,null,5.1619999999999999,null,2266283.1800000002,null,2569283.98,null,19866.2,null,22522.3,null,2289655.1800000002,null,2595780.7999999998]
["000000000212401",null,"2016-06-20",null,"000000000212401",null,"EPF SHARIAH WD NOM USD",null,"6021500",null,"JP3126400005",null,"6770 JT",null,"ALPS ELECTRIC CO LTD",null,"COMMON STOCK",null,"S",null,"JPY",null,141100,null,542468244,null,4409453.32,null,2232,null,314935200,null,3016331.77,null,1799025,null,17230.39,null,317051700,null,3036602.82]
["000000000212401",null,"2016-06-20",null,"000000000212401",null,"EPF SHARIAH WD NOM USD",null,"2654320",null,"US61166W1018",null,"MON UN",null,"MONSANTO CO",null,"COMMON STOCK PAR USD 0.01",null,"S",null,"USD",null,51033,null,5549088.46,null,5549088.46,null,108.71,null,5547797.4299999997,null,5547797.4299999997,null,0,null,0,null,5547797.4299999997,null,5547797.4299999997]
["000000000212401",null,"2016-06-20",null,"000000000212401",null,"EPF SHARIAH WD NOM USD",null,"6132101",null,"JP3830800003",null,"5108 JT",null,"BRIDGESTONE CORP",null,"COMMON STOCK",null,"S",null,"JPY",null,59100,null,278358944,null,2307287.2000000002,null,3491,null,206318100,null,1976037.74,null,0,null,0,null,206318100,null,1976037.74]
["000000000212401",null,"2016-06-20",null,"000000000212401",null,"EPF SHARIAH WD NOM USD",null,"6248990",null,"JP3496400007",null,"9433 JT",null,"KDDI CORP",null,"COMMON STOCK",null,"S",null,"JPY",null,119500,null,369728507,null,3442717.94,null,3034,null,362563000,null,3472493.06,null,2799475,null,26812.32,null,365856500,null,3504036.97]
["000000000212401",null,"2016-06-20",null,"000000000212401",null,"EPF SHARIAH WD NOM USD",null,"6250724",null,"JP3481800005",null,"6367 JT",null,"DAIKIN INDUSTRIES LTD",null,"COMMON STOCK",null,"S",null,"JPY",null,0,null,0,null,0,null,8630,null,0,null,0,null,1768000,null,16933.240000000002,null,2080000,null,19921.46]
["000000000212401",null,"2016-06-20",null,"000000000212401",null,"EPF SHARIAH WD NOM USD",null,"2624486",null,"US6370711011",null,"NOV UN",null,"NATIONAL OILWELL VARCO INC",null,"COMMON STOCK PAR USD 0.01",null,"S",null,"USD",null,67826,null,4387201.79,null,4387201.79,null,35.159999999999997,null,2384762.16,null,2384762.16,null,2373.91,null,2373.91,null,2388153.46,null,2388153.46]
["000000000212401",null,"2016-06-20",null,"000000000212401",null,"EPF SHARIAH WD NOM USD",null,"6467074",null,"AU000000FXJ5",null,"FXJ AT",null,"FAIRFAX MEDIA LTD",null,"COMMON STOCK",null,"S",null,"AUD",null,2151242,null,1834464.8,null,1465252.37,null,0.93500000000000005,null,2011411.27,null,1501619.1,null,0,null,0,null,2011411.27,null,1501619.1]
["000000000212401",null,"2016-06-20",null,"000000000212401",null,"EPF SHARIAH WD NOM USD",null,"6467104",null,"JP3137200006",null,"7202 JT",null,"ISUZU MOTORS LTD",null,"COMMON STOCK",null,"S",null,"JPY",null,172100,null,211192033,null,1972402.14,null,1293.5,null,222611350,null,2132088.4,null,1731280,null,16581.55,null,224648150,null,2151596.11]
["000000000212401",null,"2016-06-20",null,"000000000212401",null,"EPF SHARIAH WD NOM USD",null,"6483809",null,"JP3205800000",null,"4452 JT",null,"KAO CORP",null,"COMMON STOCK",null,"S",null,"JPY",null,36400,null,222141883,null,2040128.59,null,5821,null,211884400,null,2029349.68,null,0,null,0,null,211884400,null,2029349.68]
["000000000212401",null,"2016-06-20",null,"000000000212401",null,"EPF SHARIAH WD NOM USD",null,"6597045",null,"JP3902400005",null,"6503 JT",null,"MITSUBISHI ELECTRIC CORP",null,"COMMON STOCK",null,"S",null,"JPY",null,199000,null,274597242,null,2527058.5299999998,null,1317.5,null,262182500,null,2511086.1,null,0,null,0,null,262182500,null,2511086.1]
["000000000212401",null,"2016-06-20",null,"000000000212401",null,"EPF SHARIAH WD NOM USD",null,"6640682",null,"JP3734800000",null,"6594 JT",null,"NIDEC CORP",null,"COMMON STOCK",null,"S",null,"JPY",null,43000,null,423090083,null,3435039.79,null,7769,null,334067000,null,3199569.01,null,0,null,0,null,334067000,null,3199569.01]
["000000000212401",null,"2016-06-20",null,"000000000212401",null,"EPF SHARIAH WD NOM USD",null,"6641801",null,"JP3684000007",null,"6988 JT",null,"NITTO DENKO CORP",null,"COMMON STOCK",null,"S",null,"JPY",null,50600,null,460654021,null,3750901.16,null,6780,null,343068000,null,3285777.22,null,3010700,null,28835.360000000001,null,346610000,null,3319701.17]
["000000000212401",null,"2016-06-20",null,"000000000212401",null,"EPF SHARIAH WD NOM USD",null,"6673042",null,"AU000000IPL1",null,"IPL AT",null,"INCITEC PIVOT LTD",null,"COMMON STOCK",null,"S",null,"AUD",null,1394380,null,5211201.1900000004,null,3937343.43,null,3.35,null,4671173,null,3487264.23,null,38990.6,null,29108.43,null,4717044.29,null,3521509.44]
["000000000212401",null,"2016-06-20",null,"000000000212401",null,"EPF SHARIAH WD NOM USD",null,"6687571",null,"JP3651210001",null,"6268 JT",null,"NABTESCO CORP",null,"COMMON STOCK",null,"S",null,"JPY",null,39200,null,130459092,null,1086692.05,null,2640,null,103488000,null,991169.43,null,0,null,0,null,103488000,null,991169.43]
["000000000212401",null,"2016-06-20",null,"000000000212401",null,"EPF SHARIAH WD NOM USD",null,"6758455",null,"JP3976300008",null,"7453 JT",null,"RYOHIN KEIKAKU CO LTD",null,"COMMON STOCK",null,"S",null,"JPY",null,12900,null,326783065,null,2990319.21,null,25480,null,328692000,null,3148089.26,null,0,null,0,null,328692000,null,3148089.26]
["000000000212401",null,"2016-06-20",null,"000000000212401",null,"EPF SHARIAH WD NOM USD",null,"6870100",null,"JP3443600006",null,"1801 JT",null,"TAISEI CORP",null,"COMMON STOCK",null,"S",null,"JPY",null,342000,null,263105099,null,2418226.87,null,811,null,277362000,null,2656469.69,null,0,null,0,null,277362000,null,2656469.69]
["000000000212401",null,"2016-06-20",null,"000000000212401",null,"EPF SHARIAH WD NOM USD",null,"6900308",null,"JP3868400007",null,"7261 JT",null,"MAZDA MOTOR CORP",null,"COMMON STOCK",null,"S",null,"JPY",null,145400,null,366369260,null,3260657.47,null,1683.5,null,244780900,null,2344420.0699999998,null,1853850,null,17755.48,null,246961900,null,2365308.87]
["000000000212401",null,"2016-06-20",null,"000000000212401",null,"EPF SHARIAH WD NOM USD",null,"6911485",null,"JP3951600000",null,"8113 JT",null,"UNICHARM CORP",null,"COMMON STOCK",null,"S",null,"JPY",null,107000,null,354963705,null,2962739.16,null,2158.5,null,230959500,null,2212043.87,null,0,null,0,null,230959500,null,2212043.87]
["000000000212401",null,"2016-06-20",null,"000000000212401",null,"EPF SHARIAH WD NOM USD",null,"7103065",null,"CH0012005267",null,"NOVN VX",null,"NOVARTIS AG-REG",null,"COMMON STOCK PAR CHF 0.5",null,"S",null,"CHF",null,39951,null,3578430.33,null,3706565.34,null,75.95,null,3034278.45,null,3162683.4,null,0,null,0,null,3034278.45,null,3162683.4]
["000000000212401",null,"2016-06-20",null,"000000000212401",null,"EPF SHARIAH WD NOM USD",null,"7110388",null,"CH0012032048",null,"ROG VX",null,"ROCHE HOLDING AG-GENUSSCHEIN",null,"COMMON STOCK",null,"S",null,"CHF",null,31283,null,8346741.3200000003,null,8997595.1300000008,null,245.8,null,7689361.4000000004,null,8014760.6799999997,null,0,null,0,null,7689361.4000000004,null,8014760.6799999997]
["000000000212401",null,"2016-06-20",null,"000000000212401",null,"EPF SHARIAH WD NOM USD",null,"7110720",null,"CH0012138605",null,"ADEN VX",null,"ADECCO GROUP AG-REG",null,"COMMON STOCK PAR CHF 1",null,"S",null,"CHF",null,38971,null,2497295.48,null,2568633.94,null,57.65,null,2246678.15,null,2341753.34,null,0,null,0,null,2246678.15,null,2341753.34]
["000000000212401",null,"2016-06-20",null,"000000000212401",null,"EPF SHARIAH WD NOM USD",null,"2681511",null,"US7134481081",null,"PEP UN",null,"PEPSICO INC",null,"COMMON STOCK PAR USD 0.017",null,"S",null,"USD",null,0,null,0,null,0,null,103.37,null,0,null,0,null,38853.08,null,38853.08,null,55504.4,null,55504.4]
["000000000212401",null,"2016-06-20",null,"000000000212401",null,"EPF SHARIAH WD NOM USD",null,"7145056",null,"IT0003132476",null,"ENI IM",null,"ENI SPA",null,"COMMON STOCK",null,"S",null,"EUR",null,245273,null,4312399.05,null,5670106.0300000003,null,14.16,null,3473065.68,null,3937412.63,null,0,null,0,null,3473065.68,null,3937412.63]
["000000000212401",null,"2016-06-20",null,"000000000212401",null,"EPF SHARIAH WD NOM USD",null,"2684703",null,"US7170811035",null,"PFE UN",null,"PFIZER INC",null,"COMMON STOCK PAR USD 0.05",null,"S",null,"USD",null,232083,null,7941026.04,null,7941026.04,null,34.5,null,8006863.5,null,8006863.5,null,0,null,0,null,8006863.5,null,8006863.5]
["000000000212401",null,"2016-06-20",null,"000000000212401",null,"EPF SHARIAH WD NOM USD",null,"2779063",null,"US7415034039",null,"PCLN UW",null,"PRICELINE GROUP INC/THE",null,"COMMON STOCK PAR USD 0.008",null,"S",null,"USD",null,3339,null,4323710.68,null,4323710.68,null,1341.96,null,4480804.4400000004,null,4480804.4400000004,null,0,null,0,null,4480804.4400000004,null,4480804.4400000004]
["000000000212401",null,"2016-06-20",null,"000000000212401",null,"EPF SHARIAH WD NOM USD",null,"2704407",null,"US7427181091",null,"PG UN",null,"PROCTER & GAMBLE CO/THE",null,"COMMON STOCK",null,"S",null,"USD",null,100283,null,8559405.1699999999,null,8559405.1699999999,null,83.04,null,8327500.3200000003,null,8327500.3200000003,null,0,null,0,null,8327500.3200000003,null,8327500.3200000003]
["000000000212401",null,"2016-06-20",null,"000000000212401",null,"EPF SHARIAH WD NOM USD",null,"BR9YYP4",null,"US74736K1016",null,"QRVO UW",null,"QORVO INC",null,"COMMON STOCK PAR USD 0.0001",null,"S",null,"USD",null,78044,null,4285703.96,null,4285703.96,null,55.98,null,4368903.12,null,4368903.12,null,0,null,0,null,4368903.12,null,4368903.12]
["000000000212401",null,"2016-06-20",null,"000000000212401",null,"EPF SHARIAH WD NOM USD",null,"2746711",null,"US7782961038",null,"ROST UW",null,"ROSS STORES INC",null,"COMMON STOCK PAR USD 0.01",null,"S",null,"USD",null,71751,null,3917532.96,null,3917532.96,null,54.2,null,3888904.2,null,3888904.2,null,6473.63,null,6473.63,null,3898152.24,null,3898152.24]
["000000000212401",null,"2016-06-20",null,"000000000212401",null,"EPF SHARIAH WD NOM USD",null,"2779201",null,"AN8068571086",null,"SLB UN",null,"SCHLUMBERGER LTD",null,"COMMON STOCK PAR USD 0.01",null,"S",null,"USD",null,79914,null,8218652.6600000001,null,8218652.6600000001,null,77.59,null,6200527.2599999998,null,6200527.2599999998,null,39957,null,39957,null,6240484.2599999998,null,6240484.2599999998]
["000000000212401",null,"2016-06-20",null,"000000000212401",null,"EPF SHARIAH WD NOM USD",null,"2818740",null,"US8330341012",null,"SNA UN",null,"SNAP-ON INC",null,"COMMON STOCK PAR USD 1",null,"S",null,"USD",null,8623,null,1370226.27,null,1370226.27,null,154.19999999999999,null,1329666.6000000001,null,1329666.6000000001,null,0,null,0,null,1329666.6000000001,null,1329666.6000000001]
["000000000212401",null,"2016-06-20",null,"000000000212401",null,"EPF SHARIAH WD NOM USD",null,"2892090",null,"US8865471085",null,"TIF UN",null,"TIFFANY & CO",null,"COMMON STOCK PAR USD 0.01",null,"S",null,"USD",null,52498,null,3986462.29,null,3986462.29,null,61.75,null,3241751.5,null,3241751.5,null,16536.87,null,16536.87,null,3265375.6,null,3265375.6]
["000000000212401",null,"2016-06-20",null,"000000000212401",null,"EPF SHARIAH WD NOM USD",null,"B019MQ5",null,"JP3110650003",null,"7747 JT",null,"ASAHI INTECC CO LTD",null,"COMMON STOCK",null,"S",null,"JPY",null,30000,null,154047820,null,1462206.39,null,5110,null,153300000,null,1468250.17,null,0,null,0,null,153300000,null,1468250.17]
["000000000212401",null,"2016-06-20",null,"000000000212401",null,"EPF SHARIAH WD NOM USD",null,"B12T3J1",null,"NL0000009355",null,"UNA NA",null,"UNILEVER NV-CVA",null,"DEPOSITORY RECEIPT",null,"S",null,"EUR",null,69579,null,2677237.4300000002,null,3008608.09,null,39.465000000000003,null,2745935.24,null,3113065.25,null,0,null,0,null,2745935.24,null,3113065.25]
["000000000212401",null,"2016-06-20",null,"000000000212401",null,"EPF SHARIAH WD NOM USD",null,"B15C557",null,"FR0000120271",null,"FP FP",null,"TOTAL SA",null,"COMMON STOCK PAR EUR 2.5",null,"S",null,"EUR",null,80760,null,3836454.01,null,4893017.2699999996,null,42.72,null,3450067.2,null,3911339.26,null,34484.519999999997,null,39095.089999999997,null,3499330.8,null,3967189.38]
["000000000212401",null,"2016-06-20",null,"000000000212401",null,"EPF SHARIAH WD NOM USD",null,"B1XZS82",null,"GB00B1XZS820",null,"AAL LN",null,"ANGLO AMERICAN PLC",null,"COMMON STOCK PAR USD 0.54945",null,"S",null,"GBP",null,78278,null,1032190.47,null,1609027.63,null,6.7,null,524462.6,null,770724.49,null,0,null,0,null,524462.6,null,770724.49]
["000000000212401",null,"2016-06-20",null,"000000000212401",null,"EPF SHARIAH WD NOM USD",null,"B1YXBJ7",null,"FR0000120073",null,"AI FP",null,"AIR LIQUIDE SA",null,"COMMON STOCK PAR EUR 5.5",null,"S",null,"EUR",null,48698,null,4976879.16,null,5726419.4500000002,null,93.55,null,4555697.9000000004,null,5164792.17,null,0,null,0,null,4555697.9000000004,null,5164792.17]
["000000000212401",null,"2016-06-20",null,"000000000212401",null,"EPF SHARIAH WD NOM USD",null,"B2QKY05",null,"JE00B2QKY057",null,"SHP LN",null,"SHIRE PLC",null,"COMMON STOCK PAR GBp 5",null,"S",null,"GBP",null,86987,null,4405015.66,null,6747780.8899999997,null,40.1,null,3488178.7,null,5126056.17,null,0,null,0,null,3488178.7,null,5126056.17]
["000000000212401",null,"2016-06-20",null,"000000000212401",null,"EPF SHARIAH WD NOM USD",null,"B3CTNK6",null,"BMG812761002",null,"SIG UN",null,"SIGNET JEWELERS LTD",null,"COMMON STOCK PAR USD 0.18",null,"S",null,"USD",null,50498,null,6138140.6900000004,null,6138140.6900000004,null,86.01,null,4343332.9800000004,null,4343332.9800000004,null,0,null,0,null,4343332.9800000004,null,4343332.9800000004]
["000000000212401",null,"2016-06-20",null,"000000000212401",null,"EPF SHARIAH WD NOM USD",null,"B3CY709",null,"JP3547670004",null,"2181 JT",null,"TEMP HOLDINGS CO LTD",null,"COMMON STOCK",null,"S",null,"JPY",null,0,null,0,null,0,null,1678,null,0,null,0,null,0,null,0,null,0,null,0]
["000000000212401",null,"2016-06-20",null,"000000000212401",null,"EPF SHARIAH WD NOM USD",null,"B3NB1P2",null,"CA8672241079",null,"SU CT",null,"SUNCOR ENERGY INC",null,"COMMON STOCK",null,"S",null,"CAD",null,76801,null,3179836.88,null,2964193.8,null,34.520000000000003,null,2651170.52,null,2072279.3,null,18931.45,null,14797.71,null,2673442.81,null,2089688.37]
["000000000212401",null,"2016-06-20",null,"000000000212401",null,"EPF SHARIAH WD NOM USD",null,"B505PN7",null,"NL0009538784",null,"NXPI UW",null,"NXP SEMICONDUCTORS NV",null,"COMMON STOCK",null,"S",null,"USD",null,30155,null,2632039.4900000002,null,2632039.4900000002,null,85.35,null,2573729.25,null,2573729.25,null,0,null,0,null,2573729.25,null,2573729.25]
["000000000212401",null,"2016-06-20",null,"000000000212401",null,"EPF SHARIAH WD NOM USD",null,"B58JVZ5",null,"IE00B58JVZ52",null,"STX UW",null,"SEAGATE TECHNOLOGY",null,"COMMON STOCK PAR USD 0.00001",null,"S",null,"USD",null,79898,null,4060855.03,null,4060855.03,null,23.43,null,1872010.14,null,1872010.14,null,0,null,0,null,1872010.14,null,1872010.14]
["000000000212401",null,"2016-06-20",null,"000000000212401",null,"EPF SHARIAH WD NOM USD",null,"B62B7C3",null,"CH0102993182",null,"TEL UN",null,"TE CONNECTIVITY LTD",null,"COMMON STOCK PAR CHF 0.57",null,"S",null,"USD",null,82481,null,5496451.7000000002,null,5496451.7000000002,null,61.49,null,5071756.6900000004,null,5071756.6900000004,null,0,null,0,null,5071756.6900000004,null,5071756.6900000004]
["000000000212401",null,"2016-06-20",null,"000000000212401",null,"EPF SHARIAH WD NOM USD",null,"B633030",null,"IE00B6330302",null,"IR UN",null,"INGERSOLL-RAND PLC",null,"COMMON STOCK PAR USD 1",null,"S",null,"USD",null,53244,null,3487422.37,null,3487422.37,null,65.97,null,3512506.68,null,3512506.68,null,17038.080000000002,null,17038.080000000002,null,3529544.76,null,3529544.76]
["000000000212401",null,"2016-06-20",null,"000000000212401",null,"EPF SHARIAH WD NOM USD",null,"B88MHC4",null,"DE000A1PHFF7",null,"BOSS GY",null,"HUGO BOSS AG -ORD",null,"COMMON STOCK",null,"S",null,"EUR",null,41153,null,4024584.99,null,5052053.6100000003,null,55.64,null,2289752.92,null,2595891.61,null,0,null,0,null,2289752.92,null,2595891.61]
["000000000212401",null,"2016-06-20",null,"000000000212401",null,"EPF SHARIAH WD NOM USD",null,"B8KQN82",null,"IE00B8KQN827",null,"ETN UN",null,"EATON CORP PLC",null,"COMMON STOCK PAR USD 0.01",null,"S",null,"USD",null,76415,null,5488533.0800000001,null,5488533.0800000001,null,62.29,null,4759890.3499999996,null,4759890.3499999996,null,0,null,0,null,4759890.3499999996,null,4759890.3499999996]
["000000000212401",null,"2016-06-20",null,"000000000212401",null,"EPF SHARIAH WD NOM USD",null,"BH4HKS3",null,"GB00BH4HKS39",null,"VOD LN",null,"VODAFONE GROUP PLC",null,"COMMON STOCK PAR USD 0.2095",null,"S",null,"GBP",null,1600786,null,4026278.78,null,6682777.0099999998,null,2.1615000000000002,null,3460098.94,null,5084791.53,null,124381.07,null,182784.31,null,3584480.01,null,5267575.84]
["000000000212401",null,"2016-06-20",null,"000000000212401",null,"EPF SHARIAH WD NOM USD",null,"BY9D546",null,"IE00BY9D5467",null,"AGN UN",null,"ALLERGAN PLC",null,"COMMON STOCK PAR USD 0.0033",null,"S",null,"USD",null,26601,null,7694052.6799999997,null,7694052.6799999997,null,235.26,null,6258151.2599999998,null,6258151.2599999998,null,0,null,0,null,6258151.2599999998,null,6258151.2599999998]
["000000000212401",null,"2016-09-19",null,"000000000212401",null,"EPF SHARIAH WD NOM USD",null,"2507457",null,"US00971T1016",null,"AKAM UW",null,"AKAMAI TECHNOLOGIES INC",null,"COMMON STOCK PAR USD 0.01",null,"S",null,"USD",null,80432,null,4457733.3,null,4457733.3,null,51.62,null,4151899.84,null,4151899.84,null,0,null,0,null,4151899.84,null,4151899.84]
["000000000212401",null,"2016-09-19",null,"000000000212401",null,"EPF SHARIAH WD NOM USD",null,"2795393",null,"US03073E1055",null,"ABC UN",null,"AMERISOURCEBERGEN CORP",null,"COMMON STOCK PAR USD 0.01",null,"S",null,"USD",null,62710,null,6338853.3300000001,null,6338853.3300000001,null,83.26,null,5221234.5999999996,null,5221234.5999999996,null,0,null,0,null,5221234.5999999996,null,5221234.5999999996]
["000000000212401",null,"2016-09-19",null,"000000000212401",null,"EPF SHARIAH WD NOM USD",null,"2043962",null,"US0374111054",null,"APA UN",null,"APACHE CORP",null,"COMMON STOCK PAR USD 0.625",null,"S",null,"USD",null,19000,null,1182612.54,null,1182612.54,null,57.85,null,1099150,null,1099150,null,0,null,0,null,1099150,null,1099150]
["000000000212401",null,"2016-09-19",null,"000000000212401",null,"EPF SHARIAH WD NOM USD",null,"2046251",null,"US0378331005",null,"AAPL UW",null,"APPLE INC",null,"COMMON STOCK PAR USD 0.00001",null,"S",null,"USD",null,166052,null,18900899.5,null,18900899.5,null,113.58,null,18860186.16,null,18860186.16,null,0,null,0,null,18860186.16,null,18860186.16]
["000000000212401",null,"2016-09-19",null,"000000000212401",null,"EPF SHARIAH WD NOM USD",null,"0798059",null,"GB0007980591",null,"BP/ LN",null,"BP PLC",null,"COMMON STOCK PAR USD 0.25",null,"S",null,"GBP",null,646760,null,2697741.49,null,3710382.2,null,4.2629999999999999,null,2757137.88,null,3601234.94,null,0,null,0,null,2757137.88,null,3601234.94]
["000000000212401",null,"2016-09-19",null,"000000000212401",null,"EPF SHARIAH WD NOM USD",null,"2437071",null,"US09061G1013",null,"BMRN UW",null,"BIOMARIN PHARMACEUTICAL INC",null,"COMMON STOCK PAR USD 0.001",null,"S",null,"USD",null,36891,null,3388975.02,null,3388975.02,null,98.11,null,3619376.01,null,3619376.01,null,0,null,0,null,3619376.01,null,3619376.01]
["000000000212401",null,"2016-09-19",null,"000000000212401",null,"EPF SHARIAH WD NOM USD",null,"2455965",null,"US09062X1037",null,"BIIB UW",null,"BIOGEN INC",null,"COMMON STOCK PAR USD 0.0005",null,"S",null,"USD",null,16968,null,6823687.4500000002,null,6823687.4500000002,null,303.5,null,5149788,null,5149788,null,0,null,0,null,5149788,null,5149788]
["000000000212401",null,"2016-09-19",null,"000000000212401",null,"EPF SHARIAH WD NOM USD",null,"0922320",null,"GB0009223206",null,"SN/ LN",null,"SMITH & NEPHEW PLC",null,"COMMON STOCK PAR USD 0.2",null,"S",null,"GBP",null,212983,null,2386305.0499999998,null,3520269.93,null,12.41,null,2643119.0299999998,null,3452309.25,null,0,null,0,null,2643119.0299999998,null,3452309.25]
["000000000212401",null,"2016-09-19",null,"000000000212401",null,"EPF SHARIAH WD NOM USD",null,"0989529",null,"GB0009895292",null,"AZN LN",null,"ASTRAZENECA PLC",null,"COMMON STOCK PAR USD 0.25",null,"S",null,"GBP",null,109832,null,4692245.1500000004,null,7593719.75,null,50.79,null,5578367.2800000003,null,7286183,null,0,null,0,null,5578367.2800000003,null,7286183]
["000000000212401",null,"2016-09-19",null,"000000000212401",null,"EPF SHARIAH WD NOM USD",null,"2577609",null,"US1266501006",null,"CVS UN",null,"CVS HEALTH CORP",null,"COMMON STOCK PAR USD 0.01",null,"S",null,"USD",null,82898,null,8531202.9100000001,null,8531202.9100000001,null,89.17,null,7392014.6600000001,null,7392014.6600000001,null,0,null,0,null,7392014.6600000001,null,7392014.6600000001]
["000000000212401",null,"2016-09-19",null,"000000000212401",null,"EPF SHARIAH WD NOM USD",null,"2838555",null,"US1667641005",null,"CVX UN",null,"CHEVRON CORP",null,"COMMON STOCK PAR USD 0.75",null,"S",null,"USD",null,70748,null,7251487.2300000004,null,7251487.2300000004,null,98.04,null,6936133.9199999999,null,6936133.9199999999,null,0,null,0,null,6936133.9199999999,null,6936133.9199999999]
["000000000212401",null,"2016-09-19",null,"000000000212401",null,"EPF SHARIAH WD NOM USD",null,"2257019",null,"US1924461023",null,"CTSH UW",null,"COGNIZANT TECH SOLUTIONS-A",null,"COMMON STOCK PAR USD 0.01",null,"S",null,"USD",null,89869,null,5517821.3899999997,null,5517821.3899999997,null,53.33,null,4792713.7699999996,null,4792713.7699999996,null,0,null,0,null,4792713.7699999996,null,4792713.7699999996]
["000000000212401",null,"2016-09-19",null,"000000000212401",null,"EPF SHARIAH WD NOM USD",null,"2685717",null,"US20825C1045",null,"COP UN",null,"CONOCOPHILLIPS",null,"COMMON STOCK PAR USD 0.01",null,"S",null,"USD",null,103607,null,6949920.9800000004,null,6949920.9800000004,null,39.28,null,4069682.96,null,4069682.96,null,0,null,0,null,4069682.96,null,4069682.96]
["000000000212401",null,"2016-09-19",null,"000000000212401",null,"EPF SHARIAH WD NOM USD",null,"2318024",null,"US26875P1012",null,"EOG UN",null,"EOG RESOURCES INC",null,"COMMON STOCK PAR USD 0.01",null,"S",null,"USD",null,59257,null,5656421.1900000004,null,5656421.1900000004,null,90.05,null,5336092.8499999996,null,5336092.8499999996,null,0,null,0,null,5336092.8499999996,null,5336092.8499999996]
["000000000212401",null,"2016-09-19",null,"000000000212401",null,"EPF SHARIAH WD NOM USD",null,"B7QQYV9",null,"US30219G1085",null,"ESRX UW",null,"EXPRESS SCRIPTS HOLDING CO",null,"COMMON STOCK PAR USD 0.01",null,"S",null,"USD",null,87773,null,6684375.29,null,6684375.29,null,69.66,null,6114267.1799999997,null,6114267.1799999997,null,0,null,0,null,6114267.1799999997,null,6114267.1799999997]
["000000000212401",null,"2016-09-19",null,"000000000212401",null,"EPF SHARIAH WD NOM USD",null,"2326618",null,"US30231G1022",null,"XOM UN",null,"EXXON MOBIL CORP",null,"COMMON STOCK",null,"S",null,"USD",null,116973,null,11254354.689999999,null,11254354.689999999,null,83.83,null,9805846.5899999999,null,9805846.5899999999,null,0,null,0,null,9805846.5899999999,null,9805846.5899999999]
["000000000212401",null,"2016-09-19",null,"000000000212401",null,"EPF SHARIAH WD NOM USD",null,"B665KZ5",null,"US37045V1008",null,"GM UN",null,"GENERAL MOTORS CO",null,"COMMON STOCK PAR USD 0.01",null,"S",null,"USD",null,102685,null,3691549.05,null,3691549.05,null,31.72,null,3257168.2,null,3257168.2,null,26483.49,null,26483.49,null,3295001.76,null,3295001.76]
["000000000212401",null,"2016-09-19",null,"000000000212401",null,"EPF SHARIAH WD NOM USD",null,"2369174",null,"US3755581036",null,"GILD UW",null,"GILEAD SCIENCES INC",null,"COMMON STOCK PAR USD 0.001",null,"S",null,"USD",null,80560,null,8717505.3900000006,null,8717505.3900000006,null,78.989999999999995,null,6363434.4000000004,null,6363434.4000000004,null,26504.240000000002,null,26504.240000000002,null,6401297.5999999996,null,6401297.5999999996]
["000000000212401",null,"2016-09-19",null,"000000000212401",null,"EPF SHARIAH WD NOM USD",null,"2463247",null,"US4581401001",null,"INTC UW",null,"INTEL CORP",null,"COMMON STOCK PAR USD 0.001",null,"S",null,"USD",null,111009,null,3948129.07,null,3948129.07,null,37.159999999999997,null,4125094.44,null,4125094.44,null,0,null,0,null,4125094.44,null,4125094.44]
["000000000212401",null,"2016-09-19",null,"000000000212401",null,"EPF SHARIAH WD NOM USD",null,"2005973",null,"US4592001014",null,"IBM UN",null,"INTL BUSINESS MACHINES CORP",null,"COMMON STOCK PAR USD 0.2",null,"S",null,"USD",null,9948,null,1974001.54,null,1974001.54,null,154.87,null,1540646.76,null,1540646.76,null,0,null,0,null,1540646.76,null,1540646.76]
["000000000212401",null,"2016-09-19",null,"000000000212401",null,"EPF SHARIAH WD NOM USD",null,"4617859",null,"DE0005552004",null,"DPW GY",null,"DEUTSCHE POST AG-REG",null,"COMMON STOCK",null,"S",null,"EUR",null,181122,null,4611981.42,null,5920041.2199999997,null,27.585000000000001,null,4996250.37,null,5587309.4900000002,null,0,null,0,null,4996250.37,null,5587309.4900000002]
["000000000212401",null,"2016-09-19",null,"000000000212401",null,"EPF SHARIAH WD NOM USD",null,"2475833",null,"US4781601046",null,"JNJ UN",null,"JOHNSON & JOHNSON",null,"COMMON STOCK PAR USD 1",null,"S",null,"USD",null,59089,null,7158399.3200000003,null,7158399.3200000003,null,117.66,null,6952411.7400000002,null,6952411.7400000002,null,0,null,0,null,6952411.7400000002,null,6952411.7400000002]
["000000000212401",null,"2016-09-19",null,"000000000212401",null,"EPF SHARIAH WD NOM USD",null,"2607647",null,"US4851703029",null,"KSU UN",null,"KANSAS CITY SOUTHERN",null,"COMMON STOCK PAR USD 0.01",null,"S",null,"USD",null,40844,null,4408831.16,null,4408831.16,null,89.85,null,3669833.4,null,3669833.4,null,8918.2199999999993,null,8918.2199999999993,null,3682573.71,null,3682573.71]
["000000000212401",null,"2016-09-19",null,"000000000212401",null,"EPF SHARIAH WD NOM USD",null,"4874160",null,"FR0000131708",null,"TEC FP",null,"TECHNIP SA",null,"COMMON STOCK PAR EUR 0.7625",null,"S",null,"EUR",null,30258,null,1542400.55,null,2080493.94,null,51.6,null,1561312.8,null,1746016.95,null,0,null,0,null,1561312.8,null,1746016.95]
["000000000212401",null,"2016-09-19",null,"000000000212401",null,"EPF SHARIAH WD NOM USD",null,"5069211",null,"DE000BAY0017",null,"BAYN GY",null,"BAYER AG-REG",null,"COMMON STOCK",null,"S",null,"EUR",null,53040,null,6627148.2800000003,null,7428106.0999999996,null,91.6,null,4858464,null,5433222.9199999999,null,0,null,0,null,4858464,null,5433222.9199999999]
["000000000212401",null,"2016-09-19",null,"000000000212401",null,"EPF SHARIAH WD NOM USD",null,"5086577",null,"DE000BASF111",null,"BAS GY",null,"BASF SE",null,"COMMON STOCK",null,"S",null,"EUR",null,60036,null,4214638.96,null,4725721.1900000004,null,70.69,null,4243944.84,null,4746005.8099999996,null,0,null,0,null,4243944.84,null,4746005.8099999996]
["000000000212401",null,"2016-09-19",null,"000000000212401",null,"EPF SHARIAH WD NOM USD",null,"5129074",null,"DE0005785802",null,"FME GY",null,"FRESENIUS MEDICAL CARE AG &",null,"COMMON STOCK",null,"S",null,"EUR",null,23980,null,1901527.35,null,2130000.2799999998,null,78.540000000000006,null,1883389.2,null,2106195.16,null,0,null,0,null,1883389.2,null,2106195.16]
["000000000212401",null,"2016-09-19",null,"000000000212401",null,"EPF SHARIAH WD NOM USD",null,"5727973",null,"DE0007236101",null,"SIE GY",null,"SIEMENS AG-REG",null,"COMMON STOCK",null,"S",null,"EUR",null,45914,null,4316763.42,null,5428975.3799999999,null,104.65,null,4804900.0999999996,null,5373322.3799999999,null,0,null,0,null,4804900.0999999996,null,5373322.3799999999]
["000000000212401",null,"2016-09-19",null,"000000000212401",null,"EPF SHARIAH WD NOM USD",null,"B4W9F29",null,"US5828391061",null,"MJN UN",null,"MEAD JOHNSON NUTRITION CO",null,"COMMON STOCK PAR USD 0.01",null,"S",null,"USD",null,39449,null,3845516.93,null,3845516.93,null,77.349999999999994,null,3051380.15,null,3051380.15,null,11390.9,null,11390.9,null,3067652.86,null,3067652.86]
["000000000212401",null,"2016-09-19",null,"000000000212401",null,"EPF SHARIAH WD NOM USD",null,"2588184",null,"US5951121038",null,"MU UW",null,"MICRON TECHNOLOGY INC",null,"COMMON STOCK PAR USD 0.1",null,"S",null,"USD",null,302743,null,8399934.5500000007,null,8399934.5500000007,null,16.95,null,5131493.8499999996,null,5131493.8499999996,null,0,null,0,null,5131493.8499999996,null,5131493.8499999996]
["000000000212401",null,"2016-09-19",null,"000000000212401",null,"EPF SHARIAH WD NOM USD",null,"5959378",null,"SE0000108656",null,"ERICB S",null,"ERICSSON LM-B SHS",null,"COMMON STOCK PAR SEK 5",null,"S",null,"SEK",null,335391,null,30055925.579999998,null,3559567.34,null,57.4,null,19251443.399999999,null,2253027.42,null,0,null,0,null,19251443.399999999,null,2253027.42]
["000000000212401",null,"2016-09-19",null,"000000000212401",null,"EPF SHARIAH WD NOM USD",null,"5962332",null,"NL0000226223",null,"STM FP",null,"STMICROELECTRONICS NV",null,"COMMON STOCK PAR EUR 1.04",null,"S",null,"EUR",null,379245,null,2653153.6800000002,null,3382088.97,null,7.0270000000000001,null,2664954.62,null,2980220.19,null,17323.21,null,19372.55,null,2685334.87,null,3003011.43]
["000000000212401",null,"2016-09-19",null,"000000000212401",null,"EPF SHARIAH WD NOM USD",null,"6021500",null,"JP3126400005",null,"6770 JT",null,"ALPS ELECTRIC CO LTD",null,"COMMON STOCK",null,"S",null,"JPY",null,149600,null,561083244,null,4592581.7,null,2440,null,365024000,null,3586578.24,null,0,null,0,null,365024000,null,3586578.24]
["000000000212401",null,"2016-09-19",null,"000000000212401",null,"EPF SHARIAH WD NOM USD",null,"B8CKK03",null,"US6092071058",null,"MDLZ UW",null,"MONDELEZ INTERNATIONAL INC-A",null,"COMMON STOCK",null,"S",null,"USD",null,129001,null,5602143.8700000001,null,5602143.8700000001,null,42.87,null,5530272.8700000001,null,5530272.8700000001,null,0,null,0,null,5530272.8700000001,null,5530272.8700000001]
["000000000212401",null,"2016-09-19",null,"000000000212401",null,"EPF SHARIAH WD NOM USD",null,"2654320",null,"US61166W1018",null,"MON UN",null,"MONSANTO CO",null,"COMMON STOCK PAR USD 0.01",null,"S",null,"USD",null,51033,null,5549088.46,null,5549088.46,null,101.8,null,5195159.4000000004,null,5195159.4000000004,null,0,null,0,null,5195159.4000000004,null,5195159.4000000004]
["000000000212401",null,"2016-09-19",null,"000000000212401",null,"EPF SHARIAH WD NOM USD",null,"6132101",null,"JP3830800003",null,"5108 JT",null,"BRIDGESTONE CORP",null,"COMMON STOCK",null,"S",null,"JPY",null,59100,null,278358944,null,2307287.2000000002,null,3565,null,210691500,null,2070169.49,null,0,null,0,null,210691500,null,2070169.49]
["000000000212401",null,"2016-09-19",null,"000000000212401",null,"EPF SHARIAH WD NOM USD",null,"6185495",null,"AU000000CSL8",null,"CSL AT",null,"CSL LTD",null,"COMMON STOCK",null,"S",null,"AUD",null,31678,null,3401905.57,null,2588629.9900000002,null,102.02,null,3231789.56,null,2443070.9700000002,null,23557.72,null,17808.46,null,3259504.53,null,2464022.1]
["000000000212401",null,"2016-09-19",null,"000000000212401",null,"EPF SHARIAH WD NOM USD",null,"6218670",null,"AU000000BLD2",null,"BLD AT",null,"BORAL LTD",null,"COMMON STOCK",null,"S",null,"AUD",null,298460,null,1983953.97,null,1499097.19,null,6.31,null,1883282.6,null,1423667.28,null,21118.400000000001,null,15964.45,null,1908127.78,null,1442448.99]
["000000000212401",null,"2016-09-19",null,"000000000212401",null,"EPF SHARIAH WD NOM USD",null,"6248990",null,"JP3496400007",null,"9433 JT",null,"KDDI CORP",null,"COMMON STOCK",null,"S",null,"JPY",null,131700,null,415143403,null,3999481.47,null,3016,null,397207200,null,3902797.35,null,0,null,0,null,397207200,null,3902797.35]
["000000000212401",null,"2016-09-19",null,"000000000212401",null,"EPF SHARIAH WD NOM USD",null,"6250724",null,"JP3481800005",null,"6367 JT",null,"DAIKIN INDUSTRIES LTD",null,"COMMON STOCK",null,"S",null,"JPY",null,25700,null,236763512,null,2340670.42,null,9216,null,236851200,null,2327204.13,null,0,null,0,null,236851200,null,2327204.13]
["000000000212401",null,"2016-09-19",null,"000000000212401",null,"EPF SHARIAH WD NOM USD",null,"2624486",null,"US6370711011",null,"NOV UN",null,"NATIONAL OILWELL VARCO INC",null,"COMMON STOCK PAR USD 0.01",null,"S",null,"USD",null,102024,null,5583611.5599999996,null,5583611.5599999996,null,32.36,null,3301496.64,null,3301496.64,null,3570.84,null,3570.84,null,3306597.84,null,3306597.84]
["000000000212401",null,"2016-09-19",null,"000000000212401",null,"EPF SHARIAH WD NOM USD",null,"6467104",null,"JP3137200006",null,"7202 JT",null,"ISUZU MOTORS LTD",null,"COMMON STOCK",null,"S",null,"JPY",null,272700,null,358376602,null,3415923.96,null,1226.5,null,334466550,null,3286333.09,null,0,null,0,null,334466550,null,3286333.09]
["000000000212401",null,"2016-09-19",null,"000000000212401",null,"EPF SHARIAH WD NOM USD",null,"6483809",null,"JP3205800000",null,"4452 JT",null,"KAO CORP",null,"COMMON STOCK",null,"S",null,"JPY",null,45600,null,277219041,null,2616808.27,null,5548,null,252988800,null,2485765.66,null,0,null,0,null,252988800,null,2485765.66]
["000000000212401",null,"2016-09-19",null,"000000000212401",null,"EPF SHARIAH WD NOM USD",null,"6597045",null,"JP3902400005",null,"6503 JT",null,"MITSUBISHI ELECTRIC CORP",null,"COMMON STOCK",null,"S",null,"JPY",null,192000,null,260326013,null,2419571.04,null,1243.5,null,238752000,null,2345880.62,null,0,null,0,null,238752000,null,2345880.62]
["000000000212401",null,"2016-09-19",null,"000000000212401",null,"EPF SHARIAH WD NOM USD",null,"6640682",null,"JP3734800000",null,"6594 JT",null,"NIDEC CORP",null,"COMMON STOCK",null,"S",null,"JPY",null,16000,null,148737116,null,1472818.72,null,8878,null,142048000,null,1395706.21,null,0,null,0,null,142048000,null,1395706.21]
["000000000212401",null,"2016-09-19",null,"000000000212401",null,"EPF SHARIAH WD NOM USD",null,"6641801",null,"JP3684000007",null,"6988 JT",null,"NITTO DENKO CORP",null,"COMMON STOCK",null,"S",null,"JPY",null,53400,null,479338421,null,3934712.28,null,6632,null,354148800,null,3479722.92,null,0,null,0,null,354148800,null,3479722.92]
["000000000212401",null,"2016-09-19",null,"000000000212401",null,"EPF SHARIAH WD NOM USD",null,"6667733",null,"JP3780100008",null,"4666 JT",null,"PARK24 CO LTD",null,"COMMON STOCK",null,"S",null,"JPY",null,90500,null,310660512,null,3000747.45,null,2995,null,271047500,null,2663203.14,null,0,null,0,null,271047500,null,2663203.14]
["000000000212401",null,"2016-09-19",null,"000000000212401",null,"EPF SHARIAH WD NOM USD",null,"6673042",null,"AU000000IPL1",null,"IPL AT",null,"INCITEC PIVOT LTD",null,"COMMON STOCK",null,"S",null,"AUD",null,1669841,null,5993516.29,null,4536365.96,null,2.7450000000000001,null,4583713.55,null,3465057.77,null,0,null,0,null,4583713.55,null,3465057.77]
["000000000212401",null,"2016-09-19",null,"000000000212401",null,"EPF SHARIAH WD NOM USD",null,"6758455",null,"JP3976300008",null,"7453 JT",null,"RYOHIN KEIKAKU CO LTD",null,"COMMON STOCK",null,"S",null,"JPY",null,13800,null,342163499,null,3184627.74,null,19430,null,268134000,null,2634576.27,null,1502205,null,14760.06,null,269901300,null,2651941.0499999998]
["000000000212401",null,"2016-09-19",null,"000000000212401",null,"EPF SHARIAH WD NOM USD",null,"6883807",null,"JP3351100007",null,"6869 JT",null,"SYSMEX CORP",null,"COMMON STOCK",null,"S",null,"JPY",null,35400,null,241548531,null,2387424.2599999998,null,7220,null,255588000,null,2511304.35,null,0,null,0,null,255588000,null,2511304.35]
["000000000212401",null,"2016-09-19",null,"000000000212401",null,"EPF SHARIAH WD NOM USD",null,"6900308",null,"JP3868400007",null,"7261 JT",null,"MAZDA MOTOR CORP",null,"COMMON STOCK",null,"S",null,"JPY",null,145400,null,366369260,null,3260657.47,null,1601.5,null,232858100,null,2287969.54,null,0,null,0,null,232858100,null,2287969.54]
["000000000212401",null,"2016-09-19",null,"000000000212401",null,"EPF SHARIAH WD NOM USD",null,"6911485",null,"JP3951600000",null,"8113 JT",null,"UNICHARM CORP",null,"COMMON STOCK",null,"S",null,"JPY",null,119400,null,386707705,null,3275026.42,null,2515,null,300291000,null,2950537.95,null,0,null,0,null,300291000,null,2950537.95]
["000000000212401",null,"2016-09-19",null,"000000000212401",null,"EPF SHARIAH WD NOM USD",null,"7103065",null,"CH0012005267",null,"NOVN VX",null,"NOVARTIS AG-REG",null,"COMMON STOCK PAR CHF 0.5",null,"S",null,"CHF",null,39977,null,3554008.61,null,3680529.32,null,78.599999999999994,null,3142192.2,null,3207300.4,null,0,null,0,null,3142192.2,null,3207300.4]
["000000000212401",null,"2016-09-19",null,"000000000212401",null,"EPF SHARIAH WD NOM USD",null,"7110388",null,"CH0012032048",null,"ROG VX",null,"ROCHE HOLDING AG-GENUSSCHEIN",null,"COMMON STOCK",null,"S",null,"CHF",null,38033,null,10014559.73,null,10707433.16,null,242.5,null,9223002.5,null,9414108.9100000001,null,0,null,0,null,9223002.5,null,9414108.9100000001]
["000000000212401",null,"2016-09-19",null,"000000000212401",null,"EPF SHARIAH WD NOM USD",null,"7145056",null,"IT0003132476",null,"ENI IM",null,"ENI SPA",null,"COMMON STOCK",null,"S",null,"EUR",null,270946,null,4668258.53,null,6067289.9900000002,null,12.7,null,3441014.2,null,3848088.04,null,97540.56,null,109079.66,null,3549392.6,null,3969287.66]
["000000000212401",null,"2016-09-19",null,"000000000212401",null,"EPF SHARIAH WD NOM USD",null,"2779063",null,"US7415034039",null,"PCLN UW",null,"PRICELINE GROUP INC/THE",null,"COMMON STOCK PAR USD 0.008",null,"S",null,"USD",null,3318,null,4732148.5999999996,null,4732148.5999999996,null,1448.06,null,4804663.08,null,4804663.08,null,0,null,0,null,4804663.08,null,4804663.08]
["000000000212401",null,"2016-09-19",null,"000000000212401",null,"EPF SHARIAH WD NOM USD",null,"2704407",null,"US7427181091",null,"PG UN",null,"PROCTER & GAMBLE CO/THE",null,"COMMON STOCK",null,"S",null,"USD",null,84995,null,7257286.46,null,7257286.46,null,88.37,null,7511008.1500000004,null,7511008.1500000004,null,0,null,0,null,7511008.1500000004,null,7511008.1500000004]
["000000000212401",null,"2016-09-19",null,"000000000212401",null,"EPF SHARIAH WD NOM USD",null,"2714923",null,"US7475251036",null,"QCOM UW",null,"QUALCOMM INC",null,"COMMON STOCK PAR USD 0.0001",null,"S",null,"USD",null,90667,null,5527448.2800000003,null,5527448.2800000003,null,62.86,null,5699327.6200000001,null,5699327.6200000001,null,31398.47,null,31398.47,null,5744182.5800000001,null,5744182.5800000001]
["000000000212401",null,"2016-09-19",null,"000000000212401",null,"EPF SHARIAH WD NOM USD",null,"2746711",null,"US7782961038",null,"ROST UW",null,"ROSS STORES INC",null,"COMMON STOCK PAR USD 0.01",null,"S",null,"USD",null,3124,null,195937.28,null,195937.28,null,62.53,null,195343.72,null,195343.72,null,0,null,0,null,195343.72,null,195343.72]
["000000000212401",null,"2016-09-19",null,"000000000212401",null,"EPF SHARIAH WD NOM USD",null,"2779201",null,"AN8068571086",null,"SLB UN",null,"SCHLUMBERGER LTD",null,"COMMON STOCK PAR USD 0.01",null,"S",null,"USD",null,82343,null,8411466.6799999997,null,8411466.6799999997,null,75.959999999999994,null,6254774.2800000003,null,6254774.2800000003,null,39957,null,39957,null,6294731.2800000003,null,6294731.2800000003]
["000000000212401",null,"2016-09-19",null,"000000000212401",null,"EPF SHARIAH WD NOM USD",null,"2818740",null,"US8330341012",null,"SNA UN",null,"SNAP-ON INC",null,"COMMON STOCK PAR USD 1",null,"S",null,"USD",null,28178,null,4425997.7699999996,null,4425997.7699999996,null,149.36000000000001,null,4208666.08,null,4208666.08,null,0,null,0,null,4208666.08,null,4208666.08]
["000000000212401",null,"2016-09-19",null,"000000000212401",null,"EPF SHARIAH WD NOM USD",null,"2892090",null,"US8865471085",null,"TIF UN",null,"TIFFANY & CO",null,"COMMON STOCK PAR USD 0.01",null,"S",null,"USD",null,54549,null,4128001.8,null,4128001.8,null,71.77,null,3914981.73,null,3914981.73,null,17182.93,null,17182.93,null,3939528.78,null,3939528.78]
["000000000212401",null,"2016-09-19",null,"000000000212401",null,"EPF SHARIAH WD NOM USD",null,"B019MQ5",null,"JP3110650003",null,"7747 JT",null,"ASAHI INTECC CO LTD",null,"COMMON STOCK",null,"S",null,"JPY",null,8000,null,40743048,null,389203.82,null,4545,null,36360000,null,357258.66,null,765000,null,7516.58,null,37260000,null,366101.7]
["000000000212401",null,"2016-09-19",null,"000000000212401",null,"EPF SHARIAH WD NOM USD",null,"B02K2M3",null,"JP3435750009",null,"2413 JT",null,"M3 INC",null,"COMMON STOCK",null,"S",null,"JPY",null,98900,null,323177897,null,3182601.24,null,3055,null,302139500,null,2968700.56,null,0,null,0,null,302139500,null,2968700.56]
["000000000212401",null,"2016-09-19",null,"000000000212401",null,"EPF SHARIAH WD NOM USD",null,"B02L3W3",null,"GB00B02L3W35",null,"BKG LN",null,"BERKELEY GROUP HOLDINGS/THE",null,"COMMON STOCK",null,"S",null,"GBP",null,140222,null,3815231.65,null,5036742.8899999997,null,26.17,null,3669609.74,null,4793059.83,null,0,null,0,null,3669609.74,null,4793059.83]
["000000000212401",null,"2016-09-19",null,"000000000212401",null,"EPF SHARIAH WD NOM USD",null,"B12T3J1",null,"NL0000009355",null,"UNA NA",null,"UNILEVER NV-CVA",null,"DEPOSITORY RECEIPT",null,"S",null,"EUR",null,39925,null,1629925.67,null,1830637.11,null,40.81,null,1629339.25,null,1822090.96,null,0,null,0,null,1629339.25,null,1822090.96]
["000000000212401",null,"2016-09-19",null,"000000000212401",null,"EPF SHARIAH WD NOM USD",null,"B15C557",null,"FR0000120271",null,"FP FP",null,"TOTAL SA",null,"COMMON STOCK PAR EUR 2.5",null,"S",null,"EUR",null,77513,null,3670082.95,null,4654768.09,null,41.685000000000002,null,3231129.41,null,3613373.77,null,0,null,0,null,3231129.41,null,3613373.77]
["000000000212401",null,"2016-09-19",null,"000000000212401",null,"EPF SHARIAH WD NOM USD",null,"B1XZS82",null,"GB00B1XZS820",null,"AAL LN",null,"ANGLO AMERICAN PLC",null,"COMMON STOCK PAR USD 0.54945",null,"S",null,"GBP",null,88337,null,1085873.46,null,1659173.71,null,8.609,null,760493.23,null,993318.04,null,0,null,0,null,760493.23,null,993318.04]
["000000000212401",null,"2016-09-19",null,"000000000212401",null,"EPF SHARIAH WD NOM USD",null,"B1YXBJ7",null,"FR0000120073",null,"AI FP",null,"AIR LIQUIDE SA",null,"COMMON STOCK PAR EUR 5.5",null,"S",null,"EUR",null,52835,null,5379000.7999999998,null,6177913.3600000003,null,96.92,null,5120768.2,null,5726557.8499999996,null,0,null,0,null,5120768.2,null,5726557.8499999996]
["000000000212401",null,"2016-09-19",null,"000000000212401",null,"EPF SHARIAH WD NOM USD",null,"B2QKY05",null,"JE00B2QKY057",null,"SHP LN",null,"SHIRE PLC",null,"COMMON STOCK PAR GBp 5",null,"S",null,"GBP",null,89861,null,4543168.84,null,6931731.7699999996,null,51.83,null,4657495.63,null,6083386.7300000004,null,3053.24,null,3987.99,null,4660548.87,null,6087374.7199999997]
["000000000212401",null,"2016-09-19",null,"000000000212401",null,"EPF SHARIAH WD NOM USD",null,"B3CTNK6",null,"BMG812761002",null,"SIG UN",null,"SIGNET JEWELERS LTD",null,"COMMON STOCK PAR USD 0.18",null,"S",null,"USD",null,55181,null,6487445.54,null,6487445.54,null,77.2,null,4259973.2,null,4259973.2,null,0,null,0,null,4259973.2,null,4259973.2]
["000000000212401",null,"2016-09-19",null,"000000000212401",null,"EPF SHARIAH WD NOM USD",null,"B3NB1P2",null,"CA8672241079",null,"SU CT",null,"SUNCOR ENERGY INC",null,"COMMON STOCK",null,"S",null,"CAD",null,81917,null,3362785.04,null,3106063.57,null,34.5,null,2826136.5,null,2142473.2799999998,null,18931.45,null,14351.79,null,2848408.79,null,2159357.7400000002]
["000000000212401",null,"2016-09-19",null,"000000000212401",null,"EPF SHARIAH WD NOM USD",null,"B505PN7",null,"NL0009538784",null,"NXPI UW",null,"NXP SEMICONDUCTORS NV",null,"COMMON STOCK",null,"S",null,"USD",null,67446,null,5753710.96,null,5753710.96,null,82.99,null,5597343.54,null,5597343.54,null,0,null,0,null,5597343.54,null,5597343.54]
["000000000212401",null,"2016-09-19",null,"000000000212401",null,"EPF SHARIAH WD NOM USD",null,"B58JVZ5",null,"IE00B58JVZ52",null,"STX UW",null,"SEAGATE TECHNOLOGY",null,"COMMON STOCK PAR USD 0.00001",null,"S",null,"USD",null,70173,null,3521216.21,null,3521216.21,null,35.950000000000003,null,2522719.35,null,2522719.35,null,44208.99,null,44208.99,null,2566928.34,null,2566928.34]
["000000000212401",null,"2016-09-19",null,"000000000212401",null,"EPF SHARIAH WD NOM USD",null,"B62B7C3",null,"CH0102993182",null,"TEL UN",null,"TE CONNECTIVITY LTD",null,"COMMON STOCK PAR CHF 0.57",null,"S",null,"USD",null,84495,null,5598785.2999999998,null,5598785.2999999998,null,62.29,null,5263193.55,null,5263193.55,null,0,null,0,null,5263193.55,null,5263193.55]
["000000000212401",null,"2016-09-19",null,"000000000212401",null,"EPF SHARIAH WD NOM USD",null,"B633030",null,"IE00B6330302",null,"IR UN",null,"INGERSOLL-RAND PLC",null,"COMMON STOCK PAR USD 1",null,"S",null,"USD",null,57475,null,3722443.25,null,3722443.25,null,64.02,null,3679549.5,null,3679549.5,null,17788.8,null,17788.8,null,3697338.3,null,3697338.3]
["000000000212401",null,"2016-09-19",null,"000000000212401",null,"EPF SHARIAH WD NOM USD",null,"B88MHC4",null,"DE000A1PHFF7",null,"BOSS GY",null,"HUGO BOSS AG -ORD",null,"COMMON STOCK",null,"S",null,"EUR",null,43444,null,4146580.74,null,5189597.76,null,50.39,null,2189143.16,null,2448119.98,null,0,null,0,null,2189143.16,null,2448119.98]
["000000000212401",null,"2016-09-19",null,"000000000212401",null,"EPF SHARIAH WD NOM USD",null,"B8KQN82",null,"IE00B8KQN827",null,"ETN UN",null,"EATON CORP PLC",null,"COMMON STOCK PAR USD 0.01",null,"S",null,"USD",null,79349,null,5682411.7999999998,null,5682411.7999999998,null,63.25,null,5018824.25,null,5018824.25,null,0,null,0,null,5018824.25,null,5018824.25]
["000000000212401",null,"2016-09-19",null,"000000000212401",null,"EPF SHARIAH WD NOM USD",null,"BD1LVR6",null,"FR0013201381",null,"AIDS FP",null,"AIR LIQUIDE SA-RTS",null,"RIGHTS",null,"R",null,"EUR",null,52835,null,0,null,0,null,2.73,null,144239.54999999999,null,161303.17000000001,null,0,null,0,null,144239.54999999999,null,161303.17000000001]
["000000000212401",null,"2016-09-19",null,"000000000212401",null,"EPF SHARIAH WD NOM USD",null,"BD9WQP4",null,"SG9999014823",null,"AVGO UW",null,"BROADCOM LTD",null,"COMMON STOCK",null,"S",null,"USD",null,35495,null,5733560.3099999996,null,5733560.3099999996,null,170.73,null,6060061.3499999996,null,6060061.3499999996,null,16980.45,null,16980.45,null,6077041.7999999998,null,6077041.7999999998]
["000000000212401",null,"2016-09-19",null,"000000000212401",null,"EPF SHARIAH WD NOM USD",null,"BH4HKS3",null,"GB00BH4HKS39",null,"VOD LN",null,"VODAFONE GROUP PLC",null,"COMMON STOCK PAR USD 0.2095",null,"S",null,"GBP",null,1778565,null,4417668.88,null,7239767.3300000001,null,2.2134999999999998,null,3936853.63,null,5142120.3600000003,null,0,null,0,null,3936853.63,null,5142120.3600000003]
["000000000212401",null,"2016-09-19",null,"000000000212401",null,"EPF SHARIAH WD NOM USD",null,"BY7QL61",null,"IE00BY7QL619",null,"JCI UN",null,"JOHNSON CONTROLS INTERNATION",null,"COMMON STOCK PAR USD 0.01",null,"S",null,"USD",null,103827,null,5096744.79,null,5096744.79,null,44.2,null,4589153.4000000004,null,4589153.4000000004,null,0,null,0,null,4589153.4000000004,null,4589153.4000000004]
["000000000212401",null,"2016-09-19",null,"000000000212401",null,"EPF SHARIAH WD NOM USD",null,"BY9D546",null,"IE00BY9D5467",null,"AGN UN",null,"ALLERGAN PLC",null,"COMMON STOCK PAR USD 0.0033",null,"S",null,"USD",null,29544,null,8408114.3599999994,null,8408114.3599999994,null,245.29,null,7246847.7599999998,null,7246847.7599999998,null,0,null,0,null,7246847.7599999998,null,7246847.7599999998]
["000000000212401",null,"2017-03-20",null,"000000000212401",null,"EPF SHARIAH WD NOM USD",null,2795393,null,"US03073E1055",null,"ABC UN",null,"AMERISOURCEBERGEN CORP",null,"COMMON STOCK PAR USD 0.01",null,"S",null,"USD",null,62710,null,6338853.3300000001,null,6338853.3300000001,null,86.91,null,5450126.0999999996,null,5450126.0999999996,null,0,null,0,null,5450126.0999999996,null,5450126.0999999996]
["000000000212401",null,"2017-03-20",null,"000000000212401",null,"EPF SHARIAH WD NOM USD",null,2046251,null,"US0378331005",null,"AAPL UW",null,"APPLE INC",null,"COMMON STOCK PAR USD 0.00001",null,"S",null,"USD",null,129316,null,15831768.949999999,null,15831768.949999999,null,141.46,null,18293041.359999999,null,18293041.359999999,null,0,null,0,null,18293041.359999999,null,18293041.359999999]
["000000000212401",null,"2017-03-20",null,"000000000212401",null,"EPF SHARIAH WD NOM USD",null,2437071,null,"US09061G1013",null,"BMRN UW",null,"BIOMARIN PHARMACEUTICAL INC",null,"COMMON STOCK PAR USD 0.001",null,"S",null,"USD",null,55197,null,4910470.97,null,4910470.97,null,90,null,4967730,null,4967730,null,0,null,0,null,4967730,null,4967730]
["000000000212401",null,"2017-03-20",null,"000000000212401",null,"EPF SHARIAH WD NOM USD",null,2455965,null,"US09062X1037",null,"BIIB UW",null,"BIOGEN INC",null,"COMMON STOCK PAR USD 0.0005",null,"S",null,"USD",null,18947,null,6851480.4000000004,null,6851480.4000000004,null,274.8,null,5206635.5999999996,null,5206635.5999999996,null,0,null,0,null,5206635.5999999996,null,5206635.5999999996]
["000000000212401",null,"2017-03-20",null,"000000000212401",null,"EPF SHARIAH WD NOM USD",null,"BDTYZ53",null,"US09075E1001",null,"BIVV UW",null,"BIOVERATIV INC",null,"COMMON STOCK PAR USD 0.001",null,"S",null,"USD",null,9119,null,569099.27,null,569099.27,null,49.17,null,448381.23,null,448381.23,null,0,null,0,null,448381.23,null,448381.23]
["000000000212401",null,"2017-03-20",null,"000000000212401",null,"EPF SHARIAH WD NOM USD",null,922320,null,"GB0009223206",null,"SN/ LN",null,"SMITH & NEPHEW PLC",null,"COMMON STOCK PAR USD 0.2",null,"S",null,"GBP",null,227483,null,2537048.4,null,3677342.82,null,12.47,null,2836713.01,null,3507310.84,null,0,null,0,null,2836713.01,null,3507310.84]
["000000000212401",null,"2017-03-20",null,"000000000212401",null,"EPF SHARIAH WD NOM USD",null,989529,null,"GB0009895292",null,"AZN LN",null,"ASTRAZENECA PLC",null,"COMMON STOCK PAR USD 0.25",null,"S",null,"GBP",null,109832,null,4692245.1500000004,null,7593719.75,null,49,null,5381768,null,6654015.8300000001,null,0,null,0,null,5381768,null,6654015.8300000001]
["000000000212401",null,"2017-03-20",null,"000000000212401",null,"EPF SHARIAH WD NOM USD",null,2577609,null,"US1266501006",null,"CVS UN",null,"CVS HEALTH CORP",null,"COMMON STOCK PAR USD 0.01",null,"S",null,"USD",null,100032,null,9845436.9199999999,null,9845436.9199999999,null,78.819999999999993,null,7884522.2400000002,null,7884522.2400000002,null,0,null,0,null,7884522.2400000002,null,7884522.2400000002]
["000000000212401",null,"2017-03-20",null,"000000000212401",null,"EPF SHARIAH WD NOM USD",null,2838555,null,"US1667641005",null,"CVX UN",null,"CHEVRON CORP",null,"COMMON STOCK PAR USD 0.75",null,"S",null,"USD",null,69452,null,8002521.21,null,8002521.21,null,107.66,null,7477202.3200000003,null,7477202.3200000003,null,0,null,0,null,7477202.3200000003,null,7477202.3200000003]
["000000000212401",null,"2017-03-20",null,"000000000212401",null,"EPF SHARIAH WD NOM USD",null,2257019,null,"US1924461023",null,"CTSH UW",null,"COGNIZANT TECH SOLUTIONS-A",null,"COMMON STOCK PAR USD 0.01",null,"S",null,"USD",null,82549,null,5068384.42,null,5068384.42,null,58.98,null,4868740.0199999996,null,4868740.0199999996,null,0,null,0,null,4868740.0199999996,null,4868740.0199999996]
["000000000212401",null,"2017-03-20",null,"000000000212401",null,"EPF SHARIAH WD NOM USD",null,2685717,null,"US20825C1045",null,"COP UN",null,"CONOCOPHILLIPS",null,"COMMON STOCK PAR USD 0.01",null,"S",null,"USD",null,126550,null,7879823.71,null,7879823.71,null,45.86,null,5803583,null,5803583,null,0,null,0,null,5803583,null,5803583]
["000000000212401",null,"2017-03-20",null,"000000000212401",null,"EPF SHARIAH WD NOM USD",null,2240202,null,"US2310211063",null,"CMI UN",null,"CUMMINS INC",null,"COMMON STOCK PAR USD 2.5",null,"S",null,"USD",null,34485,null,5029288.8499999996,null,5029288.8499999996,null,154.29,null,5320690.6500000004,null,5320690.6500000004,null,0,null,0,null,5320690.6500000004,null,5320690.6500000004]
["000000000212401",null,"2017-03-20",null,"000000000212401",null,"EPF SHARIAH WD NOM USD",null,2278719,null,"US2605431038",null,"DOW UN",null,"DOW CHEMICAL CO/THE",null,"COMMON STOCK PAR USD 2.5",null,"S",null,"USD",null,132216,null,7739313.5999999996,null,7739313.5999999996,null,64.5,null,8527932,null,8527932,null,0,null,0,null,8527932,null,8527932]
["000000000212401",null,"2017-03-20",null,"000000000212401",null,"EPF SHARIAH WD NOM USD",null,2318024,null,"US26875P1012",null,"EOG UN",null,"EOG RESOURCES INC",null,"COMMON STOCK PAR USD 0.01",null,"S",null,"USD",null,39967,null,4042772.07,null,4042772.07,null,96.22,null,3845624.74,null,3845624.74,null,0,null,0,null,3845624.74,null,3845624.74]
["000000000212401",null,"2017-03-20",null,"000000000212401",null,"EPF SHARIAH WD NOM USD",null,2670519,null,"US30161N1019",null,"EXC UN",null,"EXELON CORP",null,"COMMON STOCK",null,"S",null,"USD",null,156751,null,5417526.0899999999,null,5417526.0899999999,null,35.54,null,5570930.54,null,5570930.54,null,0,null,0,null,5570930.54,null,5570930.54]
["000000000212401",null,"2017-03-20",null,"000000000212401",null,"EPF SHARIAH WD NOM USD",null,"B7QQYV9",null,"US30219G1085",null,"ESRX UW",null,"EXPRESS SCRIPTS HOLDING CO",null,"COMMON STOCK PAR USD 0.01",null,"S",null,"USD",null,55638,null,4237126.1100000003,null,4237126.1100000003,null,64.37,null,3581418.06,null,3581418.06,null,0,null,0,null,3581418.06,null,3581418.06]
["000000000212401",null,"2017-03-20",null,"000000000212401",null,"EPF SHARIAH WD NOM USD",null,2326618,null,"US30231G1022",null,"XOM UN",null,"EXXON MOBIL CORP",null,"COMMON STOCK",null,"S",null,"USD",null,99433,null,9566774.0199999996,null,9566774.0199999996,null,82,null,8153506,null,8153506,null,0,null,0,null,8153506,null,8153506]
["000000000212401",null,"2017-03-20",null,"000000000212401",null,"EPF SHARIAH WD NOM USD",null,2369174,null,"US3755581036",null,"GILD UW",null,"GILEAD SCIENCES INC",null,"COMMON STOCK PAR USD 0.001",null,"S",null,"USD",null,80560,null,8717505.3900000006,null,8717505.3900000006,null,68.709999999999994,null,5535277.5999999996,null,5535277.5999999996,null,29323.84,null,29323.84,null,5577168.7999999998,null,5577168.7999999998]
["000000000212401",null,"2017-03-20",null,"000000000212401",null,"EPF SHARIAH WD NOM USD",null,4031976,null,"DE000A1EWWW0",null,"ADS GY",null,"ADIDAS AG",null,"COMMON STOCK",null,"S",null,"EUR",null,20303,null,2930440.85,null,3106238.03,null,181.45,null,3683979.35,null,3961566.3,null,0,null,0,null,3683979.35,null,3961566.3]
["000000000212401",null,"2017-03-20",null,"000000000212401",null,"EPF SHARIAH WD NOM USD",null,2463247,null,"US4581401001",null,"INTC UW",null,"INTEL CORP",null,"COMMON STOCK PAR USD 0.001",null,"S",null,"USD",null,103201,null,3746737.17,null,3746737.17,null,35.43,null,3656411.43,null,3656411.43,null,0,null,0,null,3656411.43,null,3656411.43]
["000000000212401",null,"2017-03-20",null,"000000000212401",null,"EPF SHARIAH WD NOM USD",null,2005973,null,"US4592001014",null,"IBM UN",null,"INTL BUSINESS MACHINES CORP",null,"COMMON STOCK PAR USD 0.2",null,"S",null,"USD",null,9948,null,1974001.54,null,1974001.54,null,175.7,null,1747863.6,null,1747863.6,null,0,null,0,null,1747863.6,null,1747863.6]
["000000000212401",null,"2017-03-20",null,"000000000212401",null,"EPF SHARIAH WD NOM USD",null,4617859,null,"DE0005552004",null,"DPW GY",null,"DEUTSCHE POST AG-REG",null,"COMMON STOCK",null,"S",null,"EUR",null,169837,null,4487132.84,null,5584591.5999999996,null,31.864999999999998,null,5411856.0099999998,null,5819638.0499999998,null,0,null,0,null,5411856.0099999998,null,5819638.0499999998]
["000000000212401",null,"2017-03-20",null,"000000000212401",null,"EPF SHARIAH WD NOM USD",null,2475833,null,"US4781601046",null,"JNJ UN",null,"JOHNSON & JOHNSON",null,"COMMON STOCK PAR USD 1",null,"S",null,"USD",null,100294,null,11966987.779999999,null,11966987.779999999,null,127.99,null,12836629.060000001,null,12836629.060000001,null,0,null,0,null,12836629.060000001,null,12836629.060000001]
["000000000212401",null,"2017-03-20",null,"000000000212401",null,"EPF SHARIAH WD NOM USD",null,2607647,null,"US4851703029",null,"KSU UN",null,"KANSAS CITY SOUTHERN",null,"COMMON STOCK PAR USD 0.01",null,"S",null,"USD",null,63522,null,6366975.6900000004,null,6366975.6900000004,null,83.41,null,5298370.0199999996,null,5298370.0199999996,null,12479.08,null,12479.08,null,5316197.28,null,5316197.28]
["000000000212401",null,"2017-03-20",null,"000000000212401",null,"EPF SHARIAH WD NOM USD",null,5069211,null,"DE000BAY0017",null,"BAYN GY",null,"BAYER AG-REG",null,"COMMON STOCK",null,"S",null,"EUR",null,53040,null,6627148.2800000003,null,7428106.0999999996,null,106.25,null,5635500,null,6060133.5599999996,null,0,null,0,null,5635500,null,6060133.5599999996]
["000000000212401",null,"2017-03-20",null,"000000000212401",null,"EPF SHARIAH WD NOM USD",null,5129074,null,"DE0005785802",null,"FME GY",null,"FRESENIUS MEDICAL CARE AG &",null,"COMMON STOCK",null,"S",null,"EUR",null,64025,null,5047678.47,null,5624763.0199999996,null,79.489999999999995,null,5089347.25,null,5472828.3300000001,null,0,null,0,null,5089347.25,null,5472828.3300000001]
["000000000212401",null,"2017-03-20",null,"000000000212401",null,"EPF SHARIAH WD NOM USD",null,5727973,null,"DE0007236101",null,"SIE GY",null,"SIEMENS AG-REG",null,"COMMON STOCK",null,"S",null,"EUR",null,47765,null,4843885.68,null,5769722.8799999999,null,124.75,null,5958683.75,null,6407669.1299999999,null,0,null,0,null,5958683.75,null,6407669.1299999999]
["000000000212401",null,"2017-03-20",null,"000000000212401",null,"EPF SHARIAH WD NOM USD",null,"B4W9F29",null,"US5828391061",null,"MJN UN",null,"MEAD JOHNSON NUTRITION CO",null,"COMMON STOCK PAR USD 0.01",null,"S",null,"USD",null,31323,null,3053388.59,null,3053388.59,null,87.87,null,2752352.01,null,2752352.01,null,9044.52,null,9044.52,null,2765272.75,null,2765272.75]
["000000000212401",null,"2017-03-20",null,"000000000212401",null,"EPF SHARIAH WD NOM USD",null,5889505,null,"DE0006231004",null,"IFX GY",null,"INFINEON TECHNOLOGIES AG",null,"COMMON STOCK",null,"S",null,"EUR",null,266732,null,4591579.76,null,4883011.63,null,17.605,null,4695816.8600000003,null,5049645.5199999996,null,0,null,0,null,4695816.8600000003,null,5049645.5199999996]
["000000000212401",null,"2017-03-20",null,"000000000212401",null,"EPF SHARIAH WD NOM USD",null,2588184,null,"US5951121038",null,"MU UW",null,"MICRON TECHNOLOGY INC",null,"COMMON STOCK PAR USD 0.1",null,"S",null,"USD",null,244830,null,6748078.2199999997,null,6748078.2199999997,null,26.21,null,6416994.2999999998,null,6416994.2999999998,null,0,null,0,null,6416994.2999999998,null,6416994.2999999998]
["000000000212401",null,"2017-03-20",null,"000000000212401",null,"EPF SHARIAH WD NOM USD",null,5959378,null,"SE0000108656",null,"ERICB S",null,"ERICSSON LM-B SHS",null,"COMMON STOCK PAR SEK 5",null,"S",null,"SEK",null,335391,null,30055925.579999998,null,3559567.34,null,58.9,null,19754529.899999999,null,2238549.7400000002,null,0,null,0,null,19754529.899999999,null,2238549.7400000002]
["000000000212401",null,"2017-03-20",null,"000000000212401",null,"EPF SHARIAH WD NOM USD",null,5980613,null,"CH0010645932",null,"GIVN VX",null,"GIVAUDAN-REG",null,"COMMON STOCK PAR CHF 10",null,"S",null,"CHF",null,3080,null,5584398.96,null,5616716.4800000004,null,1851,null,5701080,null,5720242.8099999996,null,0,null,0,null,5701080,null,5720242.8099999996]
["000000000212401",null,"2017-03-20",null,"000000000212401",null,"EPF SHARIAH WD NOM USD",null,6021500,null,"JP3126400005",null,"6770 JT",null,"ALPS ELECTRIC CO LTD",null,"COMMON STOCK",null,"S",null,"JPY",null,138400,null,494873797,null,4129639.59,null,3475,null,480940000,null,4271794.6399999997,null,0,null,0,null,480940000,null,4271794.6399999997]
["000000000212401",null,"2017-03-20",null,"000000000212401",null,"EPF SHARIAH WD NOM USD",null,"B8CKK03",null,"US6092071058",null,"MDLZ UW",null,"MONDELEZ INTERNATIONAL INC-A",null,"COMMON STOCK",null,"S",null,"USD",null,152147,null,6596151.1299999999,null,6596151.1299999999,null,44.44,null,6761412.6799999997,null,6761412.6799999997,null,0,null,0,null,6761412.6799999997,null,6761412.6799999997]
["000000000212401",null,"2017-03-20",null,"000000000212401",null,"EPF SHARIAH WD NOM USD",null,6132101,null,"JP3830800003",null,"5108 JT",null,"BRIDGESTONE CORP",null,"COMMON STOCK",null,"S",null,"JPY",null,0,null,0,null,0,null,4613,null,0,null,0,null,1773100,null,15748.99,null,2086000,null,18528.22]
["000000000212401",null,"2017-03-20",null,"000000000212401",null,"EPF SHARIAH WD NOM USD",null,6161503,null,"AU000000CTX1",null,"CTX AT",null,"CALTEX AUSTRALIA LTD",null,"COMMON STOCK",null,"S",null,"AUD",null,57000,null,1626177.51,null,1250448.8799999999,null,28.4,null,1618800,null,1251818.22,null,0,null,0,null,1618800,null,1251818.22]
["000000000212401",null,"2017-03-20",null,"000000000212401",null,"EPF SHARIAH WD NOM USD",null,6185495,null,"AU000000CSL8",null,"CSL AT",null,"CSL LTD",null,"COMMON STOCK",null,"S",null,"AUD",null,0,null,0,null,0,null,125.06,null,0,null,0,null,28043.759999999998,null,21686.25,null,32992.660000000003,null,25513.23]
["000000000212401",null,"2017-03-20",null,"000000000212401",null,"EPF SHARIAH WD NOM USD",null,6218670,null,"AU000000BLD2",null,"BLD AT",null,"BORAL LTD",null,"COMMON STOCK",null,"S",null,"AUD",null,1295617,null,7733864.5499999998,null,5849489.9400000004,null,6.01,null,7786658.1699999999,null,6021423.6399999997,null,0,null,0,null,7786658.1699999999,null,6021423.6399999997]
["000000000212401",null,"2017-03-20",null,"000000000212401",null,"EPF SHARIAH WD NOM USD",null,6220103,null,"AU000000RIO1",null,"RIO AT",null,"RIO TINTO LTD",null,"COMMON STOCK",null,"S",null,"AUD",null,48510,null,3082556.8,null,2303025.1800000002,null,62.39,null,3026538.9,null,2340422.87,null,99558.27,null,76988.429999999993,null,3143666.28,null,2430997.4900000002]
["000000000212401",null,"2017-03-20",null,"000000000212401",null,"EPF SHARIAH WD NOM USD",null,6248990,null,"JP3496400007",null,"9433 JT",null,"KDDI CORP",null,"COMMON STOCK",null,"S",null,"JPY",null,208900,null,648347417,null,6113787.4800000004,null,3045,null,636100500,null,5649957.8099999996,null,0,null,0,null,636100500,null,5649957.8099999996]
["000000000212401",null,"2017-03-20",null,"000000000212401",null,"EPF SHARIAH WD NOM USD",null,6250724,null,"JP3481800005",null,"6367 JT",null,"DAIKIN INDUSTRIES LTD",null,"COMMON STOCK",null,"S",null,"JPY",null,24800,null,269107088,null,2365134.7400000002,null,11215,null,278132000,null,2470417.91,null,0,null,0,null,278132000,null,2470417.91]
["000000000212401",null,"2017-03-20",null,"000000000212401",null,"EPF SHARIAH WD NOM USD",null,2624486,null,"US6370711011",null,"NOV UN",null,"NATIONAL OILWELL VARCO INC",null,"COMMON STOCK PAR USD 0.01",null,"S",null,"USD",null,133971,null,6479694.1600000001,null,6479694.1600000001,null,39.21,null,5253002.91,null,5253002.91,null,4688.9799999999996,null,4688.9799999999996,null,5259701.46,null,5259701.46]
["000000000212401",null,"2017-03-20",null,"000000000212401",null,"EPF SHARIAH WD NOM USD",null,6483809,null,"JP3205800000",null,"4452 JT",null,"KAO CORP",null,"COMMON STOCK",null,"S",null,"JPY",null,73400,null,417379488,null,3608276.17,null,6072,null,445684800,null,3958651.69,null,2158320,null,19170.59,null,448224000,null,3981205.32]
["000000000212401",null,"2017-03-20",null,"000000000212401",null,"EPF SHARIAH WD NOM USD",null,6597045,null,"JP3902400005",null,"6503 JT",null,"MITSUBISHI ELECTRIC CORP",null,"COMMON STOCK",null,"S",null,"JPY",null,157300,null,262201767,null,2296884,null,1687,null,265365100,null,2357020.0299999998,null,0,null,0,null,265365100,null,2357020.0299999998]
["000000000212401",null,"2017-03-20",null,"000000000212401",null,"EPF SHARIAH WD NOM USD",null,6659428,null,"JP3197800000",null,"6645 JT",null,"OMRON CORP",null,"COMMON STOCK",null,"S",null,"JPY",null,46300,null,234501397,null,2045928.47,null,5050,null,233815000,null,2076786.43,null,0,null,0,null,233815000,null,2076786.43]
["000000000212401",null,"2017-03-20",null,"000000000212401",null,"EPF SHARIAH WD NOM USD",null,6667733,null,"JP3780100008",null,"4666 JT",null,"PARK24 CO LTD",null,"COMMON STOCK",null,"S",null,"JPY",null,121200,null,406442117,null,3846676.89,null,2996,null,363115200,null,3225253.81,null,0,null,0,null,363115200,null,3225253.81]
["000000000212401",null,"2017-03-20",null,"000000000212401",null,"EPF SHARIAH WD NOM USD",null,6673042,null,"AU000000IPL1",null,"IPL AT",null,"INCITEC PIVOT LTD",null,"COMMON STOCK",null,"S",null,"AUD",null,1717253,null,6161866.4199999999,null,4656142.2,null,3.82,null,6559906.46,null,5072776.4000000004,null,0,null,0,null,6559906.46,null,5072776.4000000004]
["000000000212401",null,"2017-03-20",null,"000000000212401",null,"EPF SHARIAH WD NOM USD",null,6758455,null,"JP3976300008",null,"7453 JT",null,"RYOHIN KEIKAKU CO LTD",null,"COMMON STOCK",null,"S",null,"JPY",null,16800,null,411444711,null,3773982.66,null,23840,null,400512000,null,3557418.84,null,1956360,null,17376.740000000002,null,402813600,null,3577862.06]
["000000000212401",null,"2017-03-20",null,"000000000212401",null,"EPF SHARIAH WD NOM USD",null,6883807,null,"JP3351100007",null,"6869 JT",null,"SYSMEX CORP",null,"COMMON STOCK",null,"S",null,"JPY",null,62700,null,411513225,null,3771717.7,null,6790,null,425733000,null,3781436.25,null,0,null,0,null,425733000,null,3781436.25]
["000000000212401",null,"2017-03-20",null,"000000000212401",null,"EPF SHARIAH WD NOM USD",null,6900308,null,"JP3868400007",null,"7261 JT",null,"MAZDA MOTOR CORP",null,"COMMON STOCK",null,"S",null,"JPY",null,82600,null,208129988,null,1852340.48,null,1618.5,null,133688100,null,1187441.49,null,0,null,0,null,133688100,null,1187441.49]
["000000000212401",null,"2017-03-20",null,"000000000212401",null,"EPF SHARIAH WD NOM USD",null,6911485,null,"JP3951600000",null,"8113 JT",null,"UNICHARM CORP",null,"COMMON STOCK",null,"S",null,"JPY",null,119400,null,386707705,null,3275026.42,null,2678,null,319753200,null,2840104.81,null,0,null,0,null,319753200,null,2840104.81]
["000000000212401",null,"2017-03-20",null,"000000000212401",null,"EPF SHARIAH WD NOM USD",null,7103065,null,"CH0012005267",null,"NOVN VX",null,"NOVARTIS AG-REG",null,"COMMON STOCK PAR CHF 0.5",null,"S",null,"CHF",null,39977,null,3554008.61,null,3680529.32,null,75.650000000000006,null,3024260.05,null,3034425.38,null,0,null,0,null,3024260.05,null,3034425.38]
["000000000212401",null,"2017-03-20",null,"000000000212401",null,"EPF SHARIAH WD NOM USD",null,7110388,null,"CH0012032048",null,"ROG VX",null,"ROCHE HOLDING AG-GENUSSCHEIN",null,"COMMON STOCK",null,"S",null,"CHF",null,38033,null,10014559.73,null,10707433.16,null,253.1,null,9626152.3000000007,null,9658508.3000000007,null,0,null,0,null,9626152.3000000007,null,9658508.3000000007]
["000000000212401",null,"2017-03-20",null,"000000000212401",null,"EPF SHARIAH WD NOM USD",null,7145056,null,"IT0003132476",null,"ENI IM",null,"ENI SPA",null,"COMMON STOCK",null,"S",null,"EUR",null,295698,null,5040219.47,null,6454482.7000000002,null,14.85,null,4391115.3,null,4721984.7699999996,null,0,null,0,null,4391115.3,null,4721984.7699999996]
["000000000212401",null,"2017-03-20",null,"000000000212401",null,"EPF SHARIAH WD NOM USD",null,2779063,null,"US7415034039",null,"PCLN UW",null,"PRICELINE GROUP INC/THE",null,"COMMON STOCK PAR USD 0.008",null,"S",null,"USD",null,1434,null,2159620.81,null,2159620.81,null,1765.44,null,2531640.96,null,2531640.96,null,0,null,0,null,2531640.96,null,2531640.96]
["000000000212401",null,"2017-03-20",null,"000000000212401",null,"EPF SHARIAH WD NOM USD",null,2746711,null,"US7782961038",null,"ROST UW",null,"ROSS STORES INC",null,"COMMON STOCK PAR USD 0.01",null,"S",null,"USD",null,90368,null,6034590.3499999996,null,6034590.3499999996,null,66.459999999999994,null,6005857.2800000003,null,6005857.2800000003,null,9847.7099999999991,null,9847.7099999999991,null,6019925.4400000004,null,6019925.4400000004]
["000000000212401",null,"2017-03-20",null,"000000000212401",null,"EPF SHARIAH WD NOM USD",null,2779201,null,"AN8068571086",null,"SLB UN",null,"SCHLUMBERGER LTD",null,"COMMON STOCK PAR USD 0.01",null,"S",null,"USD",null,86951,null,8802819.1999999993,null,8802819.1999999993,null,79,null,6869129,null,6869129,null,43475.5,null,43475.5,null,6912604.5,null,6912604.5]
["000000000212401",null,"2017-03-20",null,"000000000212401",null,"EPF SHARIAH WD NOM USD",null,"B019MQ5",null,"JP3110650003",null,"7747 JT",null,"ASAHI INTECC CO LTD",null,"COMMON STOCK",null,"S",null,"JPY",null,42000,null,201754867,null,1930607.99,null,4410,null,185220000,null,1645156.99,null,0,null,0,null,185220000,null,1645156.99]
["000000000212401",null,"2017-03-20",null,"000000000212401",null,"EPF SHARIAH WD NOM USD",null,"B02K2M3",null,"JP3435750009",null,"2413 JT",null,"M3 INC",null,"COMMON STOCK",null,"S",null,"JPY",null,131800,null,416195537,null,3911154.81,null,2818,null,371412400,null,3298951.01,null,0,null,0,null,371412400,null,3298951.01]
["000000000212401",null,"2017-03-20",null,"000000000212401",null,"EPF SHARIAH WD NOM USD",null,"B02L3W3",null,"GB00B02L3W35",null,"BKG LN",null,"BERKELEY GROUP HOLDINGS/THE",null,"COMMON STOCK",null,"S",null,"GBP",null,141314,null,3833208.5,null,5050169.6100000003,null,31.8,null,4493785.2,null,5556114.2400000002,null,124718.05,null,154201.35,null,4618503.25,null,5710315.5899999999]
["000000000212401",null,"2017-03-20",null,"000000000212401",null,"EPF SHARIAH WD NOM USD",null,"B03MM40",null,"GB00B03MM408",null,"RDSB LN",null,"ROYAL DUTCH SHELL PLC-B SHS",null,"COMMON STOCK PAR EUR 0.07",null,"S",null,"GBP",null,156307,null,3484195.41,null,4368048.03,null,22.164999999999999,null,3464544.66,null,4283561.6500000004,null,72011.820000000007,null,89035.39,null,3536556.48,null,4372597.04]
["000000000212401",null,"2017-03-20",null,"000000000212401",null,"EPF SHARIAH WD NOM USD",null,"B12T3J1",null,"NL0000009355",null,"UNA NA",null,"UNILEVER NV-CVA",null,"DEPOSITORY RECEIPT",null,"S",null,"EUR",null,154478,null,6264371.0300000003,null,6990062.1600000001,null,46.55,null,7190950.9000000004,null,7732787.3099999996,null,0,null,0,null,7190950.9000000004,null,7732787.3099999996]
["000000000212401",null,"2017-03-20",null,"000000000212401",null,"EPF SHARIAH WD NOM USD",null,"B15C557",null,"FR0000120271",null,"FP FP",null,"TOTAL SA",null,"COMMON STOCK PAR EUR 2.5",null,"S",null,"EUR",null,108636,null,5161238.79,null,6212100.5300000003,null,46.05,null,5002687.8,null,5379639.1100000003,null,46387.57,null,49882.86,null,5068955.76,null,5450900.3399999999]
["000000000212401",null,"2017-03-20",null,"000000000212401",null,"EPF SHARIAH WD NOM USD",null,"B1YXBJ7",null,"FR0000120073",null,"AI FP",null,"AIR LIQUIDE SA",null,"COMMON STOCK PAR EUR 5.5",null,"S",null,"EUR",null,43883,null,4467619.78,null,5131170.05,null,105.65,null,4636238.95,null,4985578.43,null,0,null,0,null,4636238.95,null,4985578.43]
["000000000212401",null,"2017-03-20",null,"000000000212401",null,"EPF SHARIAH WD NOM USD",null,"B2QKY05",null,"JE00B2QKY057",null,"SHP LN",null,"SHIRE PLC",null,"COMMON STOCK PAR GBp 5",null,"S",null,"GBP",null,89861,null,4543168.84,null,6931731.7699999996,null,47.59,null,4276484.99,null,5287444.3499999996,null,18547.310000000001,null,22931.89,null,4295032.3,null,5310376.24]
["000000000212401",null,"2017-03-20",null,"000000000212401",null,"EPF SHARIAH WD NOM USD",null,"B3CTNK6",null,"BMG812761002",null,"SIG UN",null,"SIGNET JEWELERS LTD",null,"COMMON STOCK PAR USD 0.18",null,"S",null,"USD",null,65494,null,7025383.3600000003,null,7025383.3600000003,null,67.5,null,4420845,null,4420845,null,0,null,0,null,4420845,null,4420845]
["000000000212401",null,"2017-03-20",null,"000000000212401",null,"EPF SHARIAH WD NOM USD",null,"B3NB1P2",null,"CA8672241079",null,"SU CT",null,"SUNCOR ENERGY INC",null,"COMMON STOCK",null,"S",null,"CAD",null,158359,null,6459519.2199999997,null,5441789.6900000004,null,41.07,null,6503804.1299999999,null,4869027.9800000004,null,43073.65,null,32246.79,null,6554479.0099999998,null,4906965.38]
["000000000212401",null,"2017-03-20",null,"000000000212401",null,"EPF SHARIAH WD NOM USD",null,"B505PN7",null,"NL0009538784",null,"NXPI UW",null,"NXP SEMICONDUCTORS NV",null,"COMMON STOCK",null,"S",null,"USD",null,63203,null,6248818.6799999997,null,6248818.6799999997,null,103.33,null,6530765.9900000002,null,6530765.9900000002,null,0,null,0,null,6530765.9900000002,null,6530765.9900000002]
["000000000212401",null,"2017-03-20",null,"000000000212401",null,"EPF SHARIAH WD NOM USD",null,"B58JVZ5",null,"IE00B58JVZ52",null,"STX UW",null,"SEAGATE TECHNOLOGY",null,"COMMON STOCK PAR USD 0.00001",null,"S",null,"USD",null,53392,null,2679161.14,null,2679161.14,null,46.08,null,2460303.3599999999,null,2460303.3599999999,null,33636.959999999999,null,33636.959999999999,null,2493940.3199999998,null,2493940.3199999998]
["000000000212401",null,"2017-03-20",null,"000000000212401",null,"EPF SHARIAH WD NOM USD",null,"B62B7C3",null,"CH0102993182",null,"TEL UN",null,"TE CONNECTIVITY LTD",null,"COMMON STOCK PAR CHF 0.57",null,"S",null,"USD",null,43387,null,3064713.92,null,3064713.92,null,75.73,null,3285697.51,null,3285697.51,null,0,null,0,null,3285697.51,null,3285697.51]
["000000000212401",null,"2017-03-20",null,"000000000212401",null,"EPF SHARIAH WD NOM USD",null,"B88MHC4",null,"DE000A1PHFF7",null,"BOSS GY",null,"HUGO BOSS AG -ORD",null,"COMMON STOCK",null,"S",null,"EUR",null,43444,null,4146580.74,null,5189597.76,null,64.8,null,2815171.2,null,3027293.67,null,0,null,0,null,2815171.2,null,3027293.67]
["000000000212401",null,"2017-03-20",null,"000000000212401",null,"EPF SHARIAH WD NOM USD",null,"B8KQN82",null,"IE00B8KQN827",null,"ETN UN",null,"EATON CORP PLC",null,"COMMON STOCK PAR USD 0.01",null,"S",null,"USD",null,75957,null,5424026.4000000004,null,5424026.4000000004,null,73.37,null,5572965.0899999999,null,5572965.0899999999,null,0,null,0,null,5572965.0899999999,null,5572965.0899999999]
["000000000212401",null,"2017-03-20",null,"000000000212401",null,"EPF SHARIAH WD NOM USD",null,"BD9WQP4",null,"SG9999014823",null,"AVGO UW",null,"BROADCOM LTD",null,"COMMON STOCK",null,"S",null,"USD",null,28287,null,5929077.25,null,5929077.25,null,221.24,null,6258215.8799999999,null,6258215.8799999999,null,29421.9,null,29421.9,null,6287637.7800000003,null,6287637.7800000003]
["000000000212401",null,"2017-03-20",null,"000000000212401",null,"EPF SHARIAH WD NOM USD",null,"BDSFG98",null,"GB00BDSFG982",null,"FTI UN",null,"TECHNIPFMC PLC",null,"COMMON STOCK PAR USD 1",null,"S",null,"USD",null,62737,null,2149258.4300000002,null,2149258.4300000002,null,31.39,null,1969314.43,null,1969314.43,null,0,null,0,null,1969314.43,null,1969314.43]
["000000000212401",null,"2017-03-20",null,"000000000212401",null,"EPF SHARIAH WD NOM USD",null,"BH4HKS3",null,"GB00BH4HKS39",null,"VOD LN",null,"VODAFONE GROUP PLC",null,"COMMON STOCK PAR USD 0.2095",null,"S",null,"GBP",null,2530037,null,5920609.0499999998,null,9120336.3699999992,null,2.105,null,5325727.8899999997,null,6584727.8600000003,null,0,null,0,null,5325727.8899999997,null,6584727.8600000003]
["000000000212401",null,"2017-03-20",null,"000000000212401",null,"EPF SHARIAH WD NOM USD",null,"BY7QL61",null,"IE00BY7QL619",null,"JCI UN",null,"JOHNSON CONTROLS INTERNATION",null,"COMMON STOCK PAR USD 0.01",null,"S",null,"USD",null,143613,null,6263110.0599999996,null,6263110.0599999996,null,42.27,null,6070521.5099999998,null,6070521.5099999998,null,35903.25,null,35903.25,null,6106424.7599999998,null,6106424.7599999998]
["000000000212401",null,"2017-03-20",null,"000000000212401",null,"EPF SHARIAH WD NOM USD",null,"BY9D546",null,"IE00BY9D5467",null,"AGN UN",null,"ALLERGAN PLC",null,"COMMON STOCK PAR USD 0.0033",null,"S",null,"USD",null,32545,null,8993356.4499999993,null,8993356.4499999993,null,236.95,null,7711537.75,null,7711537.75,null,22781.5,null,22781.5,null,7734319.25,null,7734319.25]
["000000000212401",null,"2017-03-20",null,"000000000212401",null,"EPF SHARIAH WD NOM USD",null,"BYZWX76",null,"GB00BYZWX769",null,"CRDA LN",null,"CRODA INTERNATIONAL PLC",null,"COMMON STOCK PAR GBp 10.35714",null,"S",null,"GBP",null,85911,null,2835561.92,null,3506553.56,null,36.51,null,3136610.61,null,3878104.12,null,0,null,0,null,3136610.61,null,3878104.12]
["000000000212401",null,"2017-03-20",null,"000000000212401",null,"EPF SHARIAH WD NOM USD",null,"BZB1Y59",null,"JP3966750006",null,"3938 JT",null,"LINE CORP",null,"COMMON STOCK",null,"S",null,"JPY",null,118100,null,516904716,null,4921763.6100000003,null,4055,null,478895500,null,4253635.03,null,0,null,0,null,478895500,null,4253635.03]
["000000000212401",null,"2017-09-18",null,"000000000212401",null,"EPF SHARIAH WD NOM USD",null,2369174,null,"US3755581036",null,"GILD UW",null,"GILEAD SCIENCES INC",null,"COMMON STOCK PAR USD 0.001",null,"S",null,"USD",null,80560,null,8717505.3900000006,null,8717505.3900000006,null,82.97,null,6684063.2000000002,null,6684063.2000000002,null,29323.84,null,29323.84,null,6725954.4000000004,null,6725954.4000000004]
["000000000212401",null,"2017-09-18",null,"000000000212401",null,"EPF SHARIAH WD NOM USD",null,"B24CGK7",null,"GB00B24CGK77",null,"RB/ LN",null,"RECKITT BENCKISER GROUP PLC",null,"COMMON STOCK PAR GBp 10",null,"S",null,"GBP",null,58259,null,4315688.33,null,5569721.2000000002,null,68.290000000000006,null,3978507.11,null,5384117,null,23627.68,null,31975.360000000001,null,4002134.79,null,5416092.3600000003]
["000000000212401",null,"2017-12-18",null,"000000000212401",null,"EPF SHARIAH WD NOM USD",null,2182348,null,"US1510201049",null,"CELG UW",null,"CELGENE CORP",null,"COMMON STOCK PAR USD 0.01",null,"S",null,"USD",null,54655,null,7379900.5999999996,null,7379900.5999999996,null,108.04,null,5904926.2000000002,null,5904926.2000000002,null,0,null,0,null,5904926.2000000002,null,5904926.2000000002]
["000000000212401",null,"2018-03-19",null,"000000000212401",null,"EPF SHARIAH WD NOM USD",null,6667733,null,"JP3780100008",null,"4666 JT",null,"PARK24 CO LTD",null,"COMMON STOCK",null,"S",null,"JPY",null,121200,null,406442117,null,3846676.89,null,2871,null,347965200,null,3288119.06,null,0,null,0,null,347965200,null,3288119.06]
["000000000212401",null,"2018-03-19",null,"000000000212401",null,"EPF SHARIAH WD NOM USD",null,"B3CTNK6",null,"BMG812761002",null,"SIG UN",null,"SIGNET JEWELERS LTD",null,"COMMON STOCK PAR USD 0.18",null,"S",null,"USD",null,30171,null,3055359.47,null,3055359.47,null,39.46,null,1190547.6599999999,null,1190547.6599999999,null,0,null,0,null,1190547.6599999999,null,1190547.6599999999]
["000000000212401",null,"2018-06-18",null,"000000000212401",null,"EPF SHARIAH WD NOM USD",null,6496584,null,"JP3304200003",null,"6301 JT",null,"KOMATSU LTD",null,"COMMON STOCK",null,"S",null,"JPY",null,175200,null,702046330,null,6322006.2000000002,null,3261,null,571327200,null,5172020.0999999996,null,7148160,null,64709.73,null,579736800,null,5248149.1900000004]
["000000000212401",null,"2018-09-24",null,"000000000212401",null,"EPF SHARIAH WD NOM USD",null,"B12T3J1",null,"NL0000009355",null,"UNA NA",null,"UNILEVER NV-CVA",null,"DEPOSITORY RECEIPT",null,"S",null,"EUR",null,136655,null,6679565.4299999997,null,7803307.4199999999,null,47.494999999999997,null,6490429.2300000004,null,7651895.0800000001,null,0,null,0,null,6490429.2300000004,null,7651895.0800000001]
["000000000212401",null,"2018-09-24",null,"000000000212401",null,"EPF SHARIAH WD NOM USD",null,"BPF0548",null,"AT0000A18XM4",null,"AMS SE",null,"AMS AG",null,"COMMON STOCK",null,"S",null,"CHF",null,44783,null,4929051.43,null,5195693.26,null,62.32,null,2790876.56,null,2907011.68,null,0,null,0,null,2790876.56,null,2907011.68]
["000000000212401",null,"2018-12-24",null,"000000000212401",null,"EPF SHARIAH WD NOM USD",null,3091357,null,"GB0030913577",null,"BT/A LN",null,"BT GROUP PLC",null,"COMMON STOCK PAR GBp 5",null,"S",null,"GBP",null,625651,null,1980231.69,null,2612596.35,null,2.4340000000000002,null,1522834.53,null,1936741.33,null,0,null,0,null,1522834.53,null,1936741.33]
["000000000212401",null,"2018-12-24",null,"000000000212401",null,"EPF SHARIAH WD NOM USD",null,6194468,null,"JP3283650004",null,"4922 JT",null,"KOSE CORP",null,"COMMON STOCK",null,"S",null,"JPY",null,18400,null,441631118,null,3982864.16,null,16320,null,300288000,null,2717169.61,null,0,null,0,null,300288000,null,2717169.61]
["000000000212401",null,"2019-03-18",null,"000000000212401",null,"EPF SHARIAH WD NOM USD",null,6895675,null,"JP3571400005",null,"8035 JT",null,"TOKYO ELECTRON LTD",null,"COMMON STOCK",null,"S",null,"JPY",null,9100,null,207568181,null,1877058.46,null,15705,null,142915500,null,1282731.23,null,0,null,0,null,142915500,null,1282731.23]
["000000000212401",null,"2019-06-24",null,"000000000212401",null,"EPF SHARIAH WD NOM USD",null,"BDZ78H9",null,"US11135F1012",null,"AVGO UW",null,"BROADCOM INC",null,"COMMON STOCK",null,"S",null,"USD",null,34082,null,10243450.08,null,10243450.08,null,279.2,null,9515694.4000000004,null,9515694.4000000004,null,63222.11,null,63222.11,null,9606011.6999999993,null,9606011.6999999993]
["000000000212401",null,"2019-09-23",null,"000000000212401",null,"EPF SHARIAH WD NOM USD",null,2126335,null,"US1101221083",null,"BMY UN",null,"BRISTOL-MYERS SQUIBB CO",null,"COMMON STOCK PAR USD 0.1",null,"S",null,"USD",null,108062,null,6564361.2000000002,null,6564361.2000000002,null,50.52,null,5459292.2400000002,null,5459292.2400000002,null,0,null,0,null,5459292.2400000002,null,5459292.2400000002]
["000000000212401",null,"2019-09-23",null,"000000000212401",null,"EPF SHARIAH WD NOM USD",null,2459020,null,"US4612021034",null,"INTU UW",null,"INTUIT INC",null,"COMMON STOCK PAR USD 0.01",null,"S",null,"USD",null,24213,null,6758049.1299999999,null,6758049.1299999999,null,269,null,6513297,null,6513297,null,0,null,0,null,6513297,null,6513297]
["000000000212401",null,"2019-09-23",null,"000000000212401",null,"EPF SHARIAH WD NOM USD",null,6185495,null,"AU000000CSL8",null,"CSL AT",null,"CSL LTD",null,"COMMON STOCK",null,"S",null,"AUD",null,11615,null,2779578.72,null,1891408.97,null,236.69,null,2749154.35,null,1862139.23,null,14822.76,null,10040.19,null,2766592.89,null,1873951.22]
["000000000212401",null,"2019-09-23",null,"000000000212401",null,"EPF SHARIAH WD NOM USD",null,2595708,null,"US88579Y1010",null,"MMM UN",null,"3M CO",null,"COMMON STOCK PAR USD 0.01",null,"S",null,"USD",null,21924,null,4335448.01,null,4335448.01,null,166.76,null,3656046.24,null,3656046.24,null,0,null,0,null,3656046.24,null,3656046.24]
["000000000212401",null,"2019-11-21",null,"000000000212401",null,"EPF SHARIAH WD NOM USD",null,"BKM7ZR0",null,"US1101221570",null,"BMY-R U",null,"BRISTOL-MYERS SQUIBB-CVR-WI",null,"DEPOSITORY RECEIPT",null,"S",null,"USD",null,28105,null,0,null,0,null,2.25,null,63236.25,null,63236.25,null,0,null,0,null,63236.25,null,63236.25]
["000000000212401",null,"2020-03-23",null,"000000000212401",null,"EPF SHARIAH WD NOM USD",null,3091357,null,"GB0030913577",null,"BT/A LN",null,"BT GROUP PLC",null,"COMMON STOCK PAR GBp 5",null,"S",null,"GBP",null,556135,null,1760208.41,null,2322306.9500000002,null,1.1778,null,655015.80000000005,null,752646.03,null,0,null,0,null,655015.80000000005,null,752646.03]
["000000000212401",null,"2020-03-23",null,"000000000212401",null,"EPF SHARIAH WD NOM USD",null,"B06CMQ9",null,"JP3385890003",null,"3769 JT",null,"GMO PAYMENT GATEWAY INC",null,"COMMON STOCK",null,"S",null,"JPY",null,17500,null,133823317,null,1222063.5900000001,null,7400,null,129500000,null,1162947.3304977186,null,0,null,0,null,0,null,0]
["000000000212401",null,"2020-03-23",null,"000000000212401",null,"EPF SHARIAH WD NOM USD",null,"BH4HKS3",null,"GB00BH4HKS39",null,"VOD LN",null,"VODAFONE GROUP PLC",null,"COMMON STOCK PAR USD 0.2095",null,"S",null,"GBP",null,2504866,null,5818493.9900000002,null,7798144.6299999999,null,1.1020000000000001,null,2760362.33,null,3171794.87,null,0,null,0,null,2760362.33,null,3171794.87]
["000000000212401",null,"2020-05-11",null,"000000000212401",null,"EPF SHARIAH WD NOM USD",null,"B92SR70",null,"US00287Y1091",null,"ABBV UN",null,"ABBVIE INC",null,"COMMON STOCK PAR USD 0.01",null,"S",null,"USD",null,17843,null,1958115.89,null,1958115.89,null,87.9,null,1568399.7,null,1568399.7,null,0,null,0,null,1568399.7,null,1568399.7]
["000000000212401",null,"2020-06-22",null,"000000000212401",null,"EPF SHARIAH WD NOM USD",null,2595708,null,"US88579Y1010",null,"MMM UN",null,"3M CO",null,"COMMON STOCK PAR USD 0.01",null,"S",null,"USD",null,20942,null,4141245.33,null,4141245.33,null,156.69,null,3281401.98,null,3281401.98,null,0,null,0,null,3281401.98,null,3281401.98]
["000000000212401",null,"2020-06-22",null,"000000000212401",null,"EPF SHARIAH WD NOM USD",null,"BDRXDB4",null,"US09857L1089",null,"BKNG UW",null,"BOOKING HOLDINGS INC",null,"COMMON STOCK PAR USD 0.008",null,"S",null,"USD",null,4246,null,8733862.5500000007,null,8733862.5500000007,null,1633.52,null,6935925.9199999999,null,6935925.9199999999,null,0,null,0,null,6935925.9199999999,null,6935925.9199999999]
["000000000212401",null,"2020-09-21",null,"000000000212401",null,"EPF SHARIAH WD NOM USD",null,"B4R28B3",null,"US3390411052",null,"FLT UN",null,"FLEETCOR TECHNOLOGIES INC",null,"COMMON STOCK PAR USD 0.001",null,"S",null,"USD",null,32789,null,9316962.8699999992,null,9316962.8699999992,null,235.44,null,7719842.1600000001,null,7719842.1600000001,null,0,null,0,null,7719842.1600000001,null,7719842.1600000001]
["000000000212401",null,"2020-09-21",null,"000000000212401",null,"EPF SHARIAH WD NOM USD",null,"BF09HX3",null,"US8760301072",null,"TPR UN",null,"TAPESTRY INC",null,"COMMON STOCK PAR USD 0.01",null,"S",null,"USD",null,136967,null,4147133.1,null,4147133.1,null,16.510000000000002,null,2261325.17,null,2261325.17,null,0,null,0,null,2261325.17,null,2261325.17]
["000000000212401",null,"2021-03-22",null,"000000000212401",null,"EPF SHARIAH WD NOM USD",null,"BH4HKS3",null,"GB00BH4HKS39",null,"VOD LN",null,"VODAFONE GROUP PLC",null,"COMMON STOCK PAR USD 0.2095",null,"S",null,"GBP",null,2464465,null,5724647.4500000002,null,7672368.3099999996,null,1.3266,null,3269359.27,null,4529371.55,null,0,null,0,null,3269359.27,null,4529371.55]
["000000000212401",null,"2021-06-21",null,"000000000212401",null,"EPF SHARIAH WD NOM USD",null,2989301,null,"US8725401090",null,"TJX UN",null,"TJX COMPANIES INC",null,"COMMON STOCK PAR USD 1",null,"S",null,"USD",null,165316,null,11199273.9,null,11199273.9,null,64.91,null,10730661.560000001,null,10730661.560000001,null,0,null,0,null,10730661.560000001,null,10730661.560000001]
["000000000212401",null,"2021-12-20",null,"000000000212401",null,"EPF SHARIAH WD NOM USD",null,"BYP20B9",null,"JP3835250006",null,"6532 JT",null,"BAYCURRENT CONSULTING INC",null,"COMMON STOCK",null,"S",null,"JPY",null,7200,null,349127897,null,3063971.51,null,44000,null,316800000,null,2793773.98,null,0,null,0,null,316800000,null,2793773.98]
["000000000212401",null,"2022-03-21",null,"000000000212401",null,"EPF SHARIAH WD NOM USD",null,"2459020",null,"US4612021034",null,"INTU UW",null,"INTUIT INC",null,"COMMON STOCK PAR USD 0.01",null,"S",null,"USD",null,7242,null,3922076.37,null,3922076.37,null,466.5,null,3378393,null,3378393,null,0,null,0,null,3378393,null,3378393]
["000000000212401",null,"2022-05-10",null,"000000000212401",null,"EPF SHARIAH WD NOM USD",null,"BQ7ZVF1",null,"FR0014008VX5",null,"2003936",null,"EUROAPI SASU",null,"COMMON STOCK",null,"S",null,"EUR",null,2740,null,30453.29,null,34956.93,null,14.5,null,39730,null,41887.32,null,0,null,0,null,39730,null,41887.32]
["000000000212401",null,"2022-05-13",null,"000000000212401",null,"EPF SHARIAH WD NOM USD",null,"BLDBN85",null,"SE0017486871",null,"AKILB S",null,"ATLAS COPCO AB-B RDS",null,"COMMON STOCK",null,"S",null,"SEK",null,162879,null,1487167.58,null,174044.25,null,8,null,1303032,null,129326.78,null,0,null,0,null,1303032,null,129326.78]

{"sheet":"BNYM_NAV_HistCost_MonthEnd","index":13,"n_rows":94,"n_cols":41,"rows_kept":94,"cut":false,"hidden":false,"merged":[]}
["EPF SHARIAH WD NOM USD Distribution"]
["30-Apr-2022"]
[]
[]
[]
[]
["Account Number",null,"Position Date",null,"Account Number",null,"Account Name",null,"Security SEDOL",null,"Security ISIN",null,"Stock Ticker",null,"Security Description (Long 1)",null,"Security Description (Long 2)",null,"Asset Group",null,"Trading Currency",null,"Shares/Par",null,"Amortized Cost",null,"Amortized Cost (Base)",null,"Price (Price File)",null,"Traded Market Value",null,"Traded Market Value (Base)",null,"Accrued Income Net",null,"Accrued Income Net (Base)",null,"Traded MV and Accrued Incm",null,"Traded MV and Accrued Incm (Base)"]
[]
["000000000212401",null,"04/30/2022",null,"000000000212401",null,"EPF SHARIAH WD NOM USD",null,"",null,"",null,"",null,"CASH ACCOUNT",null,"",null,"CA",null,"USD",null,74000,null,74000,null,74000,null,0,null,74000,null,74000,null,0,null,0,null,74000,null,74000]
["000000000212401",null,"04/30/2022",null,"000000000212401",null,"EPF SHARIAH WD NOM USD",null,2002305,null,"US0028241000",null,"ABT UN",null,"ABBOTT LABORATORIES",null,"COMMON STOCK",null,"S",null,"USD",null,95688,null,11740599.67,null,11740599.67,null,113.5,null,10860588,null,10860588,null,31481.35,null,31481.35,null,10905561.359999999,null,10905561.359999999]
["000000000212401",null,"04/30/2022",null,"000000000212401",null,"EPF SHARIAH WD NOM USD",null,2008154,null,"US00724F1012",null,"ADBE UW",null,"ADOBE INC",null,"COMMON STOCK PAR USD 0.0001",null,"S",null,"USD",null,20112,null,10079320.57,null,10079320.57,null,395.95,null,7963346.4000000004,null,7963346.4000000004,null,0,null,0,null,7963346.4000000004,null,7963346.4000000004]
["000000000212401",null,"04/30/2022",null,"000000000212401",null,"EPF SHARIAH WD NOM USD",null,2822019,null,"US00751Y1064",null,"AAP UN",null,"ADVANCE AUTO PARTS INC",null,"COMMON STOCK PAR USD 0.0001",null,"S",null,"USD",null,42057,null,8685523.7400000002,null,8685523.7400000002,null,199.63,null,8395838.9100000001,null,8395838.9100000001,null,0,null,0,null,8395838.9100000001,null,8395838.9100000001]
["000000000212401",null,"04/30/2022",null,"000000000212401",null,"EPF SHARIAH WD NOM USD",null,2011602,null,"US0091581068",null,"APD UN",null,"AIR PRODUCTS & CHEMICALS INC",null,"COMMON STOCK PAR USD 1",null,"S",null,"USD",null,42626,null,12448602.52,null,12448602.52,null,234.07,null,9977467.8200000003,null,9977467.8200000003,null,48337.88,null,48337.88,null,10046521.939999999,null,10046521.939999999]
["000000000212401",null,"04/30/2022",null,"000000000212401",null,"EPF SHARIAH WD NOM USD",null,2032067,null,"US0326541051",null,"ADI UW",null,"ANALOG DEVICES INC",null,"COMMON STOCK PAR USD 0.167",null,"S",null,"USD",null,55474,null,8979874.0500000007,null,8979874.0500000007,null,154.38,null,8564076.1199999992,null,8564076.1199999992,null,0,null,0,null,8564076.1199999992,null,8564076.1199999992]
["000000000212401",null,"04/30/2022",null,"000000000212401",null,"EPF SHARIAH WD NOM USD",null,2046251,null,"US0378331005",null,"AAPL UW",null,"APPLE INC",null,"COMMON STOCK PAR USD 0.00001",null,"S",null,"USD",null,391766,null,59642629.310000002,null,59642629.310000002,null,157.65,null,61761909.899999999,null,61761909.899999999,null,0,null,0,null,61761909.899999999,null,61761909.899999999]
["000000000212401",null,"04/30/2022",null,"000000000212401",null,"EPF SHARIAH WD NOM USD",null,2046552,null,"US0382221051",null,"AMAT UW",null,"APPLIED MATERIALS INC",null,"COMMON STOCK PAR USD 0.01",null,"S",null,"USD",null,50081,null,6866282.8899999997,null,6866282.8899999997,null,110.35,null,5526438.3499999996,null,5526438.3499999996,null,0,null,0,null,5526438.3499999996,null,5526438.3499999996]
["000000000212401",null,"04/30/2022",null,"000000000212401",null,"EPF SHARIAH WD NOM USD",null,682538,null,"GB0006825383",null,"PSN LN",null,"PERSIMMON PLC",null,"COMMON STOCK PAR GBP 10",null,"S",null,"GBP",null,261415,null,6799210.9199999999,null,9233592.9100000001,null,21,null,5489715,null,6892340.8200000003,null,0,null,0,null,5489715,null,6892340.8200000003]
["000000000212401",null,"04/30/2022",null,"000000000212401",null,"EPF SHARIAH WD NOM USD",null,2437071,null,"US09061G1013",null,"BMRN UW",null,"BIOMARIN PHARMACEUTICAL INC",null,"COMMON STOCK PAR USD 0.001",null,"S",null,"USD",null,42938,null,3527677.94,null,3527677.94,null,81.349999999999994,null,3493006.3,null,3493006.3,null,0,null,0,null,3493006.3,null,3493006.3]
["000000000212401",null,"04/30/2022",null,"000000000212401",null,"EPF SHARIAH WD NOM USD",null,989529,null,"GB0009895292",null,"AZN LN",null,"ASTRAZENECA PLC",null,"COMMON STOCK PAR USD 0.25",null,"S",null,"GBP",null,58078,null,5772301.9900000002,null,7596840.6799999997,null,106.88,null,6207376.6399999997,null,7793365.4800000004,null,0,null,0,null,6207376.6399999997,null,7793365.4800000004]
["000000000212401",null,"04/30/2022",null,"000000000212401",null,"EPF SHARIAH WD NOM USD",null,2113434,null,"US1011371077",null,"BSX UN",null,"BOSTON SCIENTIFIC CORP",null,"COMMON STOCK PAR USD 0.01",null,"S",null,"USD",null,244763,null,10197986.02,null,10197986.02,null,42.11,null,10306969.93,null,10306969.93,null,0,null,0,null,10306969.93,null,10306969.93]
["000000000212401",null,"04/30/2022",null,"000000000212401",null,"EPF SHARIAH WD NOM USD",null,2126335,null,"US1101221083",null,"BMY UN",null,"BRISTOL-MYERS SQUIBB CO",null,"COMMON STOCK PAR USD 0.1",null,"S",null,"USD",null,175091,null,12041471.869999999,null,12041471.869999999,null,75.27,null,13179099.57,null,13179099.57,null,66184.399999999994,null,66184.399999999994,null,13273648.710000001,null,13273648.710000001]
["000000000212401",null,"04/30/2022",null,"000000000212401",null,"EPF SHARIAH WD NOM USD",null,2577609,null,"US1266501006",null,"CVS UN",null,"CVS HEALTH CORP",null,"COMMON STOCK PAR USD 0.01",null,"S",null,"USD",null,143258,null,14200602.99,null,14200602.99,null,96.13,null,13771391.539999999,null,13771391.539999999,null,55154.33,null,55154.33,null,13850183.439999999,null,13850183.439999999]
["000000000212401",null,"04/30/2022",null,"000000000212401",null,"EPF SHARIAH WD NOM USD",null,2685717,null,"US20825C1045",null,"COP UN",null,"CONOCOPHILLIPS",null,"COMMON STOCK PAR USD 0.01",null,"S",null,"USD",null,179470,null,17209999.370000001,null,17209999.370000001,null,95.52,null,17142974.399999999,null,17142974.399999999,null,0,null,0,null,17142974.399999999,null,17142974.399999999]
["000000000212401",null,"04/30/2022",null,"000000000212401",null,"EPF SHARIAH WD NOM USD",null,2250687,null,"US23331A1097",null,"DHI UN",null,"DR HORTON INC",null,"COMMON STOCK PAR USD 0.01",null,"S",null,"USD",null,131260,null,11498892.5,null,11498892.5,null,69.59,null,9134383.4000000004,null,9134383.4000000004,null,0,null,0,null,9134383.4000000004,null,9134383.4000000004]
["000000000212401",null,"04/30/2022",null,"000000000212401",null,"EPF SHARIAH WD NOM USD",null,2250870,null,"US2358511028",null,"DHR UN",null,"DANAHER CORP",null,"COMMON STOCK PAR USD 0.01",null,"S",null,"USD",null,30283,null,9558063.7400000002,null,9558063.7400000002,null,251.13,null,7604969.79,null,7604969.79,null,0,null,0,null,7604969.79,null,7604969.79]
["000000000212401",null,"04/30/2022",null,"000000000212401",null,"EPF SHARIAH WD NOM USD",null,"B1W9D46",null,"US2473617023",null,"DAL UN",null,"DELTA AIR LINES INC",null,"COMMON STOCK PAR USD 0.0001",null,"S",null,"USD",null,75308,null,2606662.62,null,2606662.62,null,43.03,null,3240503.24,null,3240503.24,null,0,null,0,null,3240503.24,null,3240503.24]
["000000000212401",null,"04/30/2022",null,"000000000212401",null,"EPF SHARIAH WD NOM USD",null,2272476,null,"US2567461080",null,"DLTR UW",null,"DOLLAR TREE INC",null,"COMMON STOCK PAR USD 0.01",null,"S",null,"USD",null,61945,null,7604253.6600000001,null,7604253.6600000001,null,162.44999999999999,null,10062965.25,null,10062965.25,null,0,null,0,null,10062965.25,null,10062965.25]
["000000000212401",null,"04/30/2022",null,"000000000212401",null,"EPF SHARIAH WD NOM USD",null,"BHXCF84",null,"US2605571031",null,"DOW UN",null,"DOW INC",null,"COMMON STOCK PAR USD 0.01",null,"S",null,"USD",null,45798,null,2942740.12,null,2942740.12,null,66.5,null,3045567,null,3045567,null,0,null,0,null,3045567,null,3045567]
["000000000212401",null,"04/30/2022",null,"000000000212401",null,"EPF SHARIAH WD NOM USD",null,"BK0VN47",null,"US26614N1028",null,"DD UN",null,"DUPONT DE NEMOURS INC",null,"COMMON STOCK PAR USD 0.01",null,"S",null,"USD",null,20753,null,2114918.14,null,2114918.14,null,65.930000000000007,null,1368245.29,null,1368245.29,null,0,null,0,null,1368245.29,null,1368245.29]
["000000000212401",null,"04/30/2022",null,"000000000212401",null,"EPF SHARIAH WD NOM USD",null,2318024,null,"US26875P1012",null,"EOG UN",null,"EOG RESOURCES INC",null,"COMMON STOCK PAR USD 0.01",null,"S",null,"USD",null,72936,null,8728028.6999999993,null,8728028.6999999993,null,116.76,null,8516007.3599999994,null,8516007.3599999994,null,0,null,0,null,8516007.3599999994,null,8516007.3599999994]
["000000000212401",null,"04/30/2022",null,"000000000212401",null,"EPF SHARIAH WD NOM USD",null,2304227,null,"US2788651006",null,"ECL UN",null,"ECOLAB INC",null,"COMMON STOCK PAR USD 1",null,"S",null,"USD",null,21482,null,4204573.66,null,4204573.66,null,169.34,null,3637761.88,null,3637761.88,null,0,null,0,null,3637761.88,null,3637761.88]
["000000000212401",null,"04/30/2022",null,"000000000212401",null,"EPF SHARIAH WD NOM USD",null,2670519,null,"US30161N1019",null,"EXC UW",null,"EXELON CORP",null,"COMMON STOCK",null,"S",null,"USD",null,162520,null,7235302.6799999997,null,7235302.6799999997,null,46.78,null,7602685.5999999996,null,7602685.5999999996,null,0,null,0,null,7602685.5999999996,null,7602685.5999999996]
["000000000212401",null,"04/30/2022",null,"000000000212401",null,"EPF SHARIAH WD NOM USD",null,2326618,null,"US30231G1022",null,"XOM UN",null,"EXXON MOBIL CORP",null,"COMMON STOCK",null,"S",null,"USD",null,268026,null,20936907.059999999,null,20936907.059999999,null,85.25,null,22849216.5,null,22849216.5,null,0,null,0,null,22849216.5,null,22849216.5]
["000000000212401",null,"04/30/2022",null,"000000000212401",null,"EPF SHARIAH WD NOM USD",null,2142784,null,"US31428X1063",null,"FDX UN",null,"FEDEX CORP",null,"COMMON STOCK PAR USD 0.1",null,"S",null,"USD",null,65907,null,15918748.060000001,null,15918748.060000001,null,198.74,null,13098357.18,null,13098357.18,null,0,null,0,null,13098357.18,null,13098357.18]
["000000000212401",null,"04/30/2022",null,"000000000212401",null,"EPF SHARIAH WD NOM USD",null,"B4R28B3",null,"US3390411052",null,"FLT UN",null,"FLEETCOR TECHNOLOGIES INC",null,"COMMON STOCK PAR USD 0.001",null,"S",null,"USD",null,28014,null,7186246.9100000001,null,7186246.9100000001,null,249.52,null,6990053.2800000003,null,6990053.2800000003,null,0,null,0,null,6990053.2800000003,null,6990053.2800000003]
["000000000212401",null,"04/30/2022",null,"000000000212401",null,"EPF SHARIAH WD NOM USD",null,2352118,null,"US35671D8570",null,"FCX UN",null,"FREEPORT-MCMORAN INC",null,"COMMON STOCK PAR USD 0.1",null,"S",null,"USD",null,321307,null,14575346.699999999,null,14575346.699999999,null,40.549999999999997,null,13028998.85,null,13028998.85,null,33737.230000000003,null,33737.230000000003,null,13077194.9,null,13077194.9]
["000000000212401",null,"04/30/2022",null,"000000000212401",null,"EPF SHARIAH WD NOM USD",null,4031976,null,"DE000A1EWWW0",null,"ADS GY",null,"ADIDAS AG",null,"COMMON STOCK",null,"S",null,"EUR",null,30938,null,8811194.3699999992,null,10228137.74,null,193.72,null,5993309.3600000003,null,6322643.2000000002,null,0,null,0,null,5993309.3600000003,null,6322643.2000000002]
["000000000212401",null,"04/30/2022",null,"000000000212401",null,"EPF SHARIAH WD NOM USD",null,2463247,null,"US4581401001",null,"INTC UW",null,"INTEL CORP",null,"COMMON STOCK PAR USD 0.001",null,"S",null,"USD",null,96849,null,6383512.7400000002,null,6383512.7400000002,null,43.59,null,4221647.91,null,4221647.91,null,0,null,0,null,4221647.91,null,4221647.91]
["000000000212401",null,"04/30/2022",null,"000000000212401",null,"EPF SHARIAH WD NOM USD",null,2459020,null,"US4612021034",null,"INTU UW",null,"INTUIT INC",null,"COMMON STOCK PAR USD 0.01",null,"S",null,"USD",null,7242,null,3922076.37,null,3922076.37,null,418.75,null,3032587.5,null,3032587.5,null,0,null,0,null,3032587.5,null,3032587.5]
["000000000212401",null,"04/30/2022",null,"000000000212401",null,"EPF SHARIAH WD NOM USD",null,4617859,null,"DE0005552004",null,"DPW GY",null,"DEUTSCHE POST AG-REG",null,"COMMON STOCK",null,"S",null,"EUR",null,202980,null,9308543.3699999992,null,10726942.73,null,40.92,null,8305941.5999999996,null,8762355.1600000001,null,0,null,0,null,8305941.5999999996,null,8762355.1600000001]
["000000000212401",null,"04/30/2022",null,"000000000212401",null,"EPF SHARIAH WD NOM USD",null,2475833,null,"US4781601046",null,"JNJ UN",null,"JOHNSON & JOHNSON",null,"COMMON STOCK PAR USD 1",null,"S",null,"USD",null,135719,null,22919073.25,null,22919073.25,null,180.46,null,24491850.739999998,null,24491850.739999998,null,0,null,0,null,24491850.739999998,null,24491850.739999998]
["000000000212401",null,"04/30/2022",null,"000000000212401",null,"EPF SHARIAH WD NOM USD",null,4834108,null,"FR0000121972",null,"SU FP",null,"SCHNEIDER ELECTRIC SE",null,"COMMON STOCK PAR EUR 4",null,"S",null,"EUR",null,61679,null,8748413.2899999991,null,10039194.02,null,137.69999999999999,null,8493198.3000000007,null,8959901.6600000001,null,0,null,0,null,8493198.3000000007,null,8959901.6600000001]
["000000000212401",null,"04/30/2022",null,"000000000212401",null,"EPF SHARIAH WD NOM USD",null,4846288,null,"DE0007164600",null,"SAP GY",null,"SAP SE",null,"COMMON STOCK",null,"S",null,"EUR",null,59776,null,8126260.6900000004,null,9578857.9700000007,null,97.56,null,5831746.5599999996,null,6152202.4800000004,null,0,null,0,null,5831746.5599999996,null,6152202.4800000004]
["000000000212401",null,"04/30/2022",null,"000000000212401",null,"EPF SHARIAH WD NOM USD",null,2320524,null,"US5184391044",null,"EL UN",null,"ESTEE LAUDER COMPANIES-CL A",null,"COMMON STOCK PAR USD 0.01",null,"S",null,"USD",null,24093,null,7510396.2400000002,null,7510396.2400000002,null,264.06,null,6361997.5800000001,null,6361997.5800000001,null,0,null,0,null,6361997.5800000001,null,6361997.5800000001]
["000000000212401",null,"04/30/2022",null,"000000000212401",null,"EPF SHARIAH WD NOM USD",null,2516152,null,"US5324571083",null,"LLY UN",null,"ELI LILLY & CO",null,"COMMON STOCK",null,"S",null,"USD",null,14374,null,4192277.87,null,4192277.87,null,292.13,null,4199076.62,null,4199076.62,null,0,null,0,null,4199076.62,null,4199076.62]
["000000000212401",null,"04/30/2022",null,"000000000212401",null,"EPF SHARIAH WD NOM USD",null,5671735,null,"FR0000120578",null,"SAN FP",null,"SANOFI",null,"COMMON STOCK PAR EUR 2",null,"S",null,"EUR",null,63027,null,5619723.8799999999,null,6450805.8700000001,null,101.18,null,6377071.8600000003,null,6727493.54,null,0,null,0,null,6377071.8600000003,null,6727493.54]
["000000000212401",null,"04/30/2022",null,"000000000212401",null,"EPF SHARIAH WD NOM USD",null,"BNKJSM5",null,"US5738741041",null,"MRVL UW",null,"MARVELL TECHNOLOGY INC",null,"COMMON STOCK",null,"S",null,"USD",null,182289,null,11279997,null,11279997,null,58.08,null,10587345.119999999,null,10587345.119999999,null,0,null,0,null,10587345.119999999,null,10587345.119999999]
["000000000212401",null,"04/30/2022",null,"000000000212401",null,"EPF SHARIAH WD NOM USD",null,2588184,null,"US5951121038",null,"MU UW",null,"MICRON TECHNOLOGY INC",null,"COMMON STOCK PAR USD 0.1",null,"S",null,"USD",null,101192,null,8987229.1500000004,null,8987229.1500000004,null,68.19,null,6900282.4800000004,null,6900282.4800000004,null,0,null,0,null,6900282.4800000004,null,6900282.4800000004]
["000000000212401",null,"04/30/2022",null,"000000000212401",null,"EPF SHARIAH WD NOM USD",null,"B8CKK03",null,"US6092071058",null,"MDLZ UW",null,"MONDELEZ INTERNATIONAL INC-A",null,"COMMON STOCK",null,"S",null,"USD",null,49032,null,3004400.57,null,3004400.57,null,64.48,null,3161583.36,null,3161583.36,null,0,null,0,null,3161583.36,null,3161583.36]
["000000000212401",null,"04/30/2022",null,"000000000212401",null,"EPF SHARIAH WD NOM USD",null,6185495,null,"AU000000CSL8",null,"CSL AT",null,"CSL LTD",null,"COMMON STOCK",null,"S",null,"AUD",null,53711,null,14796377.43,null,11317632.710000001,null,273.3,null,14679216.300000001,null,10431788.449999999,null,0,null,0,null,14679216.300000001,null,10431788.449999999]
["000000000212401",null,"04/30/2022",null,"000000000212401",null,"EPF SHARIAH WD NOM USD",null,6220103,null,"AU000000RIO1",null,"RIO AT",null,"RIO TINTO LTD",null,"COMMON STOCK",null,"S",null,"AUD",null,173320,null,20401058.649999999,null,15104822.449999999,null,112.83,null,19555695.600000001,null,13897259.59,null,0,null,0,null,19555695.600000001,null,13897259.59]
["000000000212401",null,"04/30/2022",null,"000000000212401",null,"EPF SHARIAH WD NOM USD",null,6250724,null,"JP3481800005",null,"6367 JT",null,"DAIKIN INDUSTRIES LTD",null,"COMMON STOCK",null,"S",null,"JPY",null,52700,null,1172740940.79,null,10697506.289999999,null,20045,null,1056371500,null,8153531.1799999997,null,4031550,null,31117.24,null,1061114500,null,8190139.7000000002]
["000000000212401",null,"04/30/2022",null,"000000000212401",null,"EPF SHARIAH WD NOM USD",null,6640682,null,"JP3734800000",null,"6594 JT",null,"NIDEC CORP",null,"COMMON STOCK",null,"S",null,"JPY",null,101300,null,1202596097.46,null,11092432.24,null,8539,null,865000700,null,6676448.75,null,3013675,null,23260.85,null,868546200,null,6703814.4500000002]
["000000000212401",null,"04/30/2022",null,"000000000212401",null,"EPF SHARIAH WD NOM USD",null,6770620,null,"JP3436100006",null,"9984 JT",null,"SOFTBANK GROUP CORP",null,"COMMON STOCK",null,"S",null,"JPY",null,62500,null,439411294,null,3977806.12,null,5269,null,329312500,null,2541776.0099999998,null,1512830,null,11676.67,null,331092300,null,2555513.27]
["000000000212401",null,"04/30/2022",null,"000000000212401",null,"EPF SHARIAH WD NOM USD",null,6805265,null,"JP3351600006",null,"4911 JT",null,"SHISEIDO CO LTD",null,"COMMON STOCK",null,"S",null,"JPY",null,157800,null,1266538292.48,null,11620015.49,null,6136,null,968260800,null,7473454.7699999996,null,0,null,0,null,968260800,null,7473454.7699999996]
["000000000212401",null,"04/30/2022",null,"000000000212401",null,"EPF SHARIAH WD NOM USD",null,6883807,null,"JP3351100007",null,"6869 JT",null,"SYSMEX CORP",null,"COMMON STOCK",null,"S",null,"JPY",null,48800,null,441708977.13999999,null,4017749.96,null,8610,null,420168000,null,3243037.97,null,1534760,null,11845.94,null,421973600,null,3256974.37]
["000000000212401",null,"04/30/2022",null,"000000000212401",null,"EPF SHARIAH WD NOM USD",null,6895675,null,"JP3571400005",null,"8035 JT",null,"TOKYO ELECTRON LTD",null,"COMMON STOCK",null,"S",null,"JPY",null,18100,null,1042930978,null,9237445.0600000005,null,55480,null,1004188000,null,7750756.4100000001,null,10838520,null,83656.38,null,1016939200,null,7849175.6799999997]
["000000000212401",null,"04/30/2022",null,"000000000212401",null,"EPF SHARIAH WD NOM USD",null,"B95N910",null,"US69370C1009",null,"PTC UW",null,"PTC INC",null,"COMMON STOCK PAR USD 0.01",null,"S",null,"USD",null,42050,null,5607325.4800000004,null,5607325.4800000004,null,114.21,null,4802530.5,null,4802530.5,null,0,null,0,null,4802530.5,null,4802530.5]
["000000000212401",null,"04/30/2022",null,"000000000212401",null,"EPF SHARIAH WD NOM USD",null,"B87ZMX0",null,"US6974351057",null,"PANW UW",null,"PALO ALTO NETWORKS INC",null,"COMMON STOCK PAR USD 0.0001",null,"S",null,"USD",null,10668,null,6171878.1100000003,null,6171878.1100000003,null,561.28,null,5987735.04,null,5987735.04,null,0,null,0,null,5987735.04,null,5987735.04]
["000000000212401",null,"04/30/2022",null,"000000000212401",null,"EPF SHARIAH WD NOM USD",null,6985383,null,"JP3942400007",null,"4503 JT",null,"ASTELLAS PHARMA INC",null,"COMMON STOCK",null,"S",null,"JPY",null,567000,null,1077297394,null,9731427.9900000002,null,1978,null,1121526000,null,8656421.7400000002,null,12048750,null,92997.45,null,1135701000,null,8765830.5099999998]
["000000000212401",null,"04/30/2022",null,"000000000212401",null,"EPF SHARIAH WD NOM USD",null,7110388,null,"CH0012032048",null,"ROG SE",null,"ROCHE HOLDING AG-GENUSSCHEIN",null,"COMMON STOCK",null,"S",null,"CHF",null,22218,null,7833657.3899999997,null,8381430.5,null,362.4,null,8051803.2000000002,null,8295269.3600000003,null,0,null,0,null,8051803.2000000002,null,8295269.3600000003]
["000000000212401",null,"04/30/2022",null,"000000000212401",null,"EPF SHARIAH WD NOM USD",null,7123870,null,"CH0038863350",null,"NESN SE",null,"NESTLE SA-REG",null,"COMMON STOCK PAR CHF 0.1",null,"S",null,"CHF",null,130617,null,15011451.460000001,null,16355085.82,null,126,null,16457742,null,16955382.48,null,0,null,0,null,16457742,null,16955382.48]
["000000000212401",null,"04/30/2022",null,"000000000212401",null,"EPF SHARIAH WD NOM USD",null,7145056,null,"IT0003132476",null,"ENI IM",null,"ENI SPA",null,"COMMON STOCK",null,"S",null,"EUR",null,206211,null,3514888.84,null,3859509.98,null,13.39,null,2761165.29,null,2912892.01,null,0,null,0,null,2761165.29,null,2912892.01]
["000000000212401",null,"04/30/2022",null,"000000000212401",null,"EPF SHARIAH WD NOM USD",null,7212477,null,"FR0000121667",null,"EL FP",null,"ESSILORLUXOTTICA",null,"COMMON STOCK PAR EUR 0.18",null,"S",null,"EUR",null,53112,null,9725591.4199999999,null,10991074.439999999,null,163.80000000000001,null,8699745.5999999996,null,9177798.7799999993,null,0,null,0,null,8699745.5999999996,null,9177798.7799999993]
["000000000212401",null,"04/30/2022",null,"000000000212401",null,"EPF SHARIAH WD NOM USD",null,2310525,null,"US79466L3024",null,"CRM UN",null,"SALESFORCE INC",null,"COMMON STOCK PAR USD 0.001",null,"S",null,"USD",null,48848,null,11225310.58,null,11225310.58,null,175.94,null,8594317.1199999992,null,8594317.1199999992,null,0,null,0,null,8594317.1199999992,null,8594317.1199999992]
["000000000212401",null,"04/30/2022",null,"000000000212401",null,"EPF SHARIAH WD NOM USD",null,"B80NXX8",null,"US81762P1021",null,"NOW UN",null,"SERVICENOW INC",null,"COMMON STOCK PAR USD 0.001",null,"S",null,"USD",null,10734,null,6988168.4699999997,null,6988168.4699999997,null,478.1,null,5131925.4000000004,null,5131925.4000000004,null,0,null,0,null,5131925.4000000004,null,5131925.4000000004]
["000000000212401",null,"04/30/2022",null,"000000000212401",null,"EPF SHARIAH WD NOM USD",null,"B616C79",null,"US88160R1014",null,"TSLA UW",null,"TESLA INC",null,"COMMON STOCK PAR USD 0.001",null,"S",null,"USD",null,7293,null,7943674.79,null,7943674.79,null,870.76,null,6350452.6799999997,null,6350452.6799999997,null,0,null,0,null,6350452.6799999997,null,6350452.6799999997]
["000000000212401",null,"04/30/2022",null,"000000000212401",null,"EPF SHARIAH WD NOM USD",null,2886907,null,"US8835561023",null,"TMO UN",null,"THERMO FISHER SCIENTIFIC INC",null,"COMMON STOCK PAR USD 1",null,"S",null,"USD",null,27158,null,15567824.720000001,null,15567824.720000001,null,552.91999999999996,null,15016201.359999999,null,15016201.359999999,null,0,null,0,null,15016201.359999999,null,15016201.359999999]
["000000000212401",null,"04/30/2022",null,"000000000212401",null,"EPF SHARIAH WD NOM USD",null,"BK6N347",null,"US90353T1007",null,"UBER UN",null,"UBER TECHNOLOGIES INC",null,"COMMON STOCK PAR USD 0.00001",null,"S",null,"USD",null,62047,null,3826899.69,null,3826899.69,null,31.48,null,1953239.56,null,1953239.56,null,0,null,0,null,1953239.56,null,1953239.56]
["000000000212401",null,"04/30/2022",null,"000000000212401",null,"EPF SHARIAH WD NOM USD",null,2041364,null,"US91913Y1001",null,"VLO UN",null,"VALERO ENERGY CORP",null,"COMMON STOCK PAR USD 0.01",null,"S",null,"USD",null,35641,null,3211333.86,null,3211333.86,null,111.48,null,3973258.68,null,3973258.68,null,0,null,0,null,3973258.68,null,3973258.68]
["000000000212401",null,"04/30/2022",null,"000000000212401",null,"EPF SHARIAH WD NOM USD",null,"",null,"",null,"",null,"AUSTRALIAN DOLLAR",null,"",null,"CU",null,"AUD",null,4.67,null,3.37,null,3.37,null,0,null,3.32,null,3.32,null,0,null,0,null,3.32,null,3.32]
["000000000212401",null,"04/30/2022",null,"000000000212401",null,"EPF SHARIAH WD NOM USD",null,"B019MQ5",null,"JP3110650003",null,"7747 JT",null,"ASAHI INTECC CO LTD",null,"COMMON STOCK",null,"S",null,"JPY",null,73600,null,216430715.58000001,null,2023390.88,null,2540,null,186944000,null,1442914.48,null,0,null,0,null,186944000,null,1442914.48]
["000000000212401",null,"04/30/2022",null,"000000000212401",null,"EPF SHARIAH WD NOM USD",null,"B02L486",null,"NO0003054108",null,"MOWI NO",null,"MOWI ASA",null,"COMMON STOCK PAR NOK 7.5",null,"S",null,"NOK",null,85062,null,20843126.09,null,2384353.4,null,266.7,null,22686035.399999999,null,2435025.35,null,0,null,0,null,22686035.399999999,null,2435025.35]
["000000000212401",null,"04/30/2022",null,"000000000212401",null,"EPF SHARIAH WD NOM USD",null,"B03FYZ4",null,"AU000000GMG2",null,"GMG AT",null,"GOODMAN GROUP",null,"REIT",null,"S",null,"AUD",null,517098,null,12010158.74,null,8756040.9299999997,null,23.98,null,12400010.039999999,null,8812070,null,0,null,0,null,12400010.039999999,null,8812070]
["000000000212401",null,"04/30/2022",null,"000000000212401",null,"EPF SHARIAH WD NOM USD",null,"B15C557",null,"FR0000120271",null,"FP FP",null,"TOTALENERGIES SE",null,"COMMON STOCK PAR EUR 2.5",null,"S",null,"EUR",null,309888,null,14746929.300000001,null,16921234.129999999,null,47.225000000000001,null,14634460.800000001,null,15438628.060000001,null,0,null,0,null,14634460.800000001,null,15438628.060000001]
["000000000212401",null,"04/30/2022",null,"000000000212401",null,"EPF SHARIAH WD NOM USD",null,"B1VP0K0",null,"FR0010451203",null,"RXL FP",null,"REXEL SA",null,"COMMON STOCK PAR EUR 5",null,"S",null,"EUR",null,219216,null,4189985.29,null,4743777.8,null,19.64,null,4305402.24,null,4541985.16,null,0,null,0,null,4305402.24,null,4541985.16]
["000000000212401",null,"04/30/2022",null,"000000000212401",null,"EPF SHARIAH WD NOM USD",null,"B1XH026",null,"FR0000125486",null,"DG FP",null,"VINCI SA",null,"COMMON STOCK PAR EUR 2.5",null,"S",null,"EUR",null,113678,null,10854012.85,null,12179201.75,null,92.84,null,10553865.52,null,11133803.050000001,null,0,null,0,null,10553865.52,null,11133803.050000001]
["000000000212401",null,"04/30/2022",null,"000000000212401",null,"EPF SHARIAH WD NOM USD",null,"B288C92",null,"ES0144580Y14",null,"IBE SQ",null,"IBERDROLA SA",null,"COMMON STOCK PAR EUR 0.75",null,"S",null,"EUR",null,992250,null,10360419.08,null,12300053.050000001,null,11.01,null,10924672.5,null,11524985.970000001,null,0,null,0,null,10924672.5,null,11524985.970000001]
["000000000212401",null,"04/30/2022",null,"000000000212401",null,"EPF SHARIAH WD NOM USD",null,"B783TY6",null,"JE00B783TY65",null,"APTV UN",null,"APTIV PLC",null,"COMMON STOCK PAR USD 0.01",null,"S",null,"USD",null,71879,null,10712035.869999999,null,10712035.869999999,null,106.4,null,7647925.5999999996,null,7647925.5999999996,null,0,null,0,null,7647925.5999999996,null,7647925.5999999996]
["000000000212401",null,"04/30/2022",null,"000000000212401",null,"EPF SHARIAH WD NOM USD",null,"B8KQN82",null,"IE00B8KQN827",null,"ETN UN",null,"EATON CORP PLC",null,"COMMON STOCK PAR USD 0.01",null,"S",null,"USD",null,39453,null,6058416.4299999997,null,6058416.4299999997,null,145.02000000000001,null,5721474.0599999996,null,5721474.0599999996,null,0,null,0,null,5721474.0599999996,null,5721474.0599999996]
["000000000212401",null,"04/30/2022",null,"000000000212401",null,"EPF SHARIAH WD NOM USD",null,"B929F46",null,"NL0010273215",null,"ASML NA",null,"ASML HOLDING NV",null,"COMMON STOCK PAR EUR 0.09",null,"S",null,"EUR",null,23676,null,13656558.66,null,16477171.050000001,null,548,null,12974448,null,13687397.140000001,null,0,null,0,null,12974448,null,13687397.140000001]
["000000000212401",null,"04/30/2022",null,"000000000212401",null,"EPF SHARIAH WD NOM USD",null,"BD97BS7",null,"SE0011166628",null,"ATCOB S",null,"ATLAS COPCO AB-B SHS",null,"COMMON STOCK PAR SEK 0.639",null,"S",null,"SEK",null,162879,null,74324959.969999999,null,8698300.3800000008,null,394.1,null,64190613.899999999,null,6554510.3499999996,null,526099.17000000004,null,53720.04,null,64809554.100000001,null,6617710.4000000004]
["000000000212401",null,"04/30/2022",null,"000000000212401",null,"EPF SHARIAH WD NOM USD",null,"BF1HPT8",null,"JP3397150008",null,"3563 JT",null,"FOOD & LIFE COMPANIES LTD",null,"COMMON STOCK",null,"S",null,"JPY",null,242300,null,1113770305,null,10090405.720000001,null,3105,null,752341500,null,5806896.4199999999,null,0,null,0,null,752341500,null,5806896.4199999999]
["000000000212401",null,"04/30/2022",null,"000000000212401",null,"EPF SHARIAH WD NOM USD",null,"BHC8X90",null,"DK0060534915",null,"NOVOB D",null,"NOVO NORDISK A/S-B",null,"COMMON STOCK PAR DKK 0.2",null,"S",null,"DKK",null,124351,null,94299281.890000001,null,13980951.74,null,812.3,null,101010317.3,null,14325063.08,null,0,null,0,null,101010317.3,null,14325063.08]
["000000000212401",null,"04/30/2022",null,"000000000212401",null,"EPF SHARIAH WD NOM USD",null,"BM8Q5M0",null,"GB00BM8Q5M07",null,"JD/ LN",null,"JD SPORTS FASHION PLC",null,"COMMON STOCK PAR GBP 0.25",null,"S",null,"GBP",null,3208700,null,6135818.3099999996,null,8508019.4100000001,null,1.3340000000000001,null,4280405.8,null,5374052.3200000003,null,0,null,0,null,4280405.8,null,5374052.3200000003]
["000000000212401",null,"04/30/2022",null,"000000000212401",null,"EPF SHARIAH WD NOM USD",null,"BP6MXD8",null,"GB00BP6MXD84",null,"SHEL LN",null,"SHELL PLC-NEW",null,"COMMON STOCK",null,"S",null,"GBP",null,28028,null,755145.68,null,1002930.99,null,21.73,null,609048.43999999994,null,764660.72,null,0,null,0,null,609048.43999999994,null,764660.72]
["000000000212401",null,"04/30/2022",null,"000000000212401",null,"EPF SHARIAH WD NOM USD",null,"",null,"",null,"",null,"CS SCB",null,"12/31/2060",null,"TD",null,"USD",null,61724685.299999997,null,61724685.299999997,null,61724685.299999997,null,0,null,61724685.299999997,null,61724685.299999997,null,0,null,0,null,61724685.299999997,null,61724685.299999997]
["000000000212401",null,"04/30/2022",null,"000000000212401",null,"EPF SHARIAH WD NOM USD",null,"BTN1Y11",null,"IE00BTN1Y115",null,"MDT UN",null,"MEDTRONIC PLC",null,"COMMON STOCK PAR USD 0.1",null,"S",null,"USD",null,85483,null,10146333.93,null,10146333.93,null,104.36,null,8921005.8800000008,null,8921005.8800000008,null,0,null,0,null,8921005.8800000008,null,8921005.8800000008]
["000000000212401",null,"04/30/2022",null,"000000000212401",null,"EPF SHARIAH WD NOM USD",null,"BY7QL61",null,"IE00BY7QL619",null,"JCI UN",null,"JOHNSON CONTROLS INTERNATION",null,"COMMON STOCK PAR USD 0.01",null,"S",null,"USD",null,177845,null,13271602.92,null,13271602.92,null,59.87,null,10647580.15,null,10647580.15,null,0,null,0,null,10647580.15,null,10647580.15]
["000000000212401",null,"04/30/2022",null,"000000000212401",null,"EPF SHARIAH WD NOM USD",null,"BYP20B9",null,"JP3835250006",null,"6532 JT",null,"BAYCURRENT CONSULTING INC",null,"COMMON STOCK",null,"S",null,"JPY",null,2500,null,121255792.89,null,1064146.72,null,43150,null,107875000,null,832625.81,null,1040400,null,8030.26,null,109099000,null,842073.17]
["000000000212401",null,"04/30/2022",null,"000000000212401",null,"EPF SHARIAH WD NOM USD",null,"",null,"",null,"",null,"SWISS FRANC",null,"",null,"CC",null,"CHF",null,190079.63,null,196438.7,null,196438.7,null,0,null,195827.16,null,195827.16,null,0,null,0,null,195827.16,null,0]
["000000000212401",null,"04/30/2022",null,"000000000212401",null," ",null,"",null,"",null,"",null,"SWISS FRANC",null,"",null,"CC",null,"USD",null,-196438.7,null,-196438.7,null,-196438.7,null,0,null,-196438.7,null,-196438.7,null,0,null,0,null,-196438.7,null,0]
["000000000212401",null,"04/30/2022",null,"000000000212401",null,null,null,"",null,"",null,"",null,"GREAT BRITISH POUND",null,"",null,"CU",null,"GBP",null,0.89,null,1.1599999999999999,null,1.1599999999999999,null,0,null,1.1200000000000001,null,1.1200000000000001,null,0,null,0,null,1.1200000000000001,null,1.1200000000000001]
[null,null,null,null,null,null,null,null," ",null," ",null," ",null," ",null," ",null," ",null," ",null," ",null," ",null," ",null," ",null," ",null," ",null," ",null," ",null," ",null," "]